{"id":654,"date":"2012-10-26T08:37:30","date_gmt":"2012-10-26T11:37:30","guid":{"rendered":"http:\/\/anprotec.org.br\/site\/?page_id=654"},"modified":"2023-02-02T18:39:00","modified_gmt":"2023-02-02T21:39:00","slug":"estudos-e-pesquisas","status":"publish","type":"page","link":"https:\/\/anprotec.org.br\/site\/publicacoes-anprotec\/estudos-e-pesquisas\/","title":{"rendered":"Estudos"},"content":{"rendered":"<p style=\"text-align: justify\">Nos links a seguir, voc\u00ea acessa as publica\u00e7\u00f5es que resultaram de estudos e pesquisas desenvolvidos pela Anprotec e tamb\u00e9m por institui\u00e7\u00f5es parceiras.<\/p>\n<p><a href=\"https:\/\/informativo.anprotec.org.br\/estudo-parques-tecnologicos-brasil\" target=\"_blank\" rel=\"noopener noreferrer\"><img decoding=\"async\" loading=\"lazy\" class=\"alignleft wp-image-39540\" src=\"https:\/\/anprotec.org.br\/site\/wp-content\/uploads\/2022\/01\/PQ-TEc.png\" alt=\"\" width=\"152\" height=\"203\" srcset=\"https:\/\/anprotec.org.br\/site\/wp-content\/uploads\/2022\/01\/PQ-TEc.png 225w, https:\/\/anprotec.org.br\/site\/wp-content\/uploads\/2022\/01\/PQ-TEc-110x146.png 110w, https:\/\/anprotec.org.br\/site\/wp-content\/uploads\/2022\/01\/PQ-TEc-38x50.png 38w, https:\/\/anprotec.org.br\/site\/wp-content\/uploads\/2022\/01\/PQ-TEc-56x75.png 56w\" sizes=\"(max-width: 152px) 100vw, 152px\" \/><\/a><a href=\"https:\/\/informativo.anprotec.org.br\/estudo-parques-tecnologicos-brasil\" target=\"_blank\" rel=\"noopener noreferrer\">Parques Tecnol\u00f3gicos do Brasil<\/a><\/p>\n<p><em>Realiza\u00e7\u00e3o: MCTI e UFV<\/em><\/p>\n<p><em>Ano de publica\u00e7\u00e3o: 2021<\/em><\/p>\n<p>&nbsp;<\/p>\n<p>&nbsp;<\/p>\n<p>&nbsp;<\/p>\n<p>&nbsp;<\/p>\n<p><a href=\"https:\/\/informativo.anprotec.org.br\/estudo-perfis-dos-ambientes-de-inovacao-e-seus-empreendimentos\" target=\"_blank\" rel=\"noopener noreferrer\"><img decoding=\"async\" loading=\"lazy\" class=\"alignleft wp-image-39529\" src=\"https:\/\/anprotec.org.br\/site\/wp-content\/uploads\/2022\/01\/Perfis-ambinetes.png\" alt=\"\" width=\"153\" height=\"204\" srcset=\"https:\/\/anprotec.org.br\/site\/wp-content\/uploads\/2022\/01\/Perfis-ambinetes.png 225w, https:\/\/anprotec.org.br\/site\/wp-content\/uploads\/2022\/01\/Perfis-ambinetes-110x146.png 110w, https:\/\/anprotec.org.br\/site\/wp-content\/uploads\/2022\/01\/Perfis-ambinetes-38x50.png 38w, https:\/\/anprotec.org.br\/site\/wp-content\/uploads\/2022\/01\/Perfis-ambinetes-56x75.png 56w\" sizes=\"(max-width: 153px) 100vw, 153px\" \/><\/a><\/p>\n<p><a href=\"https:\/\/informativo.anprotec.org.br\/estudo-perfis-dos-ambientes-de-inovacao-e-seus-empreendimentos\" target=\"_blank\" rel=\"noopener noreferrer\">Perfis dos Ambientes de Inova\u00e7\u00e3o e seus Empreendimentos<\/a><\/p>\n<p><em>Realiza\u00e7\u00e3o: Anprotec, Apex Brasil e Funda\u00e7\u00e3o Vanzolini<\/em><\/p>\n<p><em>Ano de publica\u00e7\u00e3o: 2021<\/em><\/p>\n<p>&nbsp;<\/p>\n<p>&nbsp;<\/p>\n<p>&nbsp;<\/p>\n<p>&nbsp;<\/p>\n<p><a href=\"https:\/\/informativo.anprotec.org.br\/estudo-impactos-cerne\" target=\"_blank\" rel=\"noopener noreferrer\"><img decoding=\"async\" loading=\"lazy\" class=\"wp-image-37757 alignleft\" src=\"https:\/\/anprotec.org.br\/site\/wp-content\/uploads\/2021\/07\/hzom5b4qwod.png\" alt=\"\" width=\"152\" height=\"205\" srcset=\"https:\/\/anprotec.org.br\/site\/wp-content\/uploads\/2021\/07\/hzom5b4qwod.png 634w, https:\/\/anprotec.org.br\/site\/wp-content\/uploads\/2021\/07\/hzom5b4qwod-222x300.png 222w, https:\/\/anprotec.org.br\/site\/wp-content\/uploads\/2021\/07\/hzom5b4qwod-108x146.png 108w, https:\/\/anprotec.org.br\/site\/wp-content\/uploads\/2021\/07\/hzom5b4qwod-37x50.png 37w, https:\/\/anprotec.org.br\/site\/wp-content\/uploads\/2021\/07\/hzom5b4qwod-56x75.png 56w\" sizes=\"(max-width: 152px) 100vw, 152px\" \/><\/a><\/p>\n<p><a href=\"https:\/\/informativo.anprotec.org.br\/estudo-impactos-cerne\" target=\"_blank\" rel=\"noopener noreferrer\">Impactos do Modelo Cerne<\/a><\/p>\n<p><em>Realiza\u00e7\u00e3o: Anprotec, Sebrae e FIA<\/em><\/p>\n<p><em>Ano de publica\u00e7\u00e3o: 2021<\/em><\/p>\n<p>&nbsp;<\/p>\n<p>&nbsp;<\/p>\n<p>&nbsp;<\/p>\n<p>&nbsp;<\/p>\n<p><a href=\"https:\/\/informativo.anprotec.org.br\/estudoecossistemas\" target=\"_blank\" rel=\"noopener noreferrer\"><img decoding=\"async\" loading=\"lazy\" class=\"alignleft wp-image-32503 \" src=\"https:\/\/anprotec.org.br\/site\/wp-content\/uploads\/2020\/06\/capa-215x300.png\" alt=\"\" width=\"128\" height=\"179\" srcset=\"https:\/\/anprotec.org.br\/site\/wp-content\/uploads\/2020\/06\/capa-215x300.png 215w, https:\/\/anprotec.org.br\/site\/wp-content\/uploads\/2020\/06\/capa-105x146.png 105w, https:\/\/anprotec.org.br\/site\/wp-content\/uploads\/2020\/06\/capa-36x50.png 36w, https:\/\/anprotec.org.br\/site\/wp-content\/uploads\/2020\/06\/capa-54x75.png 54w, https:\/\/anprotec.org.br\/site\/wp-content\/uploads\/2020\/06\/capa.png 591w\" sizes=\"(max-width: 128px) 100vw, 128px\" \/><\/a><\/p>\n<p><a href=\"https:\/\/informativo.anprotec.org.br\/estudoecossistemas\" target=\"_blank\" rel=\"noopener noreferrer\">Ecossistemas de Empreendedorismo Inovadores e Inspiradores<\/a><\/p>\n<p><em>Realiza\u00e7\u00e3o: Anprotec e Sebrae<\/em><\/p>\n<p><em>Ano de publica\u00e7\u00e3o: 2020<\/em><\/p>\n<p>&nbsp;<\/p>\n<p>&nbsp;<\/p>\n<p>&nbsp;<\/p>\n<p><a href=\"https:\/\/informativo.anprotec.org.br\/mapeamento-dos-mecanismos-de-geracao-de-empreendimentos-inovadores\" target=\"_blank\" rel=\"noopener noreferrer\"><img decoding=\"async\" loading=\"lazy\" class=\"alignleft wp-image-29793\" title=\"Mapeamento dos Mecanismos de Gera\u00e7\u00e3o de Empreendimentos Inovadores no Brasil\" src=\"https:\/\/anprotec.org.br\/site\/wp-content\/uploads\/2019\/08\/WhatsApp-Image-2019-08-12-at-17.12.02.jpeg\" alt=\"Mapeamento dos Mecanismos de Gera\u00e7\u00e3o de Empreendimentos Inovadores no Brasil\" width=\"142\" height=\"201\" srcset=\"https:\/\/anprotec.org.br\/site\/wp-content\/uploads\/2019\/08\/WhatsApp-Image-2019-08-12-at-17.12.02.jpeg 905w, https:\/\/anprotec.org.br\/site\/wp-content\/uploads\/2019\/08\/WhatsApp-Image-2019-08-12-at-17.12.02-212x300.jpeg 212w, https:\/\/anprotec.org.br\/site\/wp-content\/uploads\/2019\/08\/WhatsApp-Image-2019-08-12-at-17.12.02-768x1086.jpeg 768w, https:\/\/anprotec.org.br\/site\/wp-content\/uploads\/2019\/08\/WhatsApp-Image-2019-08-12-at-17.12.02-724x1024.jpeg 724w, https:\/\/anprotec.org.br\/site\/wp-content\/uploads\/2019\/08\/WhatsApp-Image-2019-08-12-at-17.12.02-103x146.jpeg 103w, https:\/\/anprotec.org.br\/site\/wp-content\/uploads\/2019\/08\/WhatsApp-Image-2019-08-12-at-17.12.02-35x50.jpeg 35w, https:\/\/anprotec.org.br\/site\/wp-content\/uploads\/2019\/08\/WhatsApp-Image-2019-08-12-at-17.12.02-53x75.jpeg 53w\" sizes=\"(max-width: 142px) 100vw, 142px\" \/><\/a><\/p>\n<p><a href=\"https:\/\/informativo.anprotec.org.br\/mapeamento-dos-mecanismos-de-geracao-de-empreendimentos-inovadores\" target=\"_blank\" rel=\"noopener noreferrer\">Mapeamento dos Mecanismos de Gera\u00e7\u00e3o de Empreendimentos Inovadores no Brasil<\/a><\/p>\n<p><em>Realiza\u00e7\u00e3o: Anprotec, MCTIC e CNPq<\/em><\/p>\n<p><em>Ano de publica\u00e7\u00e3o: 2019<\/em><\/p>\n<p>&nbsp;<\/p>\n<p>&nbsp;<\/p>\n<p>&nbsp;<\/p>\n<p><a href=\"https:\/\/anprotec.org.br\/site\/wp-content\/uploads\/2021\/08\/MCTIC-UnB-ParquesTecnologicos-Portugues-final.pdf\" target=\"_blank\" rel=\"noopener noreferrer\"><img decoding=\"async\" loading=\"lazy\" class=\"alignleft wp-image-38022 size-full\" title=\"Mapeamento dos Mecanismos de Gera\u00e7\u00e3o de Empreendimentos Inovadores no Brasil\" src=\"https:\/\/anprotec.org.br\/site\/wp-content\/uploads\/2021\/08\/MCTI.jpg\" alt=\"\" width=\"125\" height=\"180\" srcset=\"https:\/\/anprotec.org.br\/site\/wp-content\/uploads\/2021\/08\/MCTI.jpg 125w, https:\/\/anprotec.org.br\/site\/wp-content\/uploads\/2021\/08\/MCTI-101x146.jpg 101w, https:\/\/anprotec.org.br\/site\/wp-content\/uploads\/2021\/08\/MCTI-35x50.jpg 35w, https:\/\/anprotec.org.br\/site\/wp-content\/uploads\/2021\/08\/MCTI-52x75.jpg 52w\" sizes=\"(max-width: 125px) 100vw, 125px\" \/><\/a><a href=\"https:\/\/anprotec.org.br\/site\/wp-content\/uploads\/2021\/08\/MCTIC-UnB-ParquesTecnologicos-Portugues-final.pdf\" target=\"_blank\" rel=\"noopener noreferrer\">Indicadores de Parques Tecnol\u00f3gicos &#8211; Fase 2<\/a><\/p>\n<p><em>Realiza\u00e7\u00e3o: MCTI<\/em><\/p>\n<p><em>Ano de publica\u00e7\u00e3o: 2019<\/em><\/p>\n<p>&nbsp;<\/p>\n<p>&nbsp;<\/p>\n<p>&nbsp;<\/p>\n<p><img decoding=\"async\" loading=\"lazy\" class=\"alignleft wp-image-29273\" src=\"https:\/\/anprotec.org.br\/site\/wp-content\/uploads\/2019\/06\/estudo.png\" alt=\"\" width=\"142\" height=\"199\" srcset=\"https:\/\/anprotec.org.br\/site\/wp-content\/uploads\/2019\/06\/estudo.png 328w, https:\/\/anprotec.org.br\/site\/wp-content\/uploads\/2019\/06\/estudo-214x300.png 214w, https:\/\/anprotec.org.br\/site\/wp-content\/uploads\/2019\/06\/estudo-104x146.png 104w, https:\/\/anprotec.org.br\/site\/wp-content\/uploads\/2019\/06\/estudo-36x50.png 36w, https:\/\/anprotec.org.br\/site\/wp-content\/uploads\/2019\/06\/estudo-53x75.png 53w\" sizes=\"(max-width: 142px) 100vw, 142px\" \/><\/p>\n<p><a href=\"https:\/\/informativo.anprotec.org.br\/corporate-venture-no-brasil\" target=\"_blank\" rel=\"noopener noreferrer\"> Estudo Corporate Venturing no Brasil: co-inovando em rede<\/a><\/p>\n<p><em>Realiza\u00e7\u00e3o: Anprotec e Sebrae<\/em><\/p>\n<p><em>Ano de publica\u00e7\u00e3o: 2019<\/em><\/p>\n<p>&nbsp;<\/p>\n<p>&nbsp;<\/p>\n<p>&nbsp;<\/p>\n<p><a href=\"http:\/\/www.anprotec.org.br\/Relata\/18072016%20Estudo_ANPROTEC_v6.pdf\" target=\"_blank\" rel=\"noopener noreferrer\"><img decoding=\"async\" loading=\"lazy\" class=\"alignleft wp-image-24021\" src=\"https:\/\/anprotec.org.br\/site\/wp-content\/uploads\/2018\/04\/estudos-de-impacto-economico_2016.png\" alt=\"\" width=\"143\" height=\"190\" srcset=\"https:\/\/anprotec.org.br\/site\/wp-content\/uploads\/2018\/04\/estudos-de-impacto-economico_2016.png 531w, https:\/\/anprotec.org.br\/site\/wp-content\/uploads\/2018\/04\/estudos-de-impacto-economico_2016-226x300.png 226w, https:\/\/anprotec.org.br\/site\/wp-content\/uploads\/2018\/04\/estudos-de-impacto-economico_2016-110x146.png 110w, https:\/\/anprotec.org.br\/site\/wp-content\/uploads\/2018\/04\/estudos-de-impacto-economico_2016-38x50.png 38w, https:\/\/anprotec.org.br\/site\/wp-content\/uploads\/2018\/04\/estudos-de-impacto-economico_2016-56x75.png 56w\" sizes=\"(max-width: 143px) 100vw, 143px\" \/><\/a><a href=\"https:\/\/anprotec.org.br\/site\/wp-content\/uploads\/2020\/06\/18072016-Estudo_ANPROTEC_v6.pdf\" target=\"_blank\" rel=\"noopener noreferrer\">ESTUDO DE IMPACTO ECON\u00d4MICO &#8211; segmento de incubadoras de empresas do Brasil<\/a><\/p>\n<p><em>Realiza\u00e7\u00e3o:\u00a0Anprotec e Sebrae<br \/>\n<\/em><em>Colabora\u00e7\u00e3o:\u00a0FGV<br \/>\n<\/em><em>Ano de publica\u00e7\u00e3o: 2016<\/em><\/p>\n<p>&nbsp;<\/p>\n<p>&nbsp;<\/p>\n<p>&nbsp;<\/p>\n<p style=\"text-align: justify\"><span style=\"line-height: 1.5em\">Relat\u00f3rios Finais do Projeto <\/span><strong style=\"line-height: 1.5em\">&#8220;Parques e Incubadoras para o Desenvolvimento do Brasil&#8221;<\/strong><\/p>\n<p><em>Realiza\u00e7\u00e3o: MCTI, Certi e Embaixada Brit\u00e2nica<br \/>\n<\/em><em>Colabora\u00e7\u00e3o: Anprotec<br \/>\n<\/em><em>Ano de publica\u00e7\u00e3o: 2015<\/em><\/p>\n<p><a href=\"http:\/\/ppi.certi.org.br\/1-EstudodeImpactosdoPNI.pdf\" target=\"_blank\" rel=\"noopener noreferrer\"><img decoding=\"async\" loading=\"lazy\" class=\"alignleft wp-image-24022\" src=\"https:\/\/anprotec.org.br\/site\/wp-content\/uploads\/2018\/04\/Estudos-dos-impactos-do-PNI_2015-e1522932662393.png\" alt=\"\" width=\"143\" height=\"76\" srcset=\"https:\/\/anprotec.org.br\/site\/wp-content\/uploads\/2018\/04\/Estudos-dos-impactos-do-PNI_2015-e1522932662393.png 518w, https:\/\/anprotec.org.br\/site\/wp-content\/uploads\/2018\/04\/Estudos-dos-impactos-do-PNI_2015-e1522932662393-300x159.png 300w, https:\/\/anprotec.org.br\/site\/wp-content\/uploads\/2018\/04\/Estudos-dos-impactos-do-PNI_2015-e1522932662393-260x138.png 260w, https:\/\/anprotec.org.br\/site\/wp-content\/uploads\/2018\/04\/Estudos-dos-impactos-do-PNI_2015-e1522932662393-50x26.png 50w, https:\/\/anprotec.org.br\/site\/wp-content\/uploads\/2018\/04\/Estudos-dos-impactos-do-PNI_2015-e1522932662393-142x75.png 142w\" sizes=\"(max-width: 143px) 100vw, 143px\" \/><\/a>\u2022 <a href=\"https:\/\/anprotec.org.br\/site\/wp-content\/uploads\/2023\/02\/EstudodeImpactosdoPNI.pdf\" target=\"_blank\" rel=\"noopener noreferrer\">Estudo de impactos do PNI\u00a0<\/a><\/p>\n<p>&nbsp;<\/p>\n<p>&nbsp;<\/p>\n<p><a href=\"http:\/\/www.anprotec.org.br\/Relata\/EstudoMelhoresPraticasParquesIncubadoras.pdf\" target=\"_blank\" rel=\"noopener noreferrer\"><img decoding=\"async\" loading=\"lazy\" class=\"alignleft wp-image-24023 \" src=\"https:\/\/anprotec.org.br\/site\/wp-content\/uploads\/2018\/04\/estudos-de-praticas-de-parques-tecnologicos-e-incubadoras-de-empresas_2015-e1522932807374.png\" alt=\"\" width=\"143\" height=\"76\" srcset=\"https:\/\/anprotec.org.br\/site\/wp-content\/uploads\/2018\/04\/estudos-de-praticas-de-parques-tecnologicos-e-incubadoras-de-empresas_2015-e1522932807374.png 517w, https:\/\/anprotec.org.br\/site\/wp-content\/uploads\/2018\/04\/estudos-de-praticas-de-parques-tecnologicos-e-incubadoras-de-empresas_2015-e1522932807374-300x159.png 300w, https:\/\/anprotec.org.br\/site\/wp-content\/uploads\/2018\/04\/estudos-de-praticas-de-parques-tecnologicos-e-incubadoras-de-empresas_2015-e1522932807374-260x138.png 260w, https:\/\/anprotec.org.br\/site\/wp-content\/uploads\/2018\/04\/estudos-de-praticas-de-parques-tecnologicos-e-incubadoras-de-empresas_2015-e1522932807374-50x26.png 50w, https:\/\/anprotec.org.br\/site\/wp-content\/uploads\/2018\/04\/estudos-de-praticas-de-parques-tecnologicos-e-incubadoras-de-empresas_2015-e1522932807374-142x75.png 142w\" sizes=\"(max-width: 143px) 100vw, 143px\" \/><\/a>\u2022 <a href=\"https:\/\/anprotec.org.br\/site\/wp-content\/uploads\/2020\/06\/EstudoMelhoresPraticasParquesIncubadoras.pdf\" target=\"_blank\" rel=\"noopener noreferrer\">Estudo de Pr\u00e1ticas de Parques Tecnol\u00f3gicos e Incubadoras de Empresas<\/a><\/p>\n<p>&nbsp;<\/p>\n<p>&nbsp;<\/p>\n<p><a href=\"http:\/\/ppi.certi.org.br\/3-BenchmarkingSistemasInternacionaisInovacao.pdf\" target=\"_blank\" rel=\"noopener noreferrer\"><img decoding=\"async\" loading=\"lazy\" class=\"alignleft wp-image-24024\" src=\"https:\/\/anprotec.org.br\/site\/wp-content\/uploads\/2018\/04\/benchmarkingde-sistemas-internacionais-de-inovacao_2015.png\" alt=\"\" width=\"143\" height=\"74\" srcset=\"https:\/\/anprotec.org.br\/site\/wp-content\/uploads\/2018\/04\/benchmarkingde-sistemas-internacionais-de-inovacao_2015.png 784w, https:\/\/anprotec.org.br\/site\/wp-content\/uploads\/2018\/04\/benchmarkingde-sistemas-internacionais-de-inovacao_2015-300x156.png 300w, https:\/\/anprotec.org.br\/site\/wp-content\/uploads\/2018\/04\/benchmarkingde-sistemas-internacionais-de-inovacao_2015-768x400.png 768w, https:\/\/anprotec.org.br\/site\/wp-content\/uploads\/2018\/04\/benchmarkingde-sistemas-internacionais-de-inovacao_2015-260x135.png 260w, https:\/\/anprotec.org.br\/site\/wp-content\/uploads\/2018\/04\/benchmarkingde-sistemas-internacionais-de-inovacao_2015-50x26.png 50w, https:\/\/anprotec.org.br\/site\/wp-content\/uploads\/2018\/04\/benchmarkingde-sistemas-internacionais-de-inovacao_2015-144x75.png 144w\" sizes=\"(max-width: 143px) 100vw, 143px\" \/><\/a>\u2022 <a href=\"https:\/\/anprotec.org.br\/site\/wp-content\/uploads\/2023\/02\/BenchmarkingSistemasInternacionaisInovacao.pdf\" target=\"_blank\" rel=\"noopener noreferrer\">Benchmarking de Sistemas Internacionais de Inova\u00e7\u00e3o<\/a><\/p>\n<p>&nbsp;<\/p>\n<p>&nbsp;<\/p>\n<p><a href=\"http:\/\/ppi.certi.org.br\/4-PropostasPoliticasPublicasParquesIncubadoras.pdf\" target=\"_blank\" rel=\"noopener noreferrer\"><img decoding=\"async\" loading=\"lazy\" class=\"alignleft wp-image-24025\" src=\"https:\/\/anprotec.org.br\/site\/wp-content\/uploads\/2018\/04\/propostas-de-politicas-publicas-para-parques-tecnologicos-e-incubadoras-de-empresas.png\" alt=\"\" width=\"143\" height=\"76\" srcset=\"https:\/\/anprotec.org.br\/site\/wp-content\/uploads\/2018\/04\/propostas-de-politicas-publicas-para-parques-tecnologicos-e-incubadoras-de-empresas.png 782w, https:\/\/anprotec.org.br\/site\/wp-content\/uploads\/2018\/04\/propostas-de-politicas-publicas-para-parques-tecnologicos-e-incubadoras-de-empresas-300x160.png 300w, https:\/\/anprotec.org.br\/site\/wp-content\/uploads\/2018\/04\/propostas-de-politicas-publicas-para-parques-tecnologicos-e-incubadoras-de-empresas-768x416.png 768w, https:\/\/anprotec.org.br\/site\/wp-content\/uploads\/2018\/04\/propostas-de-politicas-publicas-para-parques-tecnologicos-e-incubadoras-de-empresas-260x138.png 260w, https:\/\/anprotec.org.br\/site\/wp-content\/uploads\/2018\/04\/propostas-de-politicas-publicas-para-parques-tecnologicos-e-incubadoras-de-empresas-50x27.png 50w, https:\/\/anprotec.org.br\/site\/wp-content\/uploads\/2018\/04\/propostas-de-politicas-publicas-para-parques-tecnologicos-e-incubadoras-de-empresas-141x75.png 141w\" sizes=\"(max-width: 143px) 100vw, 143px\" \/><\/a>\u00a0\u2022 <a href=\"https:\/\/anprotec.org.br\/site\/wp-content\/uploads\/2023\/02\/PropostasPoliticasPublicasParquesIncubadoras.pdf\" target=\"_blank\" rel=\"noopener noreferrer\">Propostas de Pol\u00edticas P\u00fablicas para Parques Tecnol\u00f3gicos e Incubadora de Empresas<\/a><\/p>\n<p>&nbsp;<\/p>\n<p>&nbsp;<\/p>\n<p>&nbsp;<\/p>\n<p><a href=\"http:\/\/www.anprotec.org.br\/Relata\/PNI_FINAL_web.pdf\" target=\"_blank\" rel=\"noopener noreferrer\"><img decoding=\"async\" loading=\"lazy\" class=\"alignleft wp-image-24026\" src=\"https:\/\/anprotec.org.br\/site\/wp-content\/uploads\/2018\/04\/indicadores-de-parques-tecnologicos_2014.png\" alt=\"\" width=\"142\" height=\"182\" srcset=\"https:\/\/anprotec.org.br\/site\/wp-content\/uploads\/2018\/04\/indicadores-de-parques-tecnologicos_2014.png 585w, https:\/\/anprotec.org.br\/site\/wp-content\/uploads\/2018\/04\/indicadores-de-parques-tecnologicos_2014-234x300.png 234w, https:\/\/anprotec.org.br\/site\/wp-content\/uploads\/2018\/04\/indicadores-de-parques-tecnologicos_2014-114x146.png 114w, https:\/\/anprotec.org.br\/site\/wp-content\/uploads\/2018\/04\/indicadores-de-parques-tecnologicos_2014-39x50.png 39w, https:\/\/anprotec.org.br\/site\/wp-content\/uploads\/2018\/04\/indicadores-de-parques-tecnologicos_2014-59x75.png 59w\" sizes=\"(max-width: 142px) 100vw, 142px\" \/><\/a>\u2022 <a href=\"https:\/\/anprotec.org.br\/site\/wp-content\/uploads\/2020\/06\/PNI_FINAL_web.pdf\" target=\"_blank\" rel=\"noopener noreferrer\"><em>Estudo de Projetos de Alta Complexidade: Indicadores de Parques Tecnol\u00f3gicos &#8211; Vers\u00e3o final<\/em><\/a><\/p>\n<p><em>Realiza\u00e7\u00e3o: MCTI e UnB<br \/>\n<\/em><em>Ano de publica\u00e7\u00e3o: 2014<\/em><\/p>\n<p>&nbsp;<\/p>\n<p>&nbsp;<\/p>\n<p>&nbsp;<\/p>\n<p style=\"text-align: justify\"><em style=\"line-height: 1.5em\"><a href=\"http:\/\/www.anprotec.org.br\/ArquivosDin\/Estudo_de_Incubadoras_Resumo_web_22-06_FINAL_pdf_59.pdf\" target=\"_blank\" rel=\"noopener noreferrer\"><img decoding=\"async\" loading=\"lazy\" class=\"alignleft wp-image-24028\" src=\"https:\/\/anprotec.org.br\/site\/wp-content\/uploads\/2018\/04\/estudo-analise-e-proposicoes-sobre-incubadoras-de-empresas-no-brasil-.png\" alt=\"\" width=\"143\" height=\"204\" srcset=\"https:\/\/anprotec.org.br\/site\/wp-content\/uploads\/2018\/04\/estudo-analise-e-proposicoes-sobre-incubadoras-de-empresas-no-brasil-.png 517w, https:\/\/anprotec.org.br\/site\/wp-content\/uploads\/2018\/04\/estudo-analise-e-proposicoes-sobre-incubadoras-de-empresas-no-brasil--210x300.png 210w, https:\/\/anprotec.org.br\/site\/wp-content\/uploads\/2018\/04\/estudo-analise-e-proposicoes-sobre-incubadoras-de-empresas-no-brasil--102x146.png 102w, https:\/\/anprotec.org.br\/site\/wp-content\/uploads\/2018\/04\/estudo-analise-e-proposicoes-sobre-incubadoras-de-empresas-no-brasil--35x50.png 35w, https:\/\/anprotec.org.br\/site\/wp-content\/uploads\/2018\/04\/estudo-analise-e-proposicoes-sobre-incubadoras-de-empresas-no-brasil--53x75.png 53w\" sizes=\"(max-width: 143px) 100vw, 143px\" \/><\/a>\u2022 <a style=\"line-height: 1.5em\" href=\"https:\/\/anprotec.org.br\/site\/wp-content\/uploads\/2020\/06\/Estudo_de_Incubadoras_Resumo_web_22-06_FINAL_pdf_59.pdf\" target=\"_blank\" rel=\"noopener noreferrer\">Estudo, An\u00e1lise e Proposi\u00e7\u00f5es sobre as Incubadoras de Empresas no Brasil &#8211; Vers\u00e3o resumida do Relat\u00f3rio T\u00e9cnico<\/a>\u00a0<\/em><\/p>\n<p style=\"text-align: justify\"><em>Realiza\u00e7\u00e3o: Anprotec e MCTI<br \/>\n<\/em><em>Ano de publica\u00e7\u00e3o: 2012<\/em><\/p>\n<p>&nbsp;<\/p>\n<p>&nbsp;<\/p>\n<p>&nbsp;<\/p>\n<p>&nbsp;<\/p>\n<p style=\"text-align: justify\"><em><a href=\"http:\/\/www.anprotec.org.br\/ArquivosDin\/portfolio_versao_resumida_pdf_53.pdf\" target=\"_blank\" rel=\"noopener noreferrer\"><img decoding=\"async\" loading=\"lazy\" class=\"alignleft wp-image-24029\" src=\"https:\/\/anprotec.org.br\/site\/wp-content\/uploads\/2018\/04\/portfolio-de-parques-tecnologicos-no-brasil_2008.png\" alt=\"\" width=\"143\" height=\"204\" srcset=\"https:\/\/anprotec.org.br\/site\/wp-content\/uploads\/2018\/04\/portfolio-de-parques-tecnologicos-no-brasil_2008.png 516w, https:\/\/anprotec.org.br\/site\/wp-content\/uploads\/2018\/04\/portfolio-de-parques-tecnologicos-no-brasil_2008-210x300.png 210w, https:\/\/anprotec.org.br\/site\/wp-content\/uploads\/2018\/04\/portfolio-de-parques-tecnologicos-no-brasil_2008-102x146.png 102w, https:\/\/anprotec.org.br\/site\/wp-content\/uploads\/2018\/04\/portfolio-de-parques-tecnologicos-no-brasil_2008-35x50.png 35w, https:\/\/anprotec.org.br\/site\/wp-content\/uploads\/2018\/04\/portfolio-de-parques-tecnologicos-no-brasil_2008-53x75.png 53w\" sizes=\"(max-width: 143px) 100vw, 143px\" \/><\/a>\u2022 <a href=\"https:\/\/anprotec.org.br\/site\/wp-content\/uploads\/2020\/06\/portfolio_versao_resumida_pdf_53.pdf\" target=\"_blank\" rel=\"noopener noreferrer\">Portfolio de Parques Tecnol\u00f3gicos no Brasil &#8211; Vers\u00e3o de Trabalho<\/a>\u00a0<\/em><\/p>\n<p style=\"text-align: justify\"><em>Realiza\u00e7\u00e3o: Anprotec<br \/>\n<\/em><em>Ano de publica\u00e7\u00e3o: 2008<\/em><\/p>\n<p>&nbsp;<\/p>\n<p>&nbsp;<\/p>\n<p>&nbsp;<\/p>\n<p>&nbsp;<\/p>\n<p style=\"text-align: justify\"><em>\u00a0<a href=\"http:\/\/www.anprotec.org.br\/ArquivosDin\/estudo-parques_pdf_16.pdf\" target=\"_blank\" rel=\"noopener noreferrer\"><img decoding=\"async\" loading=\"lazy\" class=\"alignleft wp-image-24030\" src=\"https:\/\/anprotec.org.br\/site\/wp-content\/uploads\/2018\/04\/parques-tecnologicos-no-brasil-estudo-analisee-proposicoes_2007.png\" alt=\"\" width=\"143\" height=\"198\" srcset=\"https:\/\/anprotec.org.br\/site\/wp-content\/uploads\/2018\/04\/parques-tecnologicos-no-brasil-estudo-analisee-proposicoes_2007.png 518w, https:\/\/anprotec.org.br\/site\/wp-content\/uploads\/2018\/04\/parques-tecnologicos-no-brasil-estudo-analisee-proposicoes_2007-216x300.png 216w, https:\/\/anprotec.org.br\/site\/wp-content\/uploads\/2018\/04\/parques-tecnologicos-no-brasil-estudo-analisee-proposicoes_2007-105x146.png 105w, https:\/\/anprotec.org.br\/site\/wp-content\/uploads\/2018\/04\/parques-tecnologicos-no-brasil-estudo-analisee-proposicoes_2007-36x50.png 36w, https:\/\/anprotec.org.br\/site\/wp-content\/uploads\/2018\/04\/parques-tecnologicos-no-brasil-estudo-analisee-proposicoes_2007-54x75.png 54w\" sizes=\"(max-width: 143px) 100vw, 143px\" \/><\/a>\u2022 <a href=\"https:\/\/anprotec.org.br\/site\/wp-content\/uploads\/2020\/06\/estudo-parques_pdf_16.pdf\" target=\"_blank\" rel=\"noopener noreferrer\">Parques Tecnol\u00f3gicos no Brasil: Estudo, An\u00e1lise e Proposi\u00e7\u00f5es<\/a>\u00a0<\/em><\/p>\n<p style=\"text-align: justify\"><em>Realiza\u00e7\u00e3o: Anprotec e ABDI<br \/>\n<\/em><em>Ano de publica\u00e7\u00e3o: 2007<\/em><\/p>\n<p>&nbsp;<\/p>\n<p>&nbsp;<\/p>\n<p>&nbsp;<\/p>\n<p>&nbsp;<\/p>\n","protected":false},"excerpt":{"rendered":"<p>Nos links a seguir, voc\u00ea acessa as publica\u00e7\u00f5es que resultaram<span class=\"excerpt-hellip\"> [\u2026]<\/span><\/p>\n","protected":false},"author":8,"featured_media":0,"parent":11032,"menu_order":4,"comment_status":"open","ping_status":"closed","template":"","meta":{"footnotes":"","_links_to":"","_links_to_target":""},"_links":{"self":[{"href":"https:\/\/anprotec.org.br\/site\/wp-json\/wp\/v2\/pages\/654"}],"collection":[{"href":"https:\/\/anprotec.org.br\/site\/wp-json\/wp\/v2\/pages"}],"about":[{"href":"https:\/\/anprotec.org.br\/site\/wp-json\/wp\/v2\/types\/page"}],"author":[{"embeddable":true,"href":"https:\/\/anprotec.org.br\/site\/wp-json\/wp\/v2\/users\/8"}],"replies":[{"embeddable":true,"href":"https:\/\/anprotec.org.br\/site\/wp-json\/wp\/v2\/comments?post=654"}],"version-history":[{"count":3,"href":"https:\/\/anprotec.org.br\/site\/wp-json\/wp\/v2\/pages\/654\/revisions"}],"predecessor-version":[{"id":44143,"href":"https:\/\/anprotec.org.br\/site\/wp-json\/wp\/v2\/pages\/654\/revisions\/44143"}],"up":[{"embeddable":true,"href":"https:\/\/anprotec.org.br\/site\/wp-json\/wp\/v2\/pages\/11032"}],"wp:attachment":[{"href":"https:\/\/anprotec.org.br\/site\/wp-json\/wp\/v2\/media?parent=654"}],"curies":[{"name":"wp","href":"https:\/\/api.w.org\/{rel}","templated":true}]}}