{"id":46476,"date":"2023-11-14T09:31:31","date_gmt":"2023-11-14T12:31:31","guid":{"rendered":"https:\/\/anprotec.org.br\/site\/?page_id=46476"},"modified":"2025-07-07T15:51:25","modified_gmt":"2025-07-07T18:51:25","slug":"sebraetec-negocios-inovadores","status":"publish","type":"page","link":"https:\/\/anprotec.org.br\/site\/sebraetec-negocios-inovadores\/","title":{"rendered":"Sebraetec Neg\u00f3cios Inovadores"},"content":{"rendered":"<div class=\"wpb-content-wrapper\"><p>[vc_row][vc_column][vc_column_text css=&#8221;.vc_custom_1751914190194{margin-bottom: 25px !important;}&#8221;]<\/p>\n<div>\n<div class=\"wp-block-image\"><img decoding=\"async\" loading=\"lazy\" class=\"wp-image-46475 aligncenter\" src=\"https:\/\/anprotec.org.br\/site\/wp-content\/uploads\/2023\/11\/2022-11-18_Negocios-Inovadores_logo-positiva.png\" alt=\"\" width=\"576\" height=\"324\" srcset=\"https:\/\/anprotec.org.br\/site\/wp-content\/uploads\/2023\/11\/2022-11-18_Negocios-Inovadores_logo-positiva.png 1920w, https:\/\/anprotec.org.br\/site\/wp-content\/uploads\/2023\/11\/2022-11-18_Negocios-Inovadores_logo-positiva-300x169.png 300w, https:\/\/anprotec.org.br\/site\/wp-content\/uploads\/2023\/11\/2022-11-18_Negocios-Inovadores_logo-positiva-1024x576.png 1024w, https:\/\/anprotec.org.br\/site\/wp-content\/uploads\/2023\/11\/2022-11-18_Negocios-Inovadores_logo-positiva-768x432.png 768w, https:\/\/anprotec.org.br\/site\/wp-content\/uploads\/2023\/11\/2022-11-18_Negocios-Inovadores_logo-positiva-1536x864.png 1536w, https:\/\/anprotec.org.br\/site\/wp-content\/uploads\/2023\/11\/2022-11-18_Negocios-Inovadores_logo-positiva-260x146.png 260w, https:\/\/anprotec.org.br\/site\/wp-content\/uploads\/2023\/11\/2022-11-18_Negocios-Inovadores_logo-positiva-50x28.png 50w, https:\/\/anprotec.org.br\/site\/wp-content\/uploads\/2023\/11\/2022-11-18_Negocios-Inovadores_logo-positiva-133x75.png 133w, https:\/\/anprotec.org.br\/site\/wp-content\/uploads\/2023\/11\/2022-11-18_Negocios-Inovadores_logo-positiva-1200x675.png 1200w\" sizes=\"(max-width: 576px) 100vw, 576px\" \/><\/div>\n<p><b>O Programa<\/b><\/p>\n<p>O Programa Sebraetec Neg\u00f3cios Inovadores, lan\u00e7ado no final de 2022 durante a 32\u00aa Confer\u00eancia Anprotec, \u00e9 uma iniciativa promovida pelo Sebrae em parceria com a Anprotec. Seu principal objetivo \u00e9 estabelecer conex\u00f5es entre potenciais empreendedores e neg\u00f3cios inovadores a incubadoras e aceleradoras de todo o pa\u00eds.<\/p>\n<p>Esse programa se insere em um contexto de crescimento das pequenas empresas com base inovadora em nosso pa\u00eds, aliado a uma extensa rede de mais de 300 incubadoras e aceleradoras afiliadas \u00e0 Anprotec, que possuem vasta experi\u00eancia e expertise em atender startups.<\/p>\n<p><b>Como funciona?<\/b><\/p>\n<p>Por meio do apoio das aceleradoras e incubadoras, os neg\u00f3cios inovadores t\u00eam acesso a consultorias, mentorias, orienta\u00e7\u00f5es e informa\u00e7\u00f5es sobre estrutura\u00e7\u00e3o, desenvolvimento e otimiza\u00e7\u00e3o de processos para suas empresas. Al\u00e9m disso, recebem suporte para quest\u00f5es estrat\u00e9gicas, como acesso a cr\u00e9dito, investimentos por meio de fundos e capital de risco.<\/p>\n<p>O programa engloba tr\u00eas novas abordagens dentro dos servi\u00e7os oferecidos pelo Sebraetec para empreendedores:<\/p>\n<ul>\n<li><b>Valida\u00e7\u00e3o<\/b>: Destinada a auxiliar empreendedores a transformar suas ideias em realidade, desenvolvendo seus modelos de neg\u00f3cio, prot\u00f3tipos e pitches.<\/li>\n<\/ul>\n<ul>\n<li><b>Opera\u00e7\u00e3o:<\/b> Foca na estrutura\u00e7\u00e3o e manuten\u00e7\u00e3o de neg\u00f3cios em pequena escala, semelhante ao processo de incuba\u00e7\u00e3o.<\/li>\n<\/ul>\n<ul>\n<li><b>Tra\u00e7\u00e3o:<\/b> Voltada para empreendimentos que j\u00e1 possuem produtos e clientes ativos, mas que precisam ganhar escala, assemelhando-se ao processo de acelera\u00e7\u00e3o.<\/li>\n<\/ul>\n<p>Podem participar do SebraeTec Neg\u00f3cios Inovadores microempreendedores individuais (MEI), microempresas e empresas de pequeno porte. A consultoria pode ser prestada de forma presencial ou \u00e0 dist\u00e2ncia, e a dura\u00e7\u00e3o varia conforme o est\u00e1gio de evolu\u00e7\u00e3o da empresa, variando de 10 semanas a at\u00e9 8 meses.<\/p>\n<p><b>Benef\u00edcios<\/b><\/p>\n<p>O objetivo central \u00e9 unir esses dois p\u00fablicos, proporcionando consultoria sob medida para o crescimento sustent\u00e1vel dos neg\u00f3cios inovadores. O Sebrae cobre at\u00e9 90% dos custos das consultorias, tornando acess\u00edveis os servi\u00e7os de incuba\u00e7\u00e3o e acelera\u00e7\u00e3o para as startups.<\/p>\n<p><b>Resultados:\u00a0<\/b><\/p>\n<p>Sebrae e a Anprotec estabeleceram a meta de atender 10 mil neg\u00f3cios inovadores em todo o Brasil at\u00e9 2025. Isso inclui mais de 4 mil potenciais empreendedores inovadores, 1,8 mil em est\u00e1gio de valida\u00e7\u00e3o de ideias a prot\u00f3tipos, 3,6 mil em fase de incuba\u00e7\u00e3o e 450 em processo de acelera\u00e7\u00e3o.<\/p>\n<p>Esta \u00e9 a maior entrega que a Anprotec j\u00e1 fez para as aceleradoras e incubadoras do pa\u00eds, que certamente vai apoiar milhares de empreendedores e empresas. Trata-se de um aporte de at\u00e9 R$100 milh\u00f5es para a execu\u00e7\u00e3o dos atendimentos nos pr\u00f3ximos tr\u00eas anos.<\/p>\n<\/div>\n<p><strong>\u00daltimas not\u00edcias do projeto:\u00a0<\/strong><\/p>\n<ul>\n<li>\u00a0Workshop Sebraetec Neg\u00f3cios Inovadores destaca cases de sucesso na Confer\u00eancia Anprotec 2024 &#8211; <a href=\"https:\/\/anprotec.org.br\/conferencia2024\/workshop-sebraetec-destaca-cases-de-sucesso-na-conferencia-anprotec-2024\/\">acesse aqui <\/a><\/li>\n<\/ul>\n<div>\n<p>Para obter mais informa\u00e7\u00f5es sobre o Sebraetec Neg\u00f3cios Inovadores, <a href=\"https:\/\/sebrae.com.br\/sites\/PortalSebrae\/sebraetec\/negociosinovadores\" target=\"_blank\" rel=\"noopener nofollow noreferrer\"><u>clique aqui<\/u><\/a>.<\/p>\n<\/div>\n<p>[\/vc_column_text][vc_raw_html css=&#8221;.vc_custom_1751914280504{margin-top: 50px !important;}&#8221;]JTNDaWZyYW1lJTIwY2xhc3MlM0QlMjJhaXJ0YWJsZS1lbWJlZCUyMiUyMHNyYyUzRCUyMmh0dHBzJTNBJTJGJTJGYWlydGFibGUuY29tJTJGZW1iZWQlMkZhcHBaaUNSRElKRGJnOWczTCUyRnNocllGU05QVGdpZWM2aTg2JTIyJTIwZnJhbWVib3JkZXIlM0QlMjIwJTIyJTIwb25tb3VzZXdoJTIwZWVsJTNEJTIyJTIyJTIwd2lkdGglM0QlMjIxMDAlMjUlMjIlMjBoZWlnaHQlM0QlMjI3MDAlMjIlMjBzdHlsZSUzRCUyMmJhY2tncm91bmQlM0ElMjB0cmFuc3BhcmVudCUzQiUyMGJvcmRlciUzQSUyMDFweCUyMHNvbGlkJTIwJTIzY2NjJTNCJTIyJTNFJTNDJTJGaWZyYW1lJTNFJTBB[\/vc_raw_html][\/vc_column][\/vc_row]<\/p>\n<\/div>","protected":false},"excerpt":{"rendered":"<p>[vc_row][vc_column][vc_column_text css=&#8221;.vc_custom_1751914190194{margin-bottom: 25px !important;}&#8221;] O Programa O Programa Sebraetec Neg\u00f3cios<span class=\"excerpt-hellip\"> [\u2026]<\/span><\/p>\n","protected":false},"author":8,"featured_media":0,"parent":0,"menu_order":0,"comment_status":"closed","ping_status":"closed","template":"","meta":{"footnotes":"","_links_to":"","_links_to_target":""},"_links":{"self":[{"href":"https:\/\/anprotec.org.br\/site\/wp-json\/wp\/v2\/pages\/46476"}],"collection":[{"href":"https:\/\/anprotec.org.br\/site\/wp-json\/wp\/v2\/pages"}],"about":[{"href":"https:\/\/anprotec.org.br\/site\/wp-json\/wp\/v2\/types\/page"}],"author":[{"embeddable":true,"href":"https:\/\/anprotec.org.br\/site\/wp-json\/wp\/v2\/users\/8"}],"replies":[{"embeddable":true,"href":"https:\/\/anprotec.org.br\/site\/wp-json\/wp\/v2\/comments?post=46476"}],"version-history":[{"count":4,"href":"https:\/\/anprotec.org.br\/site\/wp-json\/wp\/v2\/pages\/46476\/revisions"}],"predecessor-version":[{"id":50176,"href":"https:\/\/anprotec.org.br\/site\/wp-json\/wp\/v2\/pages\/46476\/revisions\/50176"}],"wp:attachment":[{"href":"https:\/\/anprotec.org.br\/site\/wp-json\/wp\/v2\/media?parent=46476"}],"curies":[{"name":"wp","href":"https:\/\/api.w.org\/{rel}","templated":true}]}}