{"id":3739,"date":"2013-08-19T15:51:19","date_gmt":"2013-08-19T18:51:19","guid":{"rendered":"http:\/\/anprotec.org.br\/site\/?page_id=3739"},"modified":"2024-02-06T23:32:39","modified_gmt":"2024-02-07T02:32:39","slug":"conselho-consultivo","status":"publish","type":"page","link":"https:\/\/anprotec.org.br\/site\/sobre\/conselho-consultivo\/","title":{"rendered":"Conselho Consultivo"},"content":{"rendered":"<h4><strong>Conselho Consultivo 2024-2025<\/strong><\/h4>\n<ul>\n<li><b>Francisco Saboya<\/b><span style=\"font-weight: 400;\"> &#8211; Ex-presidente Anprotec 2020-2021\/2022-2023<\/span><\/li>\n<li><b>Jos\u00e9 Alberto Sampaio Aranha<\/b><span style=\"font-weight: 400;\"> \u2013 Ex-presidente Anprotec 2018-2019.<\/span><\/li>\n<li><b>Jorge Luis Nicolas Audy<\/b><span style=\"font-weight: 400;\"> \u2013 Ex-presidente Anprotec 2016-2017.<\/span><\/li>\n<li><b>Francilene Proc\u00f3pio Garcia<\/b><span style=\"font-weight: 400;\"> &#8211; SBPC<\/span><\/li>\n<li><b>Verena Hitner Barros<\/b><span style=\"font-weight: 400;\"> &#8211; Secret\u00e1ria-executiva do Conselho Nacional de Desenvolvimento Industrial<\/span><\/li>\n<li><b>Denise Pires <\/b><span style=\"font-weight: 400;\">&#8211; CAPES\/MEC<\/span><\/li>\n<li><b>Paulo Alvin <\/b><span style=\"font-weight: 400;\">&#8211; Diretor Cilla Tech Park de Guarapuava<\/span><\/li>\n<li><b>Vitor Donaduzzi<\/b><span style=\"font-weight: 400;\"> &#8211; Presidente BioPark\u00a0<\/span><\/li>\n<li><b>Vitor Lippi <\/b><span style=\"font-weight: 400;\">&#8211; Deputado Federal<\/span><\/li>\n<\/ul>\n<h4><strong>Conselho Consultivo 2022-2023<\/strong><\/h4>\n<ul>\n<li><strong>Clovis Benoni Meurer\u00a0<\/strong>&#8211; Associa\u00e7\u00e3o Brasileira de Private Equity &amp; Venture Capital &#8211; ABVCAP.<\/li>\n<li><strong>Francilene Proc\u00f3pio Garcia\u00a0<\/strong>&#8211;\u00a0Ex-presidente Anprotec 2012-2015.<\/li>\n<li><b>Gianna Sagazio <\/b>&#8211; Confedera\u00e7\u00e3o Nacional da Ind\u00fastria<\/li>\n<li><strong>Humberto Luiz de Rodrigues Pereira<\/strong>\u00a0&#8211; Embraer.<\/li>\n<li><strong>Jo\u00e3o Kepler<\/strong> &#8211; Bossa Nova.<\/li>\n<li><strong>Jorge Luis Nicolas Audy<\/strong>\u00a0&#8211;\u00a0Ex-presidente Anprotec 2016-2017.<\/li>\n<li><strong>Jos\u00e9 Alberto Sampaio Aranha<\/strong>\u00a0&#8211;\u00a0Ex-presidente Anprotec 2018-2019.<\/li>\n<li><strong>Silvio Meira\u00a0<\/strong>&#8211;<strong>\u00a0<\/strong>C.E.S.A.R \/ Universidade Federal de Pernambuco &#8211; UFPE \/ Porto Digital.<\/li>\n<li><strong>Vanderlan Vieira Cardoso<\/strong> &#8211; Senador.<\/li>\n<\/ul>\n<h4><strong>Conselho Consultivo 2020-2021<\/strong><\/h4>\n<ul>\n<li><strong>Clovis Benoni Meurer\u00a0<\/strong>&#8211; Associa\u00e7\u00e3o Brasileira de Private Equity &amp; Venture Capital &#8211; ABVCAP.<\/li>\n<li><strong>Francilene Proc\u00f3pio Garcia\u00a0<\/strong>&#8211;\u00a0Ex-presidente Anprotec 2012-2015.<\/li>\n<li><strong>Humberto Luiz de Rodrigues Pereira<\/strong>\u00a0&#8211; Embraer.<\/li>\n<li><strong>Jo\u00e3o Kepler<\/strong> &#8211; Bossa Nova.<\/li>\n<li><strong>Jorge Luis Nicolas Audy<\/strong>\u00a0&#8211;\u00a0Ex-presidente Anprotec 2016-2017.<\/li>\n<li><strong>Jos\u00e9 Alberto Sampaio Aranha<\/strong>\u00a0&#8211;\u00a0Ex-presidente Anprotec 2018-2019.<\/li>\n<li><strong>Marco Ant\u00f4nio Raupp<\/strong> &#8211; Ex-ministro da C,T&amp;I<\/li>\n<li><strong>Silvio Meira\u00a0<\/strong>&#8211;<strong>\u00a0<\/strong>C.E.S.A.R \/ Universidade Federal de Pernambuco &#8211; UFPE \/ Porto Digital.<\/li>\n<li><strong>Vanderlan Vieira Cardoso<\/strong> &#8211; Senador.<\/li>\n<\/ul>\n<h4><strong>Conselho Consultivo 2019-2020<\/strong><\/h4>\n<ul>\n<li><strong>Clovis Meurer<\/strong>\u00a0&#8211;\u00a0Presidente da Associa\u00e7\u00e3o Brasileira de Private Equity &amp; Venture Capital (Abvcap), tamb\u00e9m \u00e9 diretor da CRP Participa\u00e7\u00f5es e Investimentos.<\/li>\n<li><strong>Cristian\u00a0Cavalheiro<\/strong> &#8211; Vice-presidente de Tecnologia da GetNet.<\/li>\n<li><strong>Francilene Garcia <\/strong>&#8211; Ex-presidente da Anprotec (2012-2015) e presidente do Conselho Nacional de Secret\u00e1rios para Assuntos de Ci\u00eancia, Tecnologia e Inova\u00e7\u00e3o (Consecti) e da Funda\u00e7\u00e3o Parque Tecnol\u00f3gico da Para\u00edba, de Campina Grande (PB)<\/li>\n<li><strong>Guilherme Ary Plonski <\/strong>&#8211;<strong>\u00a0<\/strong>Ex-presidente da Anprotec (2009-2012) e\u00a0Universidade de S\u00e3o Paulo (USP).<\/li>\n<li><strong>Jorge Audy<\/strong> &#8211; Ex-presidente da Anprotec (2016-2017) e Pontif\u00edcia Universidade Cat\u00f3lica do Rio Grande do Sul (PUCRS).<\/li>\n<li><strong>Marco Ant\u00f4nio Raupp <\/strong>&#8211;\u00a0Ex-ministro de Ci\u00eancia, Tecnologia e Inova\u00e7\u00e3o e diretor geral do Parque Tecnol\u00f3gico de S\u00e3o Jos\u00e9 dos Campos (SP).<\/li>\n<li><strong>Otavio Leite<\/strong> &#8211; Deputado Federal (PSDB\/RJ).<\/li>\n<li><strong>Pedro Wongtschowski<\/strong>\u00a0&#8211;\u00a0Membro do Conselho de Administra\u00e7\u00e3o da Ultrapar, \u00e9 presidente do Conselho de Administra\u00e7\u00e3o da Empresa Brasileira de Pesquisa e Inova\u00e7\u00e3o Industrial (Embrapii) e integrante do Comit\u00ea Gestor da Mobiliza\u00e7\u00e3o Empresarial pela Inova\u00e7\u00e3o da Confedera\u00e7\u00e3o Nacional da Ind\u00fastria (MEI\/CNI).<\/li>\n<li><strong>Rafael Lucchesi (presidente)<\/strong>\u00a0&#8211;\u00a0Diretor geral do Senai\/DN e diretor de Educa\u00e7\u00e3o e Tecnologia da Confedera\u00e7\u00e3o Nacional da Ind\u00fastria.<\/li>\n<\/ul>\n","protected":false},"excerpt":{"rendered":"<p>Conselho Consultivo 2024-2025 Francisco Saboya &#8211; Ex-presidente Anprotec 2020-2021\/2022-2023 Jos\u00e9<span class=\"excerpt-hellip\"> [\u2026]<\/span><\/p>\n","protected":false},"author":8,"featured_media":0,"parent":270,"menu_order":3,"comment_status":"open","ping_status":"closed","template":"","meta":{"footnotes":"","_links_to":"","_links_to_target":""},"_links":{"self":[{"href":"https:\/\/anprotec.org.br\/site\/wp-json\/wp\/v2\/pages\/3739"}],"collection":[{"href":"https:\/\/anprotec.org.br\/site\/wp-json\/wp\/v2\/pages"}],"about":[{"href":"https:\/\/anprotec.org.br\/site\/wp-json\/wp\/v2\/types\/page"}],"author":[{"embeddable":true,"href":"https:\/\/anprotec.org.br\/site\/wp-json\/wp\/v2\/users\/8"}],"replies":[{"embeddable":true,"href":"https:\/\/anprotec.org.br\/site\/wp-json\/wp\/v2\/comments?post=3739"}],"version-history":[{"count":3,"href":"https:\/\/anprotec.org.br\/site\/wp-json\/wp\/v2\/pages\/3739\/revisions"}],"predecessor-version":[{"id":46905,"href":"https:\/\/anprotec.org.br\/site\/wp-json\/wp\/v2\/pages\/3739\/revisions\/46905"}],"up":[{"embeddable":true,"href":"https:\/\/anprotec.org.br\/site\/wp-json\/wp\/v2\/pages\/270"}],"wp:attachment":[{"href":"https:\/\/anprotec.org.br\/site\/wp-json\/wp\/v2\/media?parent=3739"}],"curies":[{"name":"wp","href":"https:\/\/api.w.org\/{rel}","templated":true}]}}

<h4><strong>Conselho Consultivo 2024-2025</strong></h4>
<ul>
<li><b>Francisco Saboya</b><span style="font-weight: 400;"> &#8211; Ex-presidente Anprotec 2020-2021/2022-2023</span></li>
<li><b>José Alberto Sampaio Aranha</b><span style="font-weight: 400;"> – Ex-presidente Anprotec 2018-2019.</span></li>
<li><b>Jorge Luis Nicolas Audy</b><span style="font-weight: 400;"> – Ex-presidente Anprotec 2016-2017.</span></li>
<li><b>Francilene Procópio Garcia</b><span style="font-weight: 400;"> &#8211; SBPC</span></li>
<li><b>Verena Hitner Barros</b><span style="font-weight: 400;"> &#8211; Secretária-executiva do Conselho Nacional de Desenvolvimento Industrial</span></li>
<li><b>Denise Pires </b><span style="font-weight: 400;">&#8211; CAPES/MEC</span></li>
<li><b>Paulo Alvin </b><span style="font-weight: 400;">&#8211; Diretor Cilla Tech Park de Guarapuava</span></li>
<li><b>Vitor Donaduzzi</b><span style="font-weight: 400;"> &#8211; Presidente BioPark </span></li>
<li><b>Vitor Lippi </b><span style="font-weight: 400;">&#8211; Deputado Federal</span></li>
</ul>
<h4><strong>Conselho Consultivo 2022-2023</strong></h4>
<ul>
<li><strong>Clovis Benoni Meurer </strong>&#8211; Associação Brasileira de Private Equity &amp; Venture Capital &#8211; ABVCAP.</li>
<li><strong>Francilene Procópio Garcia </strong>&#8211; Ex-presidente Anprotec 2012-2015.</li>
<li><b>Gianna Sagazio </b>&#8211; Confederação Nacional da Indústria</li>
<li><strong>Humberto Luiz de Rodrigues Pereira</strong> &#8211; Embraer.</li>
<li><strong>João Kepler</strong> &#8211; Bossa Nova.</li>
<li><strong>Jorge Luis Nicolas Audy</strong> &#8211; Ex-presidente Anprotec 2016-2017.</li>
<li><strong>José Alberto Sampaio Aranha</strong> &#8211; Ex-presidente Anprotec 2018-2019.</li>
<li><strong>Silvio Meira </strong>&#8211;<strong> </strong>C.E.S.A.R / Universidade Federal de Pernambuco &#8211; UFPE / Porto Digital.</li>
<li><strong>Vanderlan Vieira Cardoso</strong> &#8211; Senador.</li>
</ul>
<h4><strong>Conselho Consultivo 2020-2021</strong></h4>
<ul>
<li><strong>Clovis Benoni Meurer </strong>&#8211; Associação Brasileira de Private Equity &amp; Venture Capital &#8211; ABVCAP.</li>
<li><strong>Francilene Procópio Garcia </strong>&#8211; Ex-presidente Anprotec 2012-2015.</li>
<li><strong>Humberto Luiz de Rodrigues Pereira</strong> &#8211; Embraer.</li>
<li><strong>João Kepler</strong> &#8211; Bossa Nova.</li>
<li><strong>Jorge Luis Nicolas Audy</strong> &#8211; Ex-presidente Anprotec 2016-2017.</li>
<li><strong>José Alberto Sampaio Aranha</strong> &#8211; Ex-presidente Anprotec 2018-2019.</li>
<li><strong>Marco Antônio Raupp</strong> &#8211; Ex-ministro da C,T&amp;I</li>
<li><strong>Silvio Meira </strong>&#8211;<strong> </strong>C.E.S.A.R / Universidade Federal de Pernambuco &#8211; UFPE / Porto Digital.</li>
<li><strong>Vanderlan Vieira Cardoso</strong> &#8211; Senador.</li>
</ul>
<h4><strong>Conselho Consultivo 2019-2020</strong></h4>
<ul>
<li><strong>Clovis Meurer</strong> &#8211; Presidente da Associação Brasileira de Private Equity &amp; Venture Capital (Abvcap), também é diretor da CRP Participações e Investimentos.</li>
<li><strong>Cristian Cavalheiro</strong> &#8211; Vice-presidente de Tecnologia da GetNet.</li>
<li><strong>Francilene Garcia </strong>&#8211; Ex-presidente da Anprotec (2012-2015) e presidente do Conselho Nacional de Secretários para Assuntos de Ciência, Tecnologia e Inovação (Consecti) e da Fundação Parque Tecnológico da Paraíba, de Campina Grande (PB)</li>
<li><strong>Guilherme Ary Plonski </strong>&#8211;<strong> </strong>Ex-presidente da Anprotec (2009-2012) e Universidade de São Paulo (USP).</li>
<li><strong>Jorge Audy</strong> &#8211; Ex-presidente da Anprotec (2016-2017) e Pontifícia Universidade Católica do Rio Grande do Sul (PUCRS).</li>
<li><strong>Marco Antônio Raupp </strong>&#8211; Ex-ministro de Ciência, Tecnologia e Inovação e diretor geral do Parque Tecnológico de São José dos Campos (SP).</li>
<li><strong>Otavio Leite</strong> &#8211; Deputado Federal (PSDB/RJ).</li>
<li><strong>Pedro Wongtschowski</strong> &#8211; Membro do Conselho de Administração da Ultrapar, é presidente do Conselho de Administração da Empresa Brasileira de Pesquisa e Inovação Industrial (Embrapii) e integrante do Comitê Gestor da Mobilização Empresarial pela Inovação da Confederação Nacional da Indústria (MEI/CNI).</li>
<li><strong>Rafael Lucchesi (presidente)</strong> &#8211; Diretor geral do Senai/DN e diretor de Educação e Tecnologia da Confederação Nacional da Indústria.</li>
</ul>

<p>Conselho Consultivo 2024-2025 Francisco Saboya &#8211; Ex-presidente Anprotec 2020-2021/2022-2023 José<span class="excerpt-hellip"> […]</span></p>
