{"id":36040,"date":"2021-01-27T20:13:33","date_gmt":"2021-01-27T23:13:33","guid":{"rendered":"https:\/\/anprotec.org.br\/site\/?page_id=36040"},"modified":"2021-01-27T20:15:41","modified_gmt":"2021-01-27T23:15:41","slug":"politica-de-privacidade","status":"publish","type":"page","link":"https:\/\/anprotec.org.br\/site\/politica-de-privacidade\/","title":{"rendered":"Pol\u00edtica de Privacidade"},"content":{"rendered":"<p>A privacidade e a seguran\u00e7a de seus dados s\u00e3o muito importantes para a ANPROTEC.<\/p>\n<p>Nossa Pol\u00edtica de Privacidade tem por objetivo regulamentar como trataremos os dados pessoais fornecidos por voc\u00ea (\u201cusu\u00e1rio\u201d) na intera\u00e7\u00e3o com os canais da ANPROTEC.<\/p>\n<p>A ASSOCIA\u00c7\u00c3O NACIONAL DE ENTIDADES PROMOTORAS DE EMPREENDIMENTOS DE TECNOLOGIAS AVAN\u00c7ADAS \u2013 ANPROTEC, pessoa jur\u00eddica de direito privado, inscrita no CNPJ\/MF sob o n.\u00ba 03.636.750\/0001-42, com sede em Bras\u00edlia &#8211; DF, SCN \u2013 Quadra 1 \u2013 Ed. Bras\u00edlia Trade Center \u2013 salas 208 a 211 controla, desenvolve e disponibiliza o site\u00a0<a href=\"https:\/\/www.anprotec.org.br\"><u>https:\/\/www.anprotec.org.br<\/u><\/a>, assim como seus subdom\u00ednios. O conjunto de todas as p\u00e1ginas sob o dom\u00ednio\u00a0ANPROTEC.org.br\u00a0\u00e9 \u00a0referido neste documento como o \u201cSite\u201d. Todos os conte\u00fados e produtos oferecidos no site s\u00e3o referidos neste documento como os \u201cServi\u00e7os\u201d. Toda pessoa f\u00edsica ou jur\u00eddica que efetivar um cadastro no site ser\u00e1 denominado \u201cUsu\u00e1rio\u201d.<\/p>\n<ol>\n<li><strong>QUAIS INFORMA\u00c7\u00d5ES S\u00c3O COLETADAS<\/strong><\/li>\n<\/ol>\n<p>Dados pessoais s\u00e3o coletados quando voc\u00ea se cadastra no site, solicita informa\u00e7\u00f5es sobre a associa\u00e7\u00e3o ou preenche formul\u00e1rios disponibilizados no site. Os tipos de dados coletados dependem do tipo de cadastro requisitado:<\/p>\n<p>1.1. Ao se cadastrar no site para receber nossa newsletter, o usu\u00e1rio deve fornecer seu nome e e-mail.<\/p>\n<p>1.2. No caso de cursos e eventos, al\u00e9m de seu nome e e-mail, o usu\u00e1rio deve fornecer o nome de sua empresa, CNPJ, telefone de contato e informa\u00e7\u00f5es sobre o servi\u00e7o requisitado.<\/p>\n<p>1.3. No caso de interesse em associar-se \u00e0 ANPROTEC, o usu\u00e1rio deve fornecer o nome de sua empresa, CNPJ, telefone de contato e informa\u00e7\u00f5es sobre sua atua\u00e7\u00e3o profissional.<\/p>\n<ol start=\"2\">\n<li><strong>COMO AS INFORMA\u00c7\u00d5ES S\u00c3O UTILIZADAS<\/strong><\/li>\n<\/ol>\n<p>Os dados pessoais coletados s\u00e3o utilizados das seguintes maneiras:<\/p>\n<p>2.1. Para permitir acesso aos servi\u00e7os disponibilizadas pela ANPROTEC.<\/p>\n<p>2.3. Para processar suas requisi\u00e7\u00f5es de cadastro e procedimentos de associa\u00e7\u00e3o pela ANPROTEC.<\/p>\n<p>2.4. Para responder \u00e0s suas d\u00favidas quanto aos servi\u00e7os providos pela ANPROTEC.<\/p>\n<p>2.5. Para enviar e-mails peri\u00f3dicos relacionados \u00e0s atividades da ANPROTEC.<\/p>\n<ol start=\"3\">\n<li><strong>COMO AS INFORMA\u00c7\u00d5ES S\u00c3O ARMAZENADAS E PROTEGIDAS<\/strong><\/li>\n<\/ol>\n<p>3.1. As informa\u00e7\u00f5es dos usu\u00e1rios s\u00e3o armazenadas pela ANPROTEC em servidores pr\u00f3prios ou de terceiros contratados pela ANPROTEC.<\/p>\n<p>3.2. As informa\u00e7\u00f5es s\u00e3o guardadas de forma sigilosa em reposit\u00f3rios de acesso restrito e seguro (firewall), e, dependendo do tipo de dados, eles podem ser criptografados.<\/p>\n<p>3.3. A ANPROTEC emprega m\u00e9todos padr\u00e3o de mercado para garantir a seguran\u00e7a de seus sistemas na guarda dos dados de usu\u00e1rios.<\/p>\n<p>3.4. Somente funcion\u00e1rios ou prestadores de servi\u00e7os previamente autorizados podem ter acesso aos servidores onde as informa\u00e7\u00f5es s\u00e3o armazenadas. Eles se comprometem a manter sigilo absoluto, sob pena de responsabilidade civil nos moldes da legisla\u00e7\u00e3o brasileira.<\/p>\n<ol start=\"4\">\n<li><strong>INFORMA\u00c7\u00d5ES COLETADAS AUTOMATICAMENTE<\/strong><\/li>\n<\/ol>\n<p>A ANPROTEC coleta alguns dados automaticamente, diretamente ou com o aux\u00edlio de um servi\u00e7o de terceiros, visando entender melhor e aprimorar a experi\u00eancia de navega\u00e7\u00e3o do usu\u00e1rio. Estes dados podem incluir: caracter\u00edsticas do dispositivo de acesso e do navegador, IP (com data e hora), origem do IP, e informa\u00e7\u00f5es sobre cliques, p\u00e1ginas acessadas, termos de busca utilizados nas p\u00e1ginas e tempo gasto no site.<\/p>\n<p>A ANPROTEC tamb\u00e9m pode utilizar cookies para coletar informa\u00e7\u00f5es do usu\u00e1rio e melhorar sua experi\u00eancia de navega\u00e7\u00e3o.<\/p>\n<ol start=\"5\">\n<li><strong>RESPONSABILIDADES DA ANPROTEC<\/strong><\/li>\n<\/ol>\n<p>5.1. Os dados pessoais fornecidos pelos usu\u00e1rios \u00e0 ANPROTEC s\u00e3o para uso exclusivo da empresa em qualquer pa\u00eds em que os servi\u00e7os sejam ofertados. A ANPROTEC se compromete a utilizar os dados pessoais fornecidos pelos usu\u00e1rios de forma legal e condizente com o conte\u00fado desta Pol\u00edtica de Privacidade e com os termos e condi\u00e7\u00f5es de uso (incorporados aqui por refer\u00eancia). Em nenhuma hip\u00f3tese a ANPROTEC divulga dados pessoais de usu\u00e1rios para terceiros.<\/p>\n<p>5.2. A ANPROTEC aplica os m\u00e9todos de mercado razo\u00e1veis para proteger o sigilo dos dados pessoais dos usu\u00e1rios. Entretanto, a Associa\u00e7\u00e3o n\u00e3o se responsabiliza por eventuais atos ilegais cometidos por terceiros que utilizam a internet de forma ilegal para violar sistemas de seguran\u00e7a, acessando informa\u00e7\u00f5es pessoais de usu\u00e1rios. Ao acessar os sistemas da ANPROTEC, o usu\u00e1rio se declara ciente de tais riscos.<\/p>\n<ol start=\"6\">\n<li><strong>RESPONSABILIDADES DOS USU\u00c1RIOS<\/strong><\/li>\n<\/ol>\n<p>6.1. Somente pessoas acima de 18 anos est\u00e3o autorizadas a se cadastrar no site\u00a0<a href=\"https:\/\/www.anprotec.org.br\"><u>https:\/\/www.anprotec.org.br<\/u><\/a> e a contratar servi\u00e7os da ANPROTEC.<\/p>\n<p>6.2. O usu\u00e1rio se compromete a fornecer informa\u00e7\u00f5es ver\u00eddicas sobre seus dados.<\/p>\n<p>6.3. Ao se cadastrar com o nome de uma empresa, o usu\u00e1rio garante que \u00e9 funcion\u00e1rio e tem as devidas permiss\u00f5es para utilizar o nome da empresa no cadastro.<\/p>\n<ol start=\"7\">\n<li><strong>DISPOSI\u00c7\u00d5ES FINAIS<\/strong><\/li>\n<\/ol>\n<p>A Pol\u00edtica expressa neste documento ser\u00e1 regida, interpretada e executada de acordo com as leis da Rep\u00fablica Federativa do Brasil, independentemente de quaisquer diverg\u00eancias dessas leis com as de outros pa\u00edses. O Foro da cidade de \u00a0Bras\u00edlia, do Distrito Federal, ser\u00e1 competente para dirimir quaisquer quest\u00f5es oriundas desta Pol\u00edtica. O usu\u00e1rio consente, expressamente, com a compet\u00eancia desse Foro e renuncia \u00e0 compet\u00eancia de qualquer outro Foro, por mais privilegiado que seja ou venha a ser.<\/p>\n<ol start=\"8\">\n<li><strong>CONTATO<\/strong><\/li>\n<\/ol>\n<p>Em caso de qualquer d\u00favida quanto ao conte\u00fado desta Pol\u00edtica de Privacidade, favor entrar em contato com a ANPROTEC atrav\u00e9s do e-mail:\u00a0<a href=\"mailto:comunicacao@anprotec.org.br\">comunicacao@anprotec.org.br<\/a><\/p>\n","protected":false},"excerpt":{"rendered":"<p>A privacidade e a seguran\u00e7a de seus dados s\u00e3o muito<span class=\"excerpt-hellip\"> [\u2026]<\/span><\/p>\n","protected":false},"author":9,"featured_media":0,"parent":0,"menu_order":0,"comment_status":"closed","ping_status":"closed","template":"","meta":{"footnotes":"","_links_to":"","_links_to_target":""},"_links":{"self":[{"href":"https:\/\/anprotec.org.br\/site\/wp-json\/wp\/v2\/pages\/36040"}],"collection":[{"href":"https:\/\/anprotec.org.br\/site\/wp-json\/wp\/v2\/pages"}],"about":[{"href":"https:\/\/anprotec.org.br\/site\/wp-json\/wp\/v2\/types\/page"}],"author":[{"embeddable":true,"href":"https:\/\/anprotec.org.br\/site\/wp-json\/wp\/v2\/users\/9"}],"replies":[{"embeddable":true,"href":"https:\/\/anprotec.org.br\/site\/wp-json\/wp\/v2\/comments?post=36040"}],"version-history":[{"count":2,"href":"https:\/\/anprotec.org.br\/site\/wp-json\/wp\/v2\/pages\/36040\/revisions"}],"predecessor-version":[{"id":36043,"href":"https:\/\/anprotec.org.br\/site\/wp-json\/wp\/v2\/pages\/36040\/revisions\/36043"}],"wp:attachment":[{"href":"https:\/\/anprotec.org.br\/site\/wp-json\/wp\/v2\/media?parent=36040"}],"curies":[{"name":"wp","href":"https:\/\/api.w.org\/{rel}","templated":true}]}}