{"id":35393,"date":"2020-11-17T19:58:41","date_gmt":"2020-11-17T22:58:41","guid":{"rendered":"https:\/\/anprotec.org.br\/site\/?page_id=35393"},"modified":"2024-02-06T23:27:25","modified_gmt":"2024-02-07T02:27:25","slug":"conselho-fiscal","status":"publish","type":"page","link":"https:\/\/anprotec.org.br\/site\/sobre\/conselho-fiscal\/","title":{"rendered":"Conselho Fiscal"},"content":{"rendered":"<h4><strong>Conselho Fiscal 2024 &#8211; 2025<\/strong><\/h4>\n<p><b>Titulares<\/b><\/p>\n<p><b>Silvio Bitencourt da Silva<\/b><\/p>\n<p>(Universidade do Vale do Rio dos Sinos \u2013 UNISINOS)<\/p>\n<p><b>Marco Aure\u0301lio Crocco Afonso<\/b><\/p>\n<p>(Parque Tecnolo\u0301gico de Belo Horizonte \u2013 BH-TEC)<\/p>\n<p><b>Lidiane Monteiro de Abreu<\/b><\/p>\n<p>(Secretaria de Estado de Cie\u0302ncia, Tecnologia e Inovac\u0327a\u0303o de Goia\u0301s \u2013 SECTIGO)<\/p>\n<p><b>Suplentes<\/b><\/p>\n<p><b>Sergio Washington Vieira Buani Filho<\/b><b><br \/>\n<\/b>(Associac\u0327a\u0303o Parque Tecnolo\u0301gico de Sa\u0303o Jose\u0301 dos Campos)<\/p>\n<p><b>Maria Lindalva Oliveira Lima Filha<\/b><b><br \/>\n<\/b>(Fundac\u0327a\u0303o Coordenac\u0327a\u0303o de Projetos, Pesquisas e Estudos Tecnolo\u0301gicos \u2013 COPPETEC)<\/p>\n<p><b>Heraldo Ourem Ramos Neto<\/b><\/p>\n<p>(Nu\u0301cleo de Gesta\u0303o do Porto Digital)<\/p>\n<p>&nbsp;<\/p>\n<h4><strong>Conselho Fiscal 2022 &#8211; 2023<\/strong><\/h4>\n<p><strong>Artur Roberto de Oliveira Gibbon<\/strong><br \/>\nParque Cient\u00edfico e Tecnol\u00f3gico da Funda\u00e7\u00e3o Universidade Rio Grande (FURG)<\/p>\n<p><b>Elvis Fusco<\/b><br \/>\nParque Tecnol\u00f3gico de Ribeir\u00e3o Preto &#8211; Prefeitura de Ribeir\u00e3o Preto<\/p>\n<p><strong>Juc\u00e9lia Lopes<\/strong><br \/>\nParque Tecnol\u00f3gico de Vi\u00e7osa TecnoPARQ \u2013 Funda\u00e7\u00e3o Arthur Bernardes<\/p>\n<p><strong>Olinda Marinho<\/strong><br \/>\nCentro Universit\u00e1rio Eur\u00edpides de Mar\u00edlia<\/p>\n<p><strong>Tony Chierighini<\/strong><br \/>\nFunda\u00e7\u00e3o CERTI<\/p>\n<h4><\/h4>\n<p>&nbsp;<\/p>\n<h4><strong>Conselho Fiscal 2020 &#8211; 2021<\/strong><\/h4>\n<p><strong>Adriana Ferreira de Faria<\/strong><br \/>\nTitular<br \/>\nUniversidade Federal de Vi\u00e7osa (UFV)<\/p>\n<p><strong>Ana Paula Duarte Avena de Castro<\/strong><br \/>\nTitular<br \/>\nAssocia\u00e7\u00e3o Educativa Evang\u00e9lica<\/p>\n<p><strong>Ros\u00e2ngela Fraga Alves<\/strong><br \/>\nTitular<br \/>\nIEITEC \u2013 Instituto Empresarial de Incuba\u00e7\u00e3o e Inova\u00e7\u00e3o Tecnol\u00f3gica<\/p>\n<p><strong>Elvis Fusco<\/strong><br \/>\nSuplente<br \/>\nCentro Universit\u00e1rio Eur\u00edpides de Mar\u00edlia<\/p>\n<p><strong>Nelson Destro Fragoso<\/strong><br \/>\nSuplente<br \/>\nUniversidade Presbiteriana Mackenzie<\/p>\n<p><strong>Tony Chierighini<\/strong><br \/>\nSuplente<br \/>\nFunda\u00e7\u00e3o CERTI<\/p>\n","protected":false},"excerpt":{"rendered":"<p>Conselho Fiscal 2024 &#8211; 2025 Titulares Silvio Bitencourt da Silva<span class=\"excerpt-hellip\"> [\u2026]<\/span><\/p>\n","protected":false},"author":9,"featured_media":0,"parent":270,"menu_order":3,"comment_status":"open","ping_status":"closed","template":"","meta":{"footnotes":"","_links_to":"","_links_to_target":""},"_links":{"self":[{"href":"https:\/\/anprotec.org.br\/site\/wp-json\/wp\/v2\/pages\/35393"}],"collection":[{"href":"https:\/\/anprotec.org.br\/site\/wp-json\/wp\/v2\/pages"}],"about":[{"href":"https:\/\/anprotec.org.br\/site\/wp-json\/wp\/v2\/types\/page"}],"author":[{"embeddable":true,"href":"https:\/\/anprotec.org.br\/site\/wp-json\/wp\/v2\/users\/9"}],"replies":[{"embeddable":true,"href":"https:\/\/anprotec.org.br\/site\/wp-json\/wp\/v2\/comments?post=35393"}],"version-history":[{"count":3,"href":"https:\/\/anprotec.org.br\/site\/wp-json\/wp\/v2\/pages\/35393\/revisions"}],"predecessor-version":[{"id":46904,"href":"https:\/\/anprotec.org.br\/site\/wp-json\/wp\/v2\/pages\/35393\/revisions\/46904"}],"up":[{"embeddable":true,"href":"https:\/\/anprotec.org.br\/site\/wp-json\/wp\/v2\/pages\/270"}],"wp:attachment":[{"href":"https:\/\/anprotec.org.br\/site\/wp-json\/wp\/v2\/media?parent=35393"}],"curies":[{"name":"wp","href":"https:\/\/api.w.org\/{rel}","templated":true}]}}