{"id":31841,"date":"2020-03-13T11:26:18","date_gmt":"2020-03-13T14:26:18","guid":{"rendered":"https:\/\/lacom.ag\/projetos\/anprotec\/site\/?page_id=31841"},"modified":"2020-08-24T10:11:16","modified_gmt":"2020-08-24T13:11:16","slug":"comunicacao-anprotec","status":"publish","type":"page","link":"https:\/\/anprotec.org.br\/site\/projetos\/comunicacao-anprotec\/","title":{"rendered":"Comunica\u00e7\u00e3o"},"content":{"rendered":"<div class=\"wpb-content-wrapper\"><p>[vc_row full_width=&#8221;stretch_row&#8221;][vc_column][vc_empty_space height=&#8221;30px&#8221;][vc_column_text]Os associados da Anprotec t\u00eam acesso a informa\u00e7\u00f5es, treinamentos, cursos, eventos, publica\u00e7\u00f5es e projetos que propiciam conhecimento e melhoria no desempenho da institui\u00e7\u00e3o.<br \/>\nSemanalmente &#8211; \u00e0s quartas-feiras &#8211; \u00e9 disparada a newsletter da Associa\u00e7\u00e3o (InfoE), com not\u00edcias institucionais, e sobre o ecossistema de inova\u00e7\u00e3o e as iniciativas dos nossos associados e parceiros.<br \/>\nAl\u00e9m do\u00a0<b>InfoE<\/b>, que \u00e9 disparado para um mailing de + 7mil contatos engajados com os temas relacionados ao empreendedorismo inovador, nossos canais e pe\u00e7as de comunica\u00e7\u00e3o tamb\u00e9m incluem:[\/vc_column_text][\/vc_column][\/vc_row][vc_row disable_element=&#8221;yes&#8221; el_class=&#8221;five-columns&#8221;][vc_column width=&#8221;1\/6&#8243;][vc_hoverbox image=&#8221;31915&#8243; primary_title=&#8221;Site da Anprotec&#8221; primary_title_font_container=&#8221;font_size:30px|color:%23ffffff|line_height:40px&#8221; primary_title_google_fonts=&#8221;font_family:Roboto%3A100%2C100italic%2C300%2C300italic%2Cregular%2Citalic%2C500%2C500italic%2C700%2C700italic%2C900%2C900italic|font_style:700%20bold%20regular%3A700%3Anormal&#8221; hover_title=&#8221;M\u00e9dia de 6mil acessos \u00fanicos por m\u00eas&#8221; hover_title_font_container=&#8221;font_size:18px|color:%23ffffff|line_height:22px&#8221; hover_title_google_fonts=&#8221;font_family:Roboto%3A100%2C100italic%2C300%2C300italic%2Cregular%2Citalic%2C500%2C500italic%2C700%2C700italic%2C900%2C900italic|font_style:500%20bold%20regular%3A500%3Anormal&#8221; shape=&#8221;square&#8221; hover_background_color=&#8221;custom&#8221; use_custom_fonts_primary_title=&#8221;true&#8221; use_custom_fonts_hover_title=&#8221;true&#8221; hover_custom_background=&#8221;#f7a515&#8243; primary_title_link=&#8221;url:https%3A%2F%2Fanprotec.org.br|||&#8221; hover_title_link=&#8221;url:https%3A%2F%2Fanprotec.org.br|||&#8221;][\/vc_hoverbox][\/vc_column][vc_column width=&#8221;1\/6&#8243;][vc_hoverbox image=&#8221;31917&#8243; primary_title=&#8221;Facebook&#8221; primary_title_font_container=&#8221;font_size:30px|color:%23ffffff|line_height:40px&#8221; primary_title_google_fonts=&#8221;font_family:Roboto%3A100%2C100italic%2C300%2C300italic%2Cregular%2Citalic%2C500%2C500italic%2C700%2C700italic%2C900%2C900italic|font_style:700%20bold%20regular%3A700%3Anormal&#8221; hover_title=&#8221;+ 6mil seguidores&#8221; hover_title_font_container=&#8221;font_size:18px|color:%23ffffff|line_height:22px&#8221; hover_title_google_fonts=&#8221;font_family:Roboto%3A100%2C100italic%2C300%2C300italic%2Cregular%2Citalic%2C500%2C500italic%2C700%2C700italic%2C900%2C900italic|font_style:500%20bold%20regular%3A500%3Anormal&#8221; shape=&#8221;square&#8221; hover_background_color=&#8221;custom&#8221; use_custom_fonts_primary_title=&#8221;true&#8221; use_custom_fonts_hover_title=&#8221;true&#8221; hover_custom_background=&#8221;#f7a515&#8243; primary_title_link=&#8221;url:http%3A%2F%2Ffacebook.com%2Fanprotec|||&#8221; hover_title_link=&#8221;url:http%3A%2F%2Ffacebook.com%2Fanprotec|||&#8221;][\/vc_hoverbox][\/vc_column][vc_column width=&#8221;1\/6&#8243;][vc_hoverbox image=&#8221;31919&#8243; primary_title=&#8221;Linkedin&#8221; primary_title_font_container=&#8221;font_size:30px|color:%23ffffff|line_height:40px&#8221; primary_title_google_fonts=&#8221;font_family:Roboto%3A100%2C100italic%2C300%2C300italic%2Cregular%2Citalic%2C500%2C500italic%2C700%2C700italic%2C900%2C900italic|font_style:700%20bold%20regular%3A700%3Anormal&#8221; hover_title=&#8221;+ mil seguidores&#8221; hover_title_font_container=&#8221;font_size:18px|color:%23ffffff|line_height:22px&#8221; hover_title_google_fonts=&#8221;font_family:Roboto%3A100%2C100italic%2C300%2C300italic%2Cregular%2Citalic%2C500%2C500italic%2C700%2C700italic%2C900%2C900italic|font_style:500%20bold%20regular%3A500%3Anormal&#8221; shape=&#8221;square&#8221; hover_background_color=&#8221;custom&#8221; use_custom_fonts_primary_title=&#8221;true&#8221; use_custom_fonts_hover_title=&#8221;true&#8221; hover_custom_background=&#8221;#f7a515&#8243; primary_title_link=&#8221;url:http%3A%2F%2Flinkedin.com%2Fcompany%2Fanprotec|||&#8221; hover_title_link=&#8221;url:http%3A%2F%2Flinkedin.com%2Fcompany%2Fanprotec|||&#8221;][\/vc_hoverbox][\/vc_column][vc_column width=&#8221;1\/6&#8243;][vc_hoverbox image=&#8221;31920&#8243; primary_title=&#8221;Twitter&#8221; primary_title_font_container=&#8221;font_size:30px|color:%23ffffff|line_height:40px&#8221; primary_title_google_fonts=&#8221;font_family:Roboto%3A100%2C100italic%2C300%2C300italic%2Cregular%2Citalic%2C500%2C500italic%2C700%2C700italic%2C900%2C900italic|font_style:700%20bold%20regular%3A700%3Anormal&#8221; hover_title=&#8221;+ 6mil seguidores&#8221; hover_title_font_container=&#8221;font_size:18px|color:%23ffffff|line_height:22px&#8221; hover_title_google_fonts=&#8221;font_family:Roboto%3A100%2C100italic%2C300%2C300italic%2Cregular%2Citalic%2C500%2C500italic%2C700%2C700italic%2C900%2C900italic|font_style:500%20bold%20regular%3A500%3Anormal&#8221; shape=&#8221;square&#8221; hover_background_color=&#8221;custom&#8221; use_custom_fonts_primary_title=&#8221;true&#8221; use_custom_fonts_hover_title=&#8221;true&#8221; hover_custom_background=&#8221;#f7a515&#8243; primary_title_link=&#8221;url:http%3A%2F%2Ftwitter.com%2FAnprotec|||&#8221; hover_title_link=&#8221;url:http%3A%2F%2Ftwitter.com%2FAnprotec|||&#8221;][\/vc_hoverbox][\/vc_column][vc_column width=&#8221;1\/6&#8243;][vc_hoverbox image=&#8221;31921&#8243; primary_title=&#8221;Instagram&#8221; primary_title_font_container=&#8221;font_size:30px|color:%23ffffff|line_height:40px&#8221; primary_title_google_fonts=&#8221;font_family:Roboto%3A100%2C100italic%2C300%2C300italic%2Cregular%2Citalic%2C500%2C500italic%2C700%2C700italic%2C900%2C900italic|font_style:700%20bold%20regular%3A700%3Anormal&#8221; hover_title=&#8221;+ mil seguidores&#8221; hover_title_font_container=&#8221;font_size:18px|color:%23ffffff|line_height:22px&#8221; hover_title_google_fonts=&#8221;font_family:Roboto%3A100%2C100italic%2C300%2C300italic%2Cregular%2Citalic%2C500%2C500italic%2C700%2C700italic%2C900%2C900italic|font_style:500%20bold%20regular%3A500%3Anormal&#8221; shape=&#8221;square&#8221; hover_background_color=&#8221;custom&#8221; use_custom_fonts_primary_title=&#8221;true&#8221; use_custom_fonts_hover_title=&#8221;true&#8221; hover_custom_background=&#8221;#f7a515&#8243; primary_title_link=&#8221;url:http%3A%2F%2Finstagram.com%2Fanprotec30|||&#8221; hover_title_link=&#8221;url:http%3A%2F%2Finstagram.com%2Fanprotec30|||&#8221;][\/vc_hoverbox][\/vc_column][vc_column width=&#8221;1\/6&#8243;][\/vc_column][\/vc_row][vc_row css=&#8221;.vc_custom_1598214098504{margin-top: 15px !important;}&#8221;][vc_column width=&#8221;1\/6&#8243;][vc_hoverbox image=&#8221;31915&#8243; primary_title=&#8221;Site da Anprotec&#8221; primary_title_font_container=&#8221;font_size:30px|color:%23ffffff|line_height:40px&#8221; primary_title_google_fonts=&#8221;font_family:Roboto%3A100%2C100italic%2C300%2C300italic%2Cregular%2Citalic%2C500%2C500italic%2C700%2C700italic%2C900%2C900italic|font_style:700%20bold%20regular%3A700%3Anormal&#8221; hover_title=&#8221;M\u00e9dia de 6mil acessos \u00fanicos por m\u00eas&#8221; hover_title_font_container=&#8221;font_size:18px|color:%23ffffff|line_height:22px&#8221; hover_title_google_fonts=&#8221;font_family:Roboto%3A100%2C100italic%2C300%2C300italic%2Cregular%2Citalic%2C500%2C500italic%2C700%2C700italic%2C900%2C900italic|font_style:500%20bold%20regular%3A500%3Anormal&#8221; shape=&#8221;square&#8221; hover_background_color=&#8221;custom&#8221; use_custom_fonts_primary_title=&#8221;true&#8221; use_custom_fonts_hover_title=&#8221;true&#8221; hover_custom_background=&#8221;#f7a515&#8243; primary_title_link=&#8221;url:https%3A%2F%2Fanprotec.org.br|||&#8221; hover_title_link=&#8221;url:https%3A%2F%2Fanprotec.org.br|||&#8221;][\/vc_hoverbox][\/vc_column][vc_column width=&#8221;1\/6&#8243;][vc_hoverbox image=&#8221;31917&#8243; primary_title=&#8221;Facebook&#8221; primary_title_font_container=&#8221;font_size:30px|color:%23ffffff|line_height:40px&#8221; primary_title_google_fonts=&#8221;font_family:Roboto%3A100%2C100italic%2C300%2C300italic%2Cregular%2Citalic%2C500%2C500italic%2C700%2C700italic%2C900%2C900italic|font_style:700%20bold%20regular%3A700%3Anormal&#8221; hover_title=&#8221;+ 6mil seguidores&#8221; hover_title_font_container=&#8221;font_size:18px|color:%23ffffff|line_height:22px&#8221; hover_title_google_fonts=&#8221;font_family:Roboto%3A100%2C100italic%2C300%2C300italic%2Cregular%2Citalic%2C500%2C500italic%2C700%2C700italic%2C900%2C900italic|font_style:500%20bold%20regular%3A500%3Anormal&#8221; shape=&#8221;square&#8221; hover_background_color=&#8221;custom&#8221; use_custom_fonts_primary_title=&#8221;true&#8221; use_custom_fonts_hover_title=&#8221;true&#8221; hover_custom_background=&#8221;#f7a515&#8243; primary_title_link=&#8221;url:http%3A%2F%2Ffacebook.com%2Fanprotec|||&#8221; hover_title_link=&#8221;url:http%3A%2F%2Ffacebook.com%2Fanprotec|||&#8221;][\/vc_hoverbox][\/vc_column][vc_column width=&#8221;1\/6&#8243;][vc_hoverbox image=&#8221;31919&#8243; primary_title=&#8221;Linkedin&#8221; primary_title_font_container=&#8221;font_size:30px|color:%23ffffff|line_height:40px&#8221; primary_title_google_fonts=&#8221;font_family:Roboto%3A100%2C100italic%2C300%2C300italic%2Cregular%2Citalic%2C500%2C500italic%2C700%2C700italic%2C900%2C900italic|font_style:700%20bold%20regular%3A700%3Anormal&#8221; hover_title=&#8221;+ mil seguidores&#8221; hover_title_font_container=&#8221;font_size:18px|color:%23ffffff|line_height:22px&#8221; hover_title_google_fonts=&#8221;font_family:Roboto%3A100%2C100italic%2C300%2C300italic%2Cregular%2Citalic%2C500%2C500italic%2C700%2C700italic%2C900%2C900italic|font_style:500%20bold%20regular%3A500%3Anormal&#8221; shape=&#8221;square&#8221; hover_background_color=&#8221;custom&#8221; use_custom_fonts_primary_title=&#8221;true&#8221; use_custom_fonts_hover_title=&#8221;true&#8221; hover_custom_background=&#8221;#f7a515&#8243; primary_title_link=&#8221;url:http%3A%2F%2Flinkedin.com%2Fcompany%2Fanprotec|||&#8221; hover_title_link=&#8221;url:http%3A%2F%2Flinkedin.com%2Fcompany%2Fanprotec|||&#8221;][\/vc_hoverbox][\/vc_column][vc_column width=&#8221;1\/6&#8243;][vc_hoverbox image=&#8221;31920&#8243; primary_title=&#8221;Twitter&#8221; primary_title_font_container=&#8221;font_size:30px|color:%23ffffff|line_height:40px&#8221; primary_title_google_fonts=&#8221;font_family:Roboto%3A100%2C100italic%2C300%2C300italic%2Cregular%2Citalic%2C500%2C500italic%2C700%2C700italic%2C900%2C900italic|font_style:700%20bold%20regular%3A700%3Anormal&#8221; hover_title=&#8221;+ 6mil seguidores&#8221; hover_title_font_container=&#8221;font_size:18px|color:%23ffffff|line_height:22px&#8221; hover_title_google_fonts=&#8221;font_family:Roboto%3A100%2C100italic%2C300%2C300italic%2Cregular%2Citalic%2C500%2C500italic%2C700%2C700italic%2C900%2C900italic|font_style:500%20bold%20regular%3A500%3Anormal&#8221; shape=&#8221;square&#8221; hover_background_color=&#8221;custom&#8221; use_custom_fonts_primary_title=&#8221;true&#8221; use_custom_fonts_hover_title=&#8221;true&#8221; hover_custom_background=&#8221;#f7a515&#8243; primary_title_link=&#8221;url:http%3A%2F%2Ftwitter.com%2FAnprotec|||&#8221; hover_title_link=&#8221;url:http%3A%2F%2Ftwitter.com%2FAnprotec|||&#8221;][\/vc_hoverbox][\/vc_column][vc_column width=&#8221;1\/6&#8243;][vc_hoverbox image=&#8221;31921&#8243; primary_title=&#8221;Instagram&#8221; primary_title_font_container=&#8221;font_size:30px|color:%23ffffff|line_height:40px&#8221; primary_title_google_fonts=&#8221;font_family:Roboto%3A100%2C100italic%2C300%2C300italic%2Cregular%2Citalic%2C500%2C500italic%2C700%2C700italic%2C900%2C900italic|font_style:700%20bold%20regular%3A700%3Anormal&#8221; hover_title=&#8221;+ mil seguidores&#8221; hover_title_font_container=&#8221;font_size:18px|color:%23ffffff|line_height:22px&#8221; hover_title_google_fonts=&#8221;font_family:Roboto%3A100%2C100italic%2C300%2C300italic%2Cregular%2Citalic%2C500%2C500italic%2C700%2C700italic%2C900%2C900italic|font_style:500%20bold%20regular%3A500%3Anormal&#8221; shape=&#8221;square&#8221; hover_background_color=&#8221;custom&#8221; use_custom_fonts_primary_title=&#8221;true&#8221; use_custom_fonts_hover_title=&#8221;true&#8221; hover_custom_background=&#8221;#f7a515&#8243; primary_title_link=&#8221;url:http%3A%2F%2Finstagram.com%2Fanprotec30|||&#8221; hover_title_link=&#8221;url:http%3A%2F%2Finstagram.com%2Fanprotec30|||&#8221;][\/vc_hoverbox][\/vc_column][vc_column width=&#8221;1\/6&#8243;][vc_hoverbox image=&#8221;33740&#8243; primary_title=&#8221;YouTube&#8221; primary_title_font_container=&#8221;font_size:30px|color:%23ffffff|line_height:40px&#8221; primary_title_google_fonts=&#8221;font_family:Roboto%3A100%2C100italic%2C300%2C300italic%2Cregular%2Citalic%2C500%2C500italic%2C700%2C700italic%2C900%2C900italic|font_style:700%20bold%20regular%3A700%3Anormal&#8221; hover_title=&#8221;+ 500 inscritos&#8221; hover_title_font_container=&#8221;font_size:18px|color:%23ffffff|line_height:22px&#8221; hover_title_google_fonts=&#8221;font_family:Roboto%3A100%2C100italic%2C300%2C300italic%2Cregular%2Citalic%2C500%2C500italic%2C700%2C700italic%2C900%2C900italic|font_style:500%20bold%20regular%3A500%3Anormal&#8221; shape=&#8221;square&#8221; hover_background_color=&#8221;custom&#8221; use_custom_fonts_primary_title=&#8221;true&#8221; use_custom_fonts_hover_title=&#8221;true&#8221; hover_custom_background=&#8221;#f7a515&#8243; primary_title_link=&#8221;url:https%3A%2F%2Fwww.youtube.com%2Fchannel%2FUCsVaVtf-kuzsC6DEjZ2YaGA|||&#8221; hover_title_link=&#8221;url:https%3A%2F%2Fwww.youtube.com%2Fchannel%2FUCsVaVtf-kuzsC6DEjZ2YaGA|||&#8221;][\/vc_hoverbox][\/vc_column][\/vc_row][vc_row el_class=&#8221; text-justify &#8220;][vc_column][vc_row_inner][vc_column_inner][\/vc_column_inner][\/vc_row_inner][\/vc_column][\/vc_row][vc_row full_width=&#8221;stretch_row&#8221; css=&#8221;.vc_custom_1584119198109{margin-top: 30px !important;}&#8221;][vc_column][vc_column_text]<\/p>\n<p style=\"font-size: 18px;text-align: center\"><strong><a href=\"https:\/\/informativo.anprotec.org.br\/sugestao-de-pauta\">Compartilhe conosco as iniciativas que ocorrem em seu ambiente de inova\u00e7\u00e3o!<\/a><\/strong><\/p>\n<p>[\/vc_column_text][\/vc_column][\/vc_row][vc_row full_width=&#8221;stretch_row&#8221; css=&#8221;.vc_custom_1584119310011{margin-top: 30px !important;margin-bottom: 0px !important;background-color: #f2f2f2 !important;}&#8221;][vc_column][vc_column_text]<\/p>\n<h2 style=\"text-align: center\">Cadastre seu e-mail e receba nossa newsletter!<\/h2>\n<p>[\/vc_column_text][\/vc_column][vc_column width=&#8221;1\/4&#8243;][\/vc_column][vc_column width=&#8221;1\/2&#8243;]\n<div class=\"wpcf7 no-js\" id=\"wpcf7-f32044-o1\" lang=\"pt-BR\" dir=\"ltr\">\n<div class=\"screen-reader-response\"><p role=\"status\" aria-live=\"polite\" aria-atomic=\"true\"><\/p> <ul><\/ul><\/div>\n<form action=\"\/site\/wp-json\/wp\/v2\/pages\/31841#wpcf7-f32044-o1\" method=\"post\" class=\"wpcf7-form init\" aria-label=\"Formul\u00e1rios de contato\" novalidate=\"novalidate\" data-status=\"init\">\n<div style=\"display: none;\">\n<input type=\"hidden\" name=\"_wpcf7\" value=\"32044\" \/>\n<input type=\"hidden\" name=\"_wpcf7_version\" value=\"5.8.1\" \/>\n<input type=\"hidden\" name=\"_wpcf7_locale\" value=\"pt_BR\" \/>\n<input type=\"hidden\" name=\"_wpcf7_unit_tag\" value=\"wpcf7-f32044-o1\" \/>\n<input type=\"hidden\" name=\"_wpcf7_container_post\" value=\"0\" \/>\n<input type=\"hidden\" name=\"_wpcf7_posted_data_hash\" value=\"\" \/>\n<input type=\"hidden\" name=\"_wpcf7_recaptcha_response\" value=\"\" \/>\n<\/div>\n<div class=\"wpb_column vc_column_container vc_col-sm-9 campo-email-home\">\n\t<p><label><span class=\"wpcf7-form-control-wrap\" data-name=\"your-email\"><input size=\"40\" class=\"wpcf7-form-control wpcf7-email wpcf7-validates-as-required wpcf7-text wpcf7-validates-as-email\" id=\"youremail\" aria-required=\"true\" aria-invalid=\"false\" placeholder=\"E-mail\" value=\"\" type=\"email\" name=\"your-email\" \/><\/span><\/label>\n\t<\/p>\n<\/div>\n<div class=\"wpb_column vc_column_container vc_col-sm-3 campo-email-home\" style=\"text-align: center\">\n\t<p><input class=\"wpcf7-form-control wpcf7-submit has-spinner enviar\" type=\"submit\" value=\"Enviar\" \/>\n\t<\/p>\n<\/div><div class=\"wpcf7-response-output\" aria-hidden=\"true\"><\/div>\n<\/form>\n<\/div>\n[vc_column_text css=&#8221;.vc_custom_1584119344704{padding-top: 30px !important;padding-bottom: 30px !important;}&#8221;]<\/p>\n<h4 style=\"text-align: center\">Fique ligado em nossos canais de comunica\u00e7\u00e3o!<\/h4>\n<p>[\/vc_column_text][\/vc_column][vc_column width=&#8221;1\/4&#8243;][\/vc_column][\/vc_row]<\/p>\n<\/div>","protected":false},"excerpt":{"rendered":"<p>[vc_row full_width=&#8221;stretch_row&#8221;][vc_column][vc_empty_space height=&#8221;30px&#8221;][vc_column_text]Os associados da Anprotec t\u00eam acesso a informa\u00e7\u00f5es,<span class=\"excerpt-hellip\"> [\u2026]<\/span><\/p>\n","protected":false},"author":8,"featured_media":0,"parent":23401,"menu_order":0,"comment_status":"closed","ping_status":"closed","template":"","meta":{"footnotes":"","_links_to":"","_links_to_target":""},"_links":{"self":[{"href":"https:\/\/anprotec.org.br\/site\/wp-json\/wp\/v2\/pages\/31841"}],"collection":[{"href":"https:\/\/anprotec.org.br\/site\/wp-json\/wp\/v2\/pages"}],"about":[{"href":"https:\/\/anprotec.org.br\/site\/wp-json\/wp\/v2\/types\/page"}],"author":[{"embeddable":true,"href":"https:\/\/anprotec.org.br\/site\/wp-json\/wp\/v2\/users\/8"}],"replies":[{"embeddable":true,"href":"https:\/\/anprotec.org.br\/site\/wp-json\/wp\/v2\/comments?post=31841"}],"version-history":[{"count":3,"href":"https:\/\/anprotec.org.br\/site\/wp-json\/wp\/v2\/pages\/31841\/revisions"}],"predecessor-version":[{"id":33745,"href":"https:\/\/anprotec.org.br\/site\/wp-json\/wp\/v2\/pages\/31841\/revisions\/33745"}],"up":[{"embeddable":true,"href":"https:\/\/anprotec.org.br\/site\/wp-json\/wp\/v2\/pages\/23401"}],"wp:attachment":[{"href":"https:\/\/anprotec.org.br\/site\/wp-json\/wp\/v2\/media?parent=31841"}],"curies":[{"name":"wp","href":"https:\/\/api.w.org\/{rel}","templated":true}]}}