{"id":3172,"date":"2013-07-09T23:43:48","date_gmt":"2013-07-10T02:43:48","guid":{"rendered":"http:\/\/anprotec.org.br\/site\/?page_id=3172"},"modified":"2018-04-10T20:59:11","modified_gmt":"2018-04-10T23:59:11","slug":"edicao2015","status":"publish","type":"page","link":"https:\/\/anprotec.org.br\/site\/premio-nacional\/edicao2015\/","title":{"rendered":"Edi\u00e7\u00e3o 2016"},"content":{"rendered":"<p dir=\"ltr\"><span style=\"line-height: 1.5em\">A 20<\/span><sup style=\"line-height: 1.5em\">a<\/sup><span style=\"line-height: 1.5em\">\u00a0edi\u00e7\u00e3o do Pr\u00eamio Nacional de Empreendedorismo Inovador contempla seis categorias:<\/span><\/p>\n<ul>\n<li>Melhor incubadora de empresas orientada para a gera\u00e7\u00e3o e uso intenso de tecnologias (PIT)<\/li>\n<li>Melhor incubadora de empresas orientada para o desenvolvimento local e setorial (DLS)<\/li>\n<li>Melhor parque cient\u00edfico e tecnol\u00f3gico (PCT)<\/li>\n<li>Melhor projeto de promo\u00e7\u00e3o da cultura do empreendedorismo inovador (CEI)<\/li>\n<li>Melhor empresa incubada (EI)<\/li>\n<li>Melhor empresa graduada (EG)<\/li>\n<\/ul>\n<p>Os vencedores foram revelados no dia 7 de dezembro de 2016, durante o Caf\u00e9 da Manh\u00e3 Anprotec &amp; Parceiros, evento promovido anualmente pela Associa\u00e7\u00e3o, em Bras\u00edlia (DF).<\/p>\n<p>Acesse o\u00a0<a href=\"http:\/\/www.anprotec.org.br\/Relata\/regulamento%20premio%20anprotec%20-%2020%20edicao.pdf\" target=\"_blank\" rel=\"noopener\">Regulamento<\/a><\/p>\n<p><strong>Formul\u00e1rios<\/strong><\/p>\n<p>Para conhecer as informa\u00e7\u00f5es que devem ser fornecidas nas fichas de inscri\u00e7\u00e3o, acesse os formul\u00e1rios (em formato word) de cada categoria.\u00a0 A inscri\u00e7\u00e3o s\u00f3 ser\u00e1 efetivada com a inser\u00e7\u00e3o dos dados na plataforma dispon\u00edvel <a href=\"http:\/\/triointerativa.com.br\/anprotec2016\/premio\/\" target=\"_blank\" rel=\"noopener\">neste\u00a0link<\/a>.<\/p>\n<p><a href=\"http:\/\/www.anprotec.org.br\/Relata\/22062016%20Formulario%20PIT_2016_Final.doc\">\u2013\u00a0Incubadora de empresas orientada para a gera\u00e7\u00e3o e uso intenso de tecnologias (PIT)<\/a><\/p>\n<p><a href=\"http:\/\/www.anprotec.org.br\/Relata\/22062016%20Formulario_DLS_2016_Final.doc\">\u2013\u00a0Incubadora de empresas orientada para o desenvolvimento local e setorial (DLS)<\/a><\/p>\n<p><a href=\"http:\/\/www.anprotec.org.br\/Relata\/22062016%20Formulario%20PCT_2016.doc\">\u2013 \u00a0Parque cient\u00edfico e tecnol\u00f3gico (PCT)<\/a><\/p>\n<p><a href=\"http:\/\/www.anprotec.org.br\/Relata\/22062016%20Formulario_CEI_2016_Final.doc\">\u2013\u00a0Projeto de promo\u00e7\u00e3o da cultura do empreendedorismo inovador (CEI)<\/a><\/p>\n<p><a href=\"http:\/\/www.anprotec.org.br\/Relata\/22062016%20Formulario%20EG_2016.doc\">\u2013 Empresa Graduada (EG)<\/a><\/p>\n<p><a href=\"http:\/\/www.anprotec.org.br\/Relata\/23062016%20Formulario%20EI_2016.doc\">\u2013\u00a0Empresa incubada (EI)<\/a><\/p>\n<p><em style=\"line-height: 1.5em\">Confira os\u00a0<a href=\"https:\/\/anprotec.org.br\/site\/premio-nacional\/vencedores-do-premio-nacional\/\" target=\"_blank\" rel=\"noopener\">vencedores de 2015 e das edi\u00e7\u00f5es anteriores<\/a><\/em><\/p>\n","protected":false},"excerpt":{"rendered":"<p>A 20a\u00a0edi\u00e7\u00e3o do Pr\u00eamio Nacional de Empreendedorismo Inovador contempla seis<span class=\"excerpt-hellip\"> [\u2026]<\/span><\/p>\n","protected":false},"author":8,"featured_media":0,"parent":283,"menu_order":1,"comment_status":"open","ping_status":"closed","template":"","meta":{"footnotes":"","_links_to":"","_links_to_target":""},"_links":{"self":[{"href":"https:\/\/anprotec.org.br\/site\/wp-json\/wp\/v2\/pages\/3172"}],"collection":[{"href":"https:\/\/anprotec.org.br\/site\/wp-json\/wp\/v2\/pages"}],"about":[{"href":"https:\/\/anprotec.org.br\/site\/wp-json\/wp\/v2\/types\/page"}],"author":[{"embeddable":true,"href":"https:\/\/anprotec.org.br\/site\/wp-json\/wp\/v2\/users\/8"}],"replies":[{"embeddable":true,"href":"https:\/\/anprotec.org.br\/site\/wp-json\/wp\/v2\/comments?post=3172"}],"version-history":[{"count":3,"href":"https:\/\/anprotec.org.br\/site\/wp-json\/wp\/v2\/pages\/3172\/revisions"}],"predecessor-version":[{"id":24376,"href":"https:\/\/anprotec.org.br\/site\/wp-json\/wp\/v2\/pages\/3172\/revisions\/24376"}],"up":[{"embeddable":true,"href":"https:\/\/anprotec.org.br\/site\/wp-json\/wp\/v2\/pages\/283"}],"wp:attachment":[{"href":"https:\/\/anprotec.org.br\/site\/wp-json\/wp\/v2\/media?parent=3172"}],"curies":[{"name":"wp","href":"https:\/\/api.w.org\/{rel}","templated":true}]}}