{"id":276,"date":"2012-09-24T22:20:31","date_gmt":"2012-09-25T01:20:31","guid":{"rendered":"http:\/\/douglasdasilva.com.br\/clients\/anprotec\/?page_id=276"},"modified":"2020-04-10T15:53:30","modified_gmt":"2020-04-10T18:53:30","slug":"incubadoras-e-parques","status":"publish","type":"page","link":"https:\/\/anprotec.org.br\/site\/sobre\/incubadoras-e-parques\/","title":{"rendered":"Mecanismo de gera\u00e7\u00e3o de empreendimentos e ecossistemas de inova\u00e7\u00e3o"},"content":{"rendered":"<div class=\"wpb-content-wrapper\"><p>[vc_row full_width=&#8221;stretch_row&#8221; bg_type=&#8221;bg_color&#8221; css=&#8221;.vc_custom_1585768036229{margin-top: 0px !important;padding-top: 0px !important;}&#8221;][vc_column][vc_custom_heading text=&#8221;Mecanismo de gera\u00e7\u00e3o de empreendimentos e ecossistemas de inova\u00e7\u00e3o &#8221; use_theme_fonts=&#8221;yes&#8221;][vc_column_text]Entende-se por mecanismos de gera\u00e7\u00e3o de empreendimentos as organiza\u00e7\u00f5es, programas ou iniciativas de gera\u00e7\u00e3o de empreendimentos inovadores e apoio ao desenvolvimento de empresas nascentes de base tecnol\u00f3gica, os quais se baseiam em diferenciais tecnol\u00f3gicos ou buscam a solu\u00e7\u00e3o de problemas ou desafios sociais e ambientais, mediante suporte para transformar ideias em empreendimentos de sucesso. [\/vc_column_text][vc_empty_space height=&#8221;20px&#8221;][vc_custom_heading text=&#8221;Clique nos t\u00edtulos abaixo e confira a defini\u00e7\u00e3o de cada um.&#8221; font_container=&#8221;tag:h4|text_align:left&#8221; google_fonts=&#8221;font_family:Roboto%3A100%2C100italic%2C300%2C300italic%2Cregular%2Citalic%2C500%2C500italic%2C700%2C700italic%2C900%2C900italic|font_style:400%20regular%3A400%3Anormal&#8221; css=&#8221;.vc_custom_1585769539975{margin-bottom: 0px !important;padding-bottom: 0px !important;}&#8221;][vc_empty_space height=&#8221;10px&#8221;][vc_tta_accordion style=&#8221;flat&#8221; shape=&#8221;square&#8221; color=&#8221;orange&#8221; c_icon=&#8221;chevron&#8221; c_position=&#8221;right&#8221; active_section=&#8221;0&#8243; el_class=&#8221;anprotec-accordeon&#8221;][vc_tta_section title=&#8221;Incubadora de empresa&#8221; tab_id=&#8221;1&#8243;][vc_column_text]Organiza\u00e7\u00e3o ou estrutura que objetiva estimular ou prestar apoio log\u00edstico, gerencial e tecnol\u00f3gico ao empreendedorismo inovador e intensivo em conhecimento, com o objetivo de facilitar a cria\u00e7\u00e3o e o desenvolvimento de empresas que tenham como diferencial a realiza\u00e7\u00e3o de atividades voltadas \u00e0 inova\u00e7\u00e3o.[\/vc_column_text][\/vc_tta_section][vc_tta_section title=&#8221;Aceleradoras de neg\u00f3cios&#8221; tab_id=&#8221;2&#8243;][vc_column_text]Mecanismos de apoio a empreendimentos ou empresas nascentes, que j\u00e1 possuem um modelo de neg\u00f3cio consolidado e com potencial de crescimento r\u00e1pido. Possuem conex\u00f5es com empreendedores, investidores, pesquisadores, empres\u00e1rios, mentores de neg\u00f3cios e fundos de investimento e oferecem benef\u00edcios que podem incluir mentoria, avalia\u00e7\u00e3o, treinamentos, cr\u00e9dito ou investimento por meio de fundos ou de capital de risco.[\/vc_column_text][\/vc_tta_section][vc_tta_section title=&#8221;Espa\u00e7os abertos de trabalho cooperativo ou de coworking&#8221; tab_id=&#8221;3&#8243;][vc_column_text]Locais de trabalho voltados a profissionais ou empresas, com infraestrutura tecnol\u00f3gica e de neg\u00f3cios e modalidades flex\u00edveis de contrata\u00e7\u00e3o e uso, visando o est\u00edmulo \u00e0 inova\u00e7\u00e3o aberta e colaborativa, ao fomento da intera\u00e7\u00e3o entre profissionais de diversas especialidades e compet\u00eancias e o compartilhamento informal de conhecimento.[\/vc_column_text][\/vc_tta_section][vc_tta_section title=&#8221;Laborat\u00f3rios abertos de prototipa\u00e7\u00e3o de produtos e processos (makerspaces)&#8221; tab_id=&#8221;4&#8243;][vc_column_text]Laborat\u00f3rios e oficinas de uso compartilhado e abertas a m\u00faltiplos p\u00fablicos, e equipadas com ferramentas de fabrica\u00e7\u00e3o digital e prototipa\u00e7\u00e3o r\u00e1pida, controladas por computador e operando com os mais diversos materiais de suporte. Permitem a fabrica\u00e7\u00e3o r\u00e1pida, flex\u00edvel e de baixo custo de objetos f\u00edsicos, de modo a possibilitar a explora\u00e7\u00e3o criativa de ideias, o desenvolvimento de testes de conceito, prot\u00f3tipos e aplica\u00e7\u00f5es e o est\u00edmulo \u00e0 cultura de compartilhamento e produ\u00e7\u00e3o cooperada.[\/vc_column_text][\/vc_tta_section][vc_tta_section title=&#8221;Espa\u00e7os de gera\u00e7\u00e3o de empreendimentos&#8221; tab_id=&#8221;5&#8243;][vc_column_text]Locais ou iniciativas voltadas \u00e0 gera\u00e7\u00e3o de empreendimentos inovadores e apoio ao desenvolvimento de empresas nascentes de base tecnol\u00f3gica, podendo incluir componente virtual ou descentralizado de suporte \u00e0 transforma\u00e7\u00e3o de ideias em empreendimentos de sucesso.[\/vc_column_text][\/vc_tta_section][\/vc_tta_accordion][\/vc_column][\/vc_row][vc_row full_width=&#8221;stretch_row&#8221; bg_type=&#8221;bg_color&#8221; css=&#8221;.vc_custom_1585768036229{margin-top: 0px !important;padding-top: 0px !important;}&#8221;][vc_column][vc_empty_space height=&#8221;20px&#8221;][vc_custom_heading text=&#8221;Ecossistemas de Inova\u00e7\u00e3o&#8221; use_theme_fonts=&#8221;yes&#8221;][vc_column_text]Entende-se por ecossistemas de inova\u00e7\u00e3o os espa\u00e7os que agregam infraestrutura e arranjos institucionais e culturais e atraem empreendedores e recursos financeiros. Constituem lugares que potencializam o desenvolvimento da sociedade do conhecimento.[\/vc_column_text][vc_empty_space height=&#8221;20px&#8221;][vc_custom_heading text=&#8221;Clique nos t\u00edtulos abaixo e confira a defini\u00e7\u00e3o de cada um.&#8221; font_container=&#8221;tag:h4|text_align:left&#8221; google_fonts=&#8221;font_family:Roboto%3A100%2C100italic%2C300%2C300italic%2Cregular%2Citalic%2C500%2C500italic%2C700%2C700italic%2C900%2C900italic|font_style:400%20regular%3A400%3Anormal&#8221; css=&#8221;.vc_custom_1585769539975{margin-bottom: 0px !important;padding-bottom: 0px !important;}&#8221;][vc_empty_space height=&#8221;10px&#8221;][vc_tta_accordion style=&#8221;flat&#8221; shape=&#8221;square&#8221; color=&#8221;orange&#8221; c_icon=&#8221;chevron&#8221; c_position=&#8221;right&#8221; active_section=&#8221;0&#8243; el_class=&#8221;anprotec-accordeon&#8221;][vc_tta_section title=&#8221;Parques tecnol\u00f3gicos&#8221; tab_id=&#8221;0909&#8243;][vc_column_text]Organiza\u00e7\u00e3o ou estrutura que objetiva estimular ou prestar apoio log\u00edstico, gerencial e tecnol\u00f3gico ao empreendedorismo inovador e intensivo em conhecimento, com o objetivo de facilitar a cria\u00e7\u00e3o e o desenvolvimento de empresas que tenham como diferencial a realiza\u00e7\u00e3o de atividades voltadas \u00e0 inova\u00e7\u00e3o.[\/vc_column_text][\/vc_tta_section][vc_tta_section title=&#8221;Cidades inteligentes&#8221; tab_id=&#8221;1585769137979-1cd3d423-e934&#8243;][vc_column_text]O mun\u00edcipio que executa programa ou iniciativa de absor\u00e7\u00e3o de solu\u00e7\u00f5es inovadoras, especialmente ligadas \u00e0s Tecnologias da Informa\u00e7\u00e3o e Comunica\u00e7\u00e3o (TICs), ao movimento da Internet das Coisas e ao fen\u00f4meno do Big Data, de modo a otimizar o atendimento \u00e0s suas demandas p\u00fablicas, aproximando-se, tanto quanto poss\u00edvel, do est\u00e1gio tecnol\u00f3gico vigente da humanidade. [\/vc_column_text][\/vc_tta_section][vc_tta_section title=&#8221;Distritos de inova\u00e7\u00e3o&#8221; tab_id=&#8221;1585769165588-9f1cd30f-fb26&#8243;][vc_column_text]\u00c1reas geogr\u00e1ficas, dentro das cidades, onde institui\u00e7\u00f5es-\u00e2ncora ou empresas l\u00edderes, juntamente com empresas maduras de base tecnol\u00f3gica, conectam-se com empresas nascentes e mecanismos de gera\u00e7\u00e3o de empreendimentos. S\u00e3o \u00e1reas fisicamente compactas, com f\u00e1cil acessibilidade, com disponibilidade tecnol\u00f3gica e que oferecem espa\u00e7os de usos mistos residencial, de neg\u00f3cios e comercial. [\/vc_column_text][\/vc_tta_section][vc_tta_section title=&#8221;Polo Tecnol\u00f3gico&#8221; tab_id=&#8221;1585769188797-33ae6809-a10e&#8221;][vc_column_text]Ambiente industrial e tecnol\u00f3gico caracterizado pela presen\u00e7a dominante de micros, pequenas e m\u00e9dias empresas com \u00e1reas correlatas de atua\u00e7\u00e3o em determinado espa\u00e7o geogr\u00e1fico, com v\u00ednculos operacionais com ICT, recursos humanos, laborat\u00f3rios e equipamentos organizados e com predisposi\u00e7\u00e3o ao interc\u00e2mbio entre os entes envolvidos para consolida\u00e7\u00e3o, marketing e comercializa\u00e7\u00e3o de novas tecnologias.[\/vc_column_text][\/vc_tta_section][vc_tta_section title=&#8221;Arranjo Promotor de Inova\u00e7\u00e3o&#8221; tab_id=&#8221;1585769210640-5975e26d-929a&#8221;][vc_column_text]\u00c9 uma a\u00e7\u00e3o programada e cooperada envolvendo ICTIs, empresas e outras organiza\u00e7\u00f5es, em determinado setor econ\u00f4mico especializado, visando ampliar sua capacidade de inova\u00e7\u00e3o, seu desenvolvimento econ\u00f4mico, social e ambiental, dotada de uma entidade gestora p\u00fablica ou privada, que atua como facilitadora das atividades cooperativas.[\/vc_column_text][\/vc_tta_section][vc_tta_section title=&#8221;Centros de Inova\u00e7\u00e3o&#8221; tab_id=&#8221;1585769237054-8bd7dd0a-0afa&#8221;][vc_column_text]Instala\u00e7\u00f5es que realizem a\u00e7\u00f5es coordenadas para a promo\u00e7\u00e3o da inova\u00e7\u00e3o, por meio de governan\u00e7a, integra\u00e7\u00e3o, qualifica\u00e7\u00e3o, atra\u00e7\u00e3o de investimentos e conex\u00e3o empreendedora. Podendo reunir, em um mesmo espa\u00e7o f\u00edsico, startups, aceleradoras, incubadoras, empresas de diversos portes, institui\u00e7\u00f5es \u00e2ncoras, universidades, centros de pesquisas, investidores e institui\u00e7\u00f5es de fomento \u00e0 inova\u00e7\u00e3o ao empreendedorismo. [\/vc_column_text][\/vc_tta_section][vc_tta_section title=&#8221;\u00c1reas de inova\u00e7\u00e3o&#8221; tab_id=&#8221;1585769260010-1ce9fef8-80cc&#8221;][vc_column_text]Espa\u00e7os geogr\u00e1ficos que agregam instala\u00e7\u00f5es f\u00edsicas, de infraestrutura, tecnol\u00f3gicas, institucionais e culturais, que atraem pessoas empreendedoras com novas ideias e capital, e se voltam \u00e0 inova\u00e7\u00e3o e desenvolvimento da sociedade do conhecimento.<\/p>\n<p>Fonte: <a href=\"https:\/\/anprotec.org.br\/site\/wp-content\/uploads\/2020\/04\/Termo-de-Referencia-PNI-20-05_2019_v07_Pos-CP.pdf\" target=\"_blank\" rel=\"noopener\">Termo de Refer\u00eancia do Programa Nacional de Apoio aos Ambientes Inovadores (PNI).<\/a>[\/vc_column_text][\/vc_tta_section][\/vc_tta_accordion][\/vc_column][\/vc_row]<\/p>\n<\/div>","protected":false},"excerpt":{"rendered":"<p>[vc_row full_width=&#8221;stretch_row&#8221; bg_type=&#8221;bg_color&#8221; css=&#8221;.vc_custom_1585768036229{margin-top: 0px !important;padding-top: 0px !important;}&#8221;][vc_column][vc_custom_heading text=&#8221;Mecanismo de<span class=\"excerpt-hellip\"> [\u2026]<\/span><\/p>\n","protected":false},"author":8,"featured_media":0,"parent":270,"menu_order":3,"comment_status":"open","ping_status":"closed","template":"","meta":{"footnotes":"","_links_to":"","_links_to_target":""},"_links":{"self":[{"href":"https:\/\/anprotec.org.br\/site\/wp-json\/wp\/v2\/pages\/276"}],"collection":[{"href":"https:\/\/anprotec.org.br\/site\/wp-json\/wp\/v2\/pages"}],"about":[{"href":"https:\/\/anprotec.org.br\/site\/wp-json\/wp\/v2\/types\/page"}],"author":[{"embeddable":true,"href":"https:\/\/anprotec.org.br\/site\/wp-json\/wp\/v2\/users\/8"}],"replies":[{"embeddable":true,"href":"https:\/\/anprotec.org.br\/site\/wp-json\/wp\/v2\/comments?post=276"}],"version-history":[{"count":3,"href":"https:\/\/anprotec.org.br\/site\/wp-json\/wp\/v2\/pages\/276\/revisions"}],"predecessor-version":[{"id":32049,"href":"https:\/\/anprotec.org.br\/site\/wp-json\/wp\/v2\/pages\/276\/revisions\/32049"}],"up":[{"embeddable":true,"href":"https:\/\/anprotec.org.br\/site\/wp-json\/wp\/v2\/pages\/270"}],"wp:attachment":[{"href":"https:\/\/anprotec.org.br\/site\/wp-json\/wp\/v2\/media?parent=276"}],"curies":[{"name":"wp","href":"https:\/\/api.w.org\/{rel}","templated":true}]}}