{"id":22175,"date":"2018-01-25T08:33:33","date_gmt":"2018-01-25T11:33:33","guid":{"rendered":"http:\/\/anprotec.org.br\/site\/?page_id=22175"},"modified":"2018-04-10T20:20:05","modified_gmt":"2018-04-10T23:20:05","slug":"educacao-profissional-e-tecnologica","status":"publish","type":"page","link":"https:\/\/anprotec.org.br\/site\/lideres-tematicos\/educacao-profissional-e-tecnologica\/","title":{"rendered":"Educa\u00e7\u00e3o Profissional e Tecnol\u00f3gica"},"content":{"rendered":"<p style=\"text-align: justify\">As profiss\u00f5es t\u00e9cnicas est\u00e3o cada vez mais complexas e a opera\u00e7\u00e3o tem exigido crescentes conhecimentos e habilidades tecnol\u00f3gicas dos operadores. Como consequ\u00eancia disso, as economias t\u00eam buscado adapta\u00e7\u00e3o ao novo cen\u00e1rio, passando, inevitavelmente, pela moderniza\u00e7\u00e3o dos sistemas de ensino profissionalizante. Nessa esteira ocorre o engajamento das institui\u00e7\u00f5es de educa\u00e7\u00e3o profissional ao fen\u00f4meno da inova\u00e7\u00e3o. Colleges, Polit\u00e9cnicas, Liceus e Institutos convergem para a revitaliza\u00e7\u00e3o dos curr\u00edculos e das metodologias educacionais numa intensidade surpreendente e sensivelmente maior do que a academia, em geral.<\/p>\n<p style=\"text-align: justify\">No Brasil a &#8220;educa\u00e7\u00e3o profissional&#8221; j\u00e1 \u00e9 legalmente &#8220;tecnol\u00f3gica&#8221; (Cap\u00edtulo III da LDB, Lei n\u00ba 9.394, de 20 de dezembro de 1996). As redes de educa\u00e7\u00e3o profissional se expandiram e tem se consolidado como alternativa vi\u00e1vel de profissionaliza\u00e7\u00e3o para uma significativa parcela da popula\u00e7\u00e3o, anteriormente restrita a oportunidades laborais e ocupa\u00e7\u00f5es modestas. A Rede Federal de Educa\u00e7\u00e3o Profissional, Cient\u00edfica e Tecnol\u00f3gica e os Servi\u00e7os Nacionais de Aprendizagem s\u00e3o os sistemas mais consolidados. Algumas redes estaduais s\u00e3o igualmente estruturadas e todas as Unidades Federativas registram expans\u00e3o das pol\u00edticas de educa\u00e7\u00e3o profissional e tecnol\u00f3gica. As institui\u00e7\u00f5es privadas tamb\u00e9m t\u00eam respondido, num ritmo pr\u00f3prio, \u00e0 valoriza\u00e7\u00e3o das profiss\u00f5es t\u00e9cnicas e tecnol\u00f3gicas.<\/p>\n<p style=\"text-align: justify\">Nesse contexto, delineiam-se oportunidades ainda n\u00e3o estimadas de empreendedorismo e inova\u00e7\u00e3o, no Brasil e no mundo. Os ecossistemas de inova\u00e7\u00e3o t\u00eam registrado a amplia\u00e7\u00e3o da participa\u00e7\u00e3o do setor, notadamente no interior e nos polos regionais de desenvolvimento.<\/p>\n<p style=\"text-align: justify\">A Anprotec responde a esse fen\u00f4meno ao criar a \u00e1rea tem\u00e1tica da educa\u00e7\u00e3o profissional e tecnol\u00f3gica junto ao Grupo Estendido de Dirigentes (GED) e convida a todas as entidades do setor a participar ativamente do desenvolvimento do empreendedorismo inovador no Brasil.<\/p>\n<p style=\"text-align: justify\"><strong><img decoding=\"async\" loading=\"lazy\" class=\"alignleft size-full wp-image-22176\" src=\"https:\/\/anprotec.org.br\/site\/wp-content\/uploads\/2018\/01\/Luciano-Toledo_ok.jpg\" alt=\"Luciano Toledo_ok\" width=\"133\" height=\"160\" \/>L\u00edder Tem\u00e1tico: Luciano de Oliveira Toledo <\/strong><\/p>\n<p style=\"text-align: justify\">\u00c9 Engenheiro Florestal DSc e professor do Instituto Federal do Esp\u00edrito Santo desde 2006. Foi Pr\u00f3-Reitor de Pesquisa e Inova\u00e7\u00e3o do Instituto Federal de Bras\u00edlia e gestor no Minist\u00e9rio da Educa\u00e7\u00e3o entre 2011 e 2016, onde colaborou com o Pronatec e com a cria\u00e7\u00e3o da pol\u00edtica de inova\u00e7\u00e3o da Rede Federal. Atualmente, ocupa o cargo de Pr\u00f3-Reitor de Desenvolvimento Institucional do Ifes.<\/p>\n","protected":false},"excerpt":{"rendered":"<p>As profiss\u00f5es t\u00e9cnicas est\u00e3o cada vez mais complexas e a<span class=\"excerpt-hellip\"> [\u2026]<\/span><\/p>\n","protected":false},"author":8,"featured_media":0,"parent":21946,"menu_order":0,"comment_status":"closed","ping_status":"closed","template":"","meta":{"footnotes":"","_links_to":"","_links_to_target":""},"_links":{"self":[{"href":"https:\/\/anprotec.org.br\/site\/wp-json\/wp\/v2\/pages\/22175"}],"collection":[{"href":"https:\/\/anprotec.org.br\/site\/wp-json\/wp\/v2\/pages"}],"about":[{"href":"https:\/\/anprotec.org.br\/site\/wp-json\/wp\/v2\/types\/page"}],"author":[{"embeddable":true,"href":"https:\/\/anprotec.org.br\/site\/wp-json\/wp\/v2\/users\/8"}],"replies":[{"embeddable":true,"href":"https:\/\/anprotec.org.br\/site\/wp-json\/wp\/v2\/comments?post=22175"}],"version-history":[{"count":2,"href":"https:\/\/anprotec.org.br\/site\/wp-json\/wp\/v2\/pages\/22175\/revisions"}],"predecessor-version":[{"id":24346,"href":"https:\/\/anprotec.org.br\/site\/wp-json\/wp\/v2\/pages\/22175\/revisions\/24346"}],"up":[{"embeddable":true,"href":"https:\/\/anprotec.org.br\/site\/wp-json\/wp\/v2\/pages\/21946"}],"wp:attachment":[{"href":"https:\/\/anprotec.org.br\/site\/wp-json\/wp\/v2\/media?parent=22175"}],"curies":[{"name":"wp","href":"https:\/\/api.w.org\/{rel}","templated":true}]}}