{"id":30472,"date":"2019-10-03T15:53:59","date_gmt":"2019-10-03T18:53:59","guid":{"rendered":"http:\/\/anprotec.org.br\/site\/wp-content\/uploads\/2019\/10\/ABDI-Carro-Eletrico-126-2.jpg"},"modified":"2019-10-03T16:02:32","modified_gmt":"2019-10-03T19:02:32","slug":"abdi-carro-eletrico-18jun2018-3","status":"inherit","type":"attachment","link":"https:\/\/anprotec.org.br\/site\/2019\/10\/lancamento-do-programa-de-compartilhamento-de-carros-eletricos-acontece-em-7-de-outubro\/abdi-carro-eletrico-18jun2018-3\/","title":{"rendered":""},"author":10,"comment_status":"closed","ping_status":"closed","template":"","meta":{"_links_to":"","_links_to_target":""},"smush":{"stats":{"percent":13.772276412725851,"bytes":13385,"size_before":97188,"size_after":83803,"time":0.1,"api_version":"1.0","lossy":false,"keep_exif":0},"sizes":{"thumbnail":{"percent":4.76,"bytes":570,"size_before":11976,"size_after":11406,"time":0.01},"medium":{"percent":4.31,"bytes":630,"size_before":14631,"size_after":14001,"time":0.02},"post-thumbnail":{"percent":4.69,"bytes":452,"size_before":9641,"size_after":9189,"time":0.01},"50x50":{"percent":10.65,"bytes":146,"size_before":1371,"size_after":1225,"time":0.01},"clients-slider":{"percent":6.92,"bytes":248,"size_before":3583,"size_after":3335,"time":0.01},"testimonials":{"percent":8.03,"bytes":267,"size_before":3323,"size_after":3056,"time":0.01},"blog-navi":{"percent":7.55,"bytes":221,"size_before":2929,"size_after":2708,"time":0.02},"full":{"percent":21.82,"bytes":10851,"size_before":49734,"size_after":38883,"time":0.01}}},"description":{"rendered":"<p class=\"attachment\"><a href='https:\/\/anprotec.org.br\/site\/wp-content\/uploads\/2019\/10\/ABDI-Carro-Eletrico-126-2.jpg'><img loading=\"lazy\" width=\"300\" height=\"191\" src=\"https:\/\/anprotec.org.br\/site\/wp-content\/uploads\/2019\/10\/ABDI-Carro-Eletrico-126-2-300x191.jpg\" class=\"attachment-medium size-medium\" alt=\"\" decoding=\"async\" srcset=\"https:\/\/anprotec.org.br\/site\/wp-content\/uploads\/2019\/10\/ABDI-Carro-Eletrico-126-2-300x191.jpg 300w, https:\/\/anprotec.org.br\/site\/wp-content\/uploads\/2019\/10\/ABDI-Carro-Eletrico-126-2-230x146.jpg 230w, https:\/\/anprotec.org.br\/site\/wp-content\/uploads\/2019\/10\/ABDI-Carro-Eletrico-126-2-50x32.jpg 50w, https:\/\/anprotec.org.br\/site\/wp-content\/uploads\/2019\/10\/ABDI-Carro-Eletrico-126-2-118x75.jpg 118w, https:\/\/anprotec.org.br\/site\/wp-content\/uploads\/2019\/10\/ABDI-Carro-Eletrico-126-2.jpg 370w\" sizes=\"(max-width: 300px) 100vw, 300px\" \/><\/a><\/p>\n"},"caption":{"rendered":""},"alt_text":"","media_type":"image","mime_type":"image\/jpeg","media_details":{"width":370,"height":235,"file":"2019\/10\/ABDI-Carro-Eletrico-126-2.jpg","sizes":{"thumbnail":{"file":"ABDI-Carro-Eletrico-126-2-270x160.jpg","width":270,"height":160,"mime_type":"image\/jpeg","source_url":"https:\/\/anprotec.org.br\/site\/wp-content\/uploads\/2019\/10\/ABDI-Carro-Eletrico-126-2-270x160.jpg"},"medium":{"file":"ABDI-Carro-Eletrico-126-2-300x191.jpg","width":300,"height":191,"mime_type":"image\/jpeg","source_url":"https:\/\/anprotec.org.br\/site\/wp-content\/uploads\/2019\/10\/ABDI-Carro-Eletrico-126-2-300x191.jpg"},"post-thumbnail":{"file":"ABDI-Carro-Eletrico-126-2-230x146.jpg","width":230,"height":146,"mime_type":"image\/jpeg","source_url":"https:\/\/anprotec.org.br\/site\/wp-content\/uploads\/2019\/10\/ABDI-Carro-Eletrico-126-2-230x146.jpg"},"50x50":{"file":"ABDI-Carro-Eletrico-126-2-50x32.jpg","width":50,"height":32,"mime_type":"image\/jpeg","source_url":"https:\/\/anprotec.org.br\/site\/wp-content\/uploads\/2019\/10\/ABDI-Carro-Eletrico-126-2-50x32.jpg"},"clients-slider":{"file":"ABDI-Carro-Eletrico-126-2-118x75.jpg","width":118,"height":75,"mime_type":"image\/jpeg","source_url":"https:\/\/anprotec.org.br\/site\/wp-content\/uploads\/2019\/10\/ABDI-Carro-Eletrico-126-2-118x75.jpg"},"testimonials":{"file":"ABDI-Carro-Eletrico-126-2-85x85.jpg","width":85,"height":85,"mime_type":"image\/jpeg","source_url":"https:\/\/anprotec.org.br\/site\/wp-content\/uploads\/2019\/10\/ABDI-Carro-Eletrico-126-2-85x85.jpg"},"blog-navi":{"file":"ABDI-Carro-Eletrico-126-2-80x80.jpg","width":80,"height":80,"mime_type":"image\/jpeg","source_url":"https:\/\/anprotec.org.br\/site\/wp-content\/uploads\/2019\/10\/ABDI-Carro-Eletrico-126-2-80x80.jpg"},"full":{"file":"ABDI-Carro-Eletrico-126-2.jpg","width":370,"height":235,"mime_type":"image\/jpeg","source_url":"https:\/\/anprotec.org.br\/site\/wp-content\/uploads\/2019\/10\/ABDI-Carro-Eletrico-126-2.jpg"}},"image_meta":{"aperture":"3.5","credit":"Foto: S\u00e9rgio Lima","camera":"Canon EOS 5D Mark III","caption":"Carro el\u00e9trico desenvovido pelo arque tecnol\u00f3gico de Itaip\u00fa que ser\u00e1 usado pelo GDF como ve\u00edculo compartilhado pelos servidores. Bras\u00edlia, 18-06-2019. Foto: S\u00e9rgio Lima\/PODER 360","created_timestamp":"1560886675","copyright":"","focal_length":"35","iso":"1600","shutter_speed":"0.02","title":"ABDI-Carro-Eletrico-18Jun2018","orientation":"1","keywords":[]}},"post":30456,"source_url":"https:\/\/anprotec.org.br\/site\/wp-content\/uploads\/2019\/10\/ABDI-Carro-Eletrico-126-2.jpg","_links":{"self":[{"href":"https:\/\/anprotec.org.br\/site\/wp-json\/wp\/v2\/media\/30472"}],"collection":[{"href":"https:\/\/anprotec.org.br\/site\/wp-json\/wp\/v2\/media"}],"about":[{"href":"https:\/\/anprotec.org.br\/site\/wp-json\/wp\/v2\/types\/attachment"}],"author":[{"embeddable":true,"href":"https:\/\/anprotec.org.br\/site\/wp-json\/wp\/v2\/users\/10"}],"replies":[{"embeddable":true,"href":"https:\/\/anprotec.org.br\/site\/wp-json\/wp\/v2\/comments?post=30472"}]}}

Foto: Sérgio Lima

Carro elétrico desenvovido pelo arque tecnológico de Itaipú que será usado pelo GDF como veículo compartilhado pelos servidores. Brasília, 18-06-2019. Foto: Sérgio Lima/PODER 360
