{"id":992,"date":"2026-04-14T01:48:49","date_gmt":"2026-04-14T01:48:49","guid":{"rendered":"https:\/\/anprotec.org.br\/conferencia2026\/?post_type=palestrantes&#038;p=992"},"modified":"2026-04-14T01:48:49","modified_gmt":"2026-04-14T01:48:49","slug":"lidia-mizote","status":"publish","type":"palestrantes","link":"https:\/\/anprotec.org.br\/conferencia2026\/palestrantes\/lidia-mizote\/","title":{"rendered":"Lidia Mizote"},"content":{"rendered":"\n<p>Desenhista Industrial graduada pela Universidade Federal do Paran\u00e1, Diretora Executiva da Funda\u00e7\u00e3o Educere de Campo Mour\u00e3o &#8211; Incubadora Privada de Base Tecnol\u00f3gica &#8211; desde 2017. Participou da cria\u00e7\u00e3o da Rede Paranaense de Incubadoras e Aceleradoras de Empreendimentos Inovadores (Re-Inova) e atuou como presidente dessa entidade na gest\u00e3o 2022-2024. Atualmente, participa como vice-presidente da Re-Inova na gest\u00e3o 2024-2026. No ecossistema local de inova\u00e7\u00e3o, \u00e9 membro titular do Conselho Municipal de Tecnologia e Inova\u00e7\u00e3o,\u00a0 membro do Hub Ideia5 e do Conselho de Desenvolvimento Econ\u00f4mico de Campo Mour\u00e3o.\u00a0<br><\/p>\n","protected":false},"featured_media":994,"template":"","area-palestrante":[15],"class_list":["post-992","palestrantes","type-palestrantes","status-publish","has-post-thumbnail","hentry","area-palestrante-painel-speaker"],"_links":{"self":[{"href":"https:\/\/anprotec.org.br\/conferencia2026\/wp-json\/wp\/v2\/palestrantes\/992","targetHints":{"allow":["GET"]}}],"collection":[{"href":"https:\/\/anprotec.org.br\/conferencia2026\/wp-json\/wp\/v2\/palestrantes"}],"about":[{"href":"https:\/\/anprotec.org.br\/conferencia2026\/wp-json\/wp\/v2\/types\/palestrantes"}],"wp:featuredmedia":[{"embeddable":true,"href":"https:\/\/anprotec.org.br\/conferencia2026\/wp-json\/wp\/v2\/media\/994"}],"wp:attachment":[{"href":"https:\/\/anprotec.org.br\/conferencia2026\/wp-json\/wp\/v2\/media?parent=992"}],"wp:term":[{"taxonomy":"area-palestrante","embeddable":true,"href":"https:\/\/anprotec.org.br\/conferencia2026\/wp-json\/wp\/v2\/area-palestrante?post=992"}],"curies":[{"name":"wp","href":"https:\/\/api.w.org\/{rel}","templated":true}]}}

<p>Desenhista Industrial graduada pela Universidade Federal do Paraná, Diretora Executiva da Fundação Educere de Campo Mourão &#8211; Incubadora Privada de Base Tecnológica &#8211; desde 2017. Participou da criação da Rede Paranaense de Incubadoras e Aceleradoras de Empreendimentos Inovadores (Re-Inova) e atuou como presidente dessa entidade na gestão 2022-2024. Atualmente, participa como vice-presidente da Re-Inova na gestão 2024-2026. No ecossistema local de inovação, é membro titular do Conselho Municipal de Tecnologia e Inovação,  membro do Hub Ideia5 e do Conselho de Desenvolvimento Econômico de Campo Mourão. <br></p>
