{"id":989,"date":"2026-04-14T01:45:39","date_gmt":"2026-04-14T01:45:39","guid":{"rendered":"https:\/\/anprotec.org.br\/conferencia2026\/?post_type=palestrantes&#038;p=989"},"modified":"2026-04-14T01:46:56","modified_gmt":"2026-04-14T01:46:56","slug":"carbio-almeida","status":"publish","type":"palestrantes","link":"https:\/\/anprotec.org.br\/conferencia2026\/palestrantes\/carbio-almeida\/","title":{"rendered":"Carbio Almeida"},"content":{"rendered":"\n<p>Presidente da Rede Goiana de Inova\u00e7\u00e3o, Estrategista e Palestrante. \u00c9 Administrador de Empresas formado pela PUC GO. Possui P\u00f3s-gradua\u00e7\u00e3o em Administra\u00e7\u00e3o em Marketing pela FAAP-SP e Mestrado em Engenharia de Produ\u00e7\u00e3o pela UFSC-SC. \u00c9 propriet\u00e1rio da Merkado de Ideias Estrat\u00e9gicas e da P\u00f3s Merkado Especializa\u00e7\u00f5es, al\u00e9m de Coordenador e Professor de cursos de P\u00f3s-gradua\u00e7\u00e3o em diversas institui\u00e7\u00f5es pelo Brasil.<\/p>\n\n\n\n<p><\/p>\n","protected":false},"featured_media":990,"template":"","area-palestrante":[15],"class_list":["post-989","palestrantes","type-palestrantes","status-publish","has-post-thumbnail","hentry","area-palestrante-painel-speaker"],"_links":{"self":[{"href":"https:\/\/anprotec.org.br\/conferencia2026\/wp-json\/wp\/v2\/palestrantes\/989","targetHints":{"allow":["GET"]}}],"collection":[{"href":"https:\/\/anprotec.org.br\/conferencia2026\/wp-json\/wp\/v2\/palestrantes"}],"about":[{"href":"https:\/\/anprotec.org.br\/conferencia2026\/wp-json\/wp\/v2\/types\/palestrantes"}],"wp:featuredmedia":[{"embeddable":true,"href":"https:\/\/anprotec.org.br\/conferencia2026\/wp-json\/wp\/v2\/media\/990"}],"wp:attachment":[{"href":"https:\/\/anprotec.org.br\/conferencia2026\/wp-json\/wp\/v2\/media?parent=989"}],"wp:term":[{"taxonomy":"area-palestrante","embeddable":true,"href":"https:\/\/anprotec.org.br\/conferencia2026\/wp-json\/wp\/v2\/area-palestrante?post=989"}],"curies":[{"name":"wp","href":"https:\/\/api.w.org\/{rel}","templated":true}]}}

<p>Presidente da Rede Goiana de Inovação, Estrategista e Palestrante. É Administrador de Empresas formado pela PUC GO. Possui Pós-graduação em Administração em Marketing pela FAAP-SP e Mestrado em Engenharia de Produção pela UFSC-SC. É proprietário da Merkado de Ideias Estratégicas e da Pós Merkado Especializações, além de Coordenador e Professor de cursos de Pós-graduação em diversas instituições pelo Brasil.</p>



<p></p>
