{"id":970,"date":"2026-04-14T01:04:10","date_gmt":"2026-04-14T01:04:10","guid":{"rendered":"https:\/\/anprotec.org.br\/conferencia2026\/?post_type=palestrantes&#038;p=970"},"modified":"2026-04-14T01:04:11","modified_gmt":"2026-04-14T01:04:11","slug":"jucelia-maia","status":"publish","type":"palestrantes","link":"https:\/\/anprotec.org.br\/conferencia2026\/palestrantes\/jucelia-maia\/","title":{"rendered":"Juc\u00e9lia Maia"},"content":{"rendered":"\n<p>Administradora, \u00e9 coordenadora do tecnoPARQ \u2013 Parque Tecnol\u00f3gico de Vi\u00e7osa, diretora da Rede Mineira de Inova\u00e7\u00e3o (RMI), membro do Conselho de Empreendedorismo e Inova\u00e7\u00e3o do Parque Tecnol\u00f3gico de Florestal (TecnoCAF), do Conselho Municipal de Inova\u00e7\u00e3o Tecnol\u00f3gica de Vi\u00e7osa (CMIT) e do Conselho Municipal de Turismo de Vi\u00e7osa.<\/p>\n\n\n\n<p>Servidora t\u00e9cnica da Universidade Federal de Vi\u00e7osa (UFV), tem atuado de forma estrat\u00e9gica na promo\u00e7\u00e3o da inova\u00e7\u00e3o, do empreendedorismo e do desenvolvimento de ambientes de inova\u00e7\u00e3o vinculados \u00e0 universidade.<\/p>\n\n\n\n<p>\u00c9 graduada em Administra\u00e7\u00e3o, possui MBA em Auditoria e Per\u00edcia Cont\u00e1bil e Administrativa e \u00e9 mestranda em Administra\u00e7\u00e3o pela UFV. Conta ainda com experi\u00eancia na gest\u00e3o da Incubadora de Empresas de Base Tecnol\u00f3gica da UFV, al\u00e9m de atuar na mentoria e avalia\u00e7\u00e3o de startups.<\/p>\n\n\n\n<p>Sob sua lideran\u00e7a, o tecnoPARQ tem se consolidado como um importante polo de inova\u00e7\u00e3o, impulsionando o desenvolvimento regional e fortalecendo conex\u00f5es entre empresas, academia e empreendedores.&#8221;<\/p>\n","protected":false},"featured_media":971,"template":"","area-palestrante":[15],"class_list":["post-970","palestrantes","type-palestrantes","status-publish","has-post-thumbnail","hentry","area-palestrante-painel-speaker"],"_links":{"self":[{"href":"https:\/\/anprotec.org.br\/conferencia2026\/wp-json\/wp\/v2\/palestrantes\/970","targetHints":{"allow":["GET"]}}],"collection":[{"href":"https:\/\/anprotec.org.br\/conferencia2026\/wp-json\/wp\/v2\/palestrantes"}],"about":[{"href":"https:\/\/anprotec.org.br\/conferencia2026\/wp-json\/wp\/v2\/types\/palestrantes"}],"wp:featuredmedia":[{"embeddable":true,"href":"https:\/\/anprotec.org.br\/conferencia2026\/wp-json\/wp\/v2\/media\/971"}],"wp:attachment":[{"href":"https:\/\/anprotec.org.br\/conferencia2026\/wp-json\/wp\/v2\/media?parent=970"}],"wp:term":[{"taxonomy":"area-palestrante","embeddable":true,"href":"https:\/\/anprotec.org.br\/conferencia2026\/wp-json\/wp\/v2\/area-palestrante?post=970"}],"curies":[{"name":"wp","href":"https:\/\/api.w.org\/{rel}","templated":true}]}}

Jucélia Maia

<p>Administradora, é coordenadora do tecnoPARQ – Parque Tecnológico de Viçosa, diretora da Rede Mineira de Inovação (RMI), membro do Conselho de Empreendedorismo e Inovação do Parque Tecnológico de Florestal (TecnoCAF), do Conselho Municipal de Inovação Tecnológica de Viçosa (CMIT) e do Conselho Municipal de Turismo de Viçosa.</p>



<p>Servidora técnica da Universidade Federal de Viçosa (UFV), tem atuado de forma estratégica na promoção da inovação, do empreendedorismo e do desenvolvimento de ambientes de inovação vinculados à universidade.</p>



<p>É graduada em Administração, possui MBA em Auditoria e Perícia Contábil e Administrativa e é mestranda em Administração pela UFV. Conta ainda com experiência na gestão da Incubadora de Empresas de Base Tecnológica da UFV, além de atuar na mentoria e avaliação de startups.</p>



<p>Sob sua liderança, o tecnoPARQ tem se consolidado como um importante polo de inovação, impulsionando o desenvolvimento regional e fortalecendo conexões entre empresas, academia e empreendedores.&#8221;</p>
