{"id":966,"date":"2026-04-14T01:01:30","date_gmt":"2026-04-14T01:01:30","guid":{"rendered":"https:\/\/anprotec.org.br\/conferencia2026\/?post_type=palestrantes&#038;p=966"},"modified":"2026-04-14T01:04:30","modified_gmt":"2026-04-14T01:04:30","slug":"coronel-almir-mendes-da-silva","status":"publish","type":"palestrantes","link":"https:\/\/anprotec.org.br\/conferencia2026\/palestrantes\/coronel-almir-mendes-da-silva\/","title":{"rendered":"Coronel Almir Mendes da Silva"},"content":{"rendered":"\n<p>Doutor em Ci\u00eancias Econ\u00f4mica, com \u00eanfase em administra\u00e7\u00e3o, \u00e9 Analista de Sistemas, Administrador&nbsp; e especializado em Projetos e Processos pelo Funda\u00e7\u00e3o Get\u00falio Vargas, possui mestrado Log\u00edstica (2005). Professor da Escola Nacional de Administra\u00e7\u00e3o P\u00fablica e da Funda\u00e7\u00e3o Get\u00falio Vargas. Tem experi\u00eancia na \u00e1rea de Administra\u00e7\u00e3o, com \u00eanfase em Gest\u00e3o Contempor\u00e2nea. Atualmente \u00e9 Chefe do Escrit\u00f3rio do Sistema de Defesa, Ind\u00fastria e Academia do Comando Militar do Nordeste<\/p>\n\n\n\n<p><\/p>\n","protected":false},"featured_media":968,"template":"","area-palestrante":[],"class_list":["post-966","palestrantes","type-palestrantes","status-publish","has-post-thumbnail","hentry"],"_links":{"self":[{"href":"https:\/\/anprotec.org.br\/conferencia2026\/wp-json\/wp\/v2\/palestrantes\/966","targetHints":{"allow":["GET"]}}],"collection":[{"href":"https:\/\/anprotec.org.br\/conferencia2026\/wp-json\/wp\/v2\/palestrantes"}],"about":[{"href":"https:\/\/anprotec.org.br\/conferencia2026\/wp-json\/wp\/v2\/types\/palestrantes"}],"wp:featuredmedia":[{"embeddable":true,"href":"https:\/\/anprotec.org.br\/conferencia2026\/wp-json\/wp\/v2\/media\/968"}],"wp:attachment":[{"href":"https:\/\/anprotec.org.br\/conferencia2026\/wp-json\/wp\/v2\/media?parent=966"}],"wp:term":[{"taxonomy":"area-palestrante","embeddable":true,"href":"https:\/\/anprotec.org.br\/conferencia2026\/wp-json\/wp\/v2\/area-palestrante?post=966"}],"curies":[{"name":"wp","href":"https:\/\/api.w.org\/{rel}","templated":true}]}}

<p>Doutor em Ciências Econômica, com ênfase em administração, é Analista de Sistemas, Administrador&nbsp; e especializado em Projetos e Processos pelo Fundação Getúlio Vargas, possui mestrado Logística (2005). Professor da Escola Nacional de Administração Pública e da Fundação Getúlio Vargas. Tem experiência na área de Administração, com ênfase em Gestão Contemporânea. Atualmente é Chefe do Escritório do Sistema de Defesa, Indústria e Academia do Comando Militar do Nordeste</p>



<p></p>
