{"id":964,"date":"2026-04-14T00:58:49","date_gmt":"2026-04-14T00:58:49","guid":{"rendered":"https:\/\/anprotec.org.br\/conferencia2026\/?post_type=palestrantes&#038;p=964"},"modified":"2026-04-14T01:04:41","modified_gmt":"2026-04-14T01:04:41","slug":"janelle-castrellon","status":"publish","type":"palestrantes","link":"https:\/\/anprotec.org.br\/conferencia2026\/palestrantes\/janelle-castrellon\/","title":{"rendered":"Janelle Castrell\u00f3n"},"content":{"rendered":"\n<p>Janelle Castrell\u00f3n trabalha diariamente para fomentar a colabora\u00e7\u00e3o, a troca de conhecimento e as parcerias internacionais entre ecossistemas de inova\u00e7\u00e3o, universidades, empresas e o governo no Panam\u00e1. Como Gerente de Neg\u00f3cios da Cidade do Conhecimento nos \u00faltimos 23 anos, ela se dedica a conectar pessoas, catalisar iniciativas e transformar redes em projetos concretos, alian\u00e7as estrat\u00e9gicas e experi\u00eancias de aprendizado que geram valor compartilhado e impacto sustent\u00e1vel. Trabalhando para consolidar a Cidade do Conhecimento como um parque tecnol\u00f3gico, ela impulsiona iniciativas que promovem a inova\u00e7\u00e3o aberta e facilitam espa\u00e7os de intera\u00e7\u00e3o entre pesquisa, empreendedorismo e neg\u00f3cios, fomentando o desenvolvimento de redes regionais e internacionais em diversos setores da inova\u00e7\u00e3o. Ela tamb\u00e9m lidera o programa de Mobilidade Acad\u00eamica, uma iniciativa da Cidade do Conhecimento que reflete essa abordagem colaborativa na pr\u00e1tica, conectando institui\u00e7\u00f5es acad\u00eamicas internacionais com desafios reais e prioridades de desenvolvimento. Por meio desse programa, promovemos experi\u00eancias imersivas que integram inova\u00e7\u00e3o, pesquisa e cultura, posicionando o parque tecnol\u00f3gico como um polo regional de aprendizado, interc\u00e2mbio e colabora\u00e7\u00e3o global. Com esses esfor\u00e7os, ela busca fortalecer a colabora\u00e7\u00e3o como ferramenta fundamental para impulsionar o desenvolvimento sustent\u00e1vel baseado no conhecimento. Janelle Castrell\u00f3n trabalha diariamente para promover a colabora\u00e7\u00e3o, o compartilhamento de conhecimento e as parcerias internacionais entre ecossistemas de inova\u00e7\u00e3o, universidades, empresas e o governo no Panam\u00e1..<\/p>\n","protected":false},"featured_media":965,"template":"","area-palestrante":[11],"class_list":["post-964","palestrantes","type-palestrantes","status-publish","has-post-thumbnail","hentry","area-palestrante-plenaria"],"_links":{"self":[{"href":"https:\/\/anprotec.org.br\/conferencia2026\/wp-json\/wp\/v2\/palestrantes\/964","targetHints":{"allow":["GET"]}}],"collection":[{"href":"https:\/\/anprotec.org.br\/conferencia2026\/wp-json\/wp\/v2\/palestrantes"}],"about":[{"href":"https:\/\/anprotec.org.br\/conferencia2026\/wp-json\/wp\/v2\/types\/palestrantes"}],"wp:featuredmedia":[{"embeddable":true,"href":"https:\/\/anprotec.org.br\/conferencia2026\/wp-json\/wp\/v2\/media\/965"}],"wp:attachment":[{"href":"https:\/\/anprotec.org.br\/conferencia2026\/wp-json\/wp\/v2\/media?parent=964"}],"wp:term":[{"taxonomy":"area-palestrante","embeddable":true,"href":"https:\/\/anprotec.org.br\/conferencia2026\/wp-json\/wp\/v2\/area-palestrante?post=964"}],"curies":[{"name":"wp","href":"https:\/\/api.w.org\/{rel}","templated":true}]}}

Janelle Castrellón

<p>Janelle Castrellón trabalha diariamente para fomentar a colaboração, a troca de conhecimento e as parcerias internacionais entre ecossistemas de inovação, universidades, empresas e o governo no Panamá. Como Gerente de Negócios da Cidade do Conhecimento nos últimos 23 anos, ela se dedica a conectar pessoas, catalisar iniciativas e transformar redes em projetos concretos, alianças estratégicas e experiências de aprendizado que geram valor compartilhado e impacto sustentável. Trabalhando para consolidar a Cidade do Conhecimento como um parque tecnológico, ela impulsiona iniciativas que promovem a inovação aberta e facilitam espaços de interação entre pesquisa, empreendedorismo e negócios, fomentando o desenvolvimento de redes regionais e internacionais em diversos setores da inovação. Ela também lidera o programa de Mobilidade Acadêmica, uma iniciativa da Cidade do Conhecimento que reflete essa abordagem colaborativa na prática, conectando instituições acadêmicas internacionais com desafios reais e prioridades de desenvolvimento. Por meio desse programa, promovemos experiências imersivas que integram inovação, pesquisa e cultura, posicionando o parque tecnológico como um polo regional de aprendizado, intercâmbio e colaboração global. Com esses esforços, ela busca fortalecer a colaboração como ferramenta fundamental para impulsionar o desenvolvimento sustentável baseado no conhecimento. Janelle Castrellón trabalha diariamente para promover a colaboração, o compartilhamento de conhecimento e as parcerias internacionais entre ecossistemas de inovação, universidades, empresas e o governo no Panamá..</p>
