{"id":961,"date":"2026-04-14T00:56:30","date_gmt":"2026-04-14T00:56:30","guid":{"rendered":"https:\/\/anprotec.org.br\/conferencia2026\/?post_type=palestrantes&#038;p=961"},"modified":"2026-04-14T01:04:53","modified_gmt":"2026-04-14T01:04:53","slug":"bruno-portela","status":"publish","type":"palestrantes","link":"https:\/\/anprotec.org.br\/conferencia2026\/palestrantes\/bruno-portela\/","title":{"rendered":"Bruno Portela"},"content":{"rendered":"\n<p>Bruno Monteiro Portela \u00e9 Procurador Federal da Advocacia-Geral da Uni\u00e3o (AGU) e coordenador do Laborat\u00f3rio de Inova\u00e7\u00e3o da AGU (LABORI). Bacharel em Direito pela Universidade de Fortaleza (UNIFOR), com p\u00f3s-gradua\u00e7\u00e3o em Direito P\u00fablico pela Universidade de Bras\u00edlia (UnB) e MBA em Gest\u00e3o P\u00fablica pela Funda\u00e7\u00e3o Getulio Vargas (FGV). Foi Secret\u00e1rio de Inova\u00e7\u00e3o e Micro e Pequenas Empresas e Secret\u00e1rio Especial Adjunto de Produtividade e Competitividade no Minist\u00e9rio da Economia, al\u00e9m de ter atuado como consultor jur\u00eddico nos Minist\u00e9rios da Ind\u00fastria, Com\u00e9rcio Exterior e Servi\u00e7os (MDIC) e da Ci\u00eancia, Tecnologia e Inova\u00e7\u00e3o (MCTI). Tamb\u00e9m integrou conselhos de administra\u00e7\u00e3o da EMBRAPA e da ABDI, foi Conselheiro Fiscal do BNDES e \u00e9 autor e coautor de obras sobre inova\u00e7\u00e3o e marco legal de ci\u00eancia, tecnologia e inova\u00e7\u00e3o no Brasil.<\/p>\n","protected":false},"featured_media":962,"template":"","area-palestrante":[11],"class_list":["post-961","palestrantes","type-palestrantes","status-publish","has-post-thumbnail","hentry","area-palestrante-plenaria"],"_links":{"self":[{"href":"https:\/\/anprotec.org.br\/conferencia2026\/wp-json\/wp\/v2\/palestrantes\/961","targetHints":{"allow":["GET"]}}],"collection":[{"href":"https:\/\/anprotec.org.br\/conferencia2026\/wp-json\/wp\/v2\/palestrantes"}],"about":[{"href":"https:\/\/anprotec.org.br\/conferencia2026\/wp-json\/wp\/v2\/types\/palestrantes"}],"wp:featuredmedia":[{"embeddable":true,"href":"https:\/\/anprotec.org.br\/conferencia2026\/wp-json\/wp\/v2\/media\/962"}],"wp:attachment":[{"href":"https:\/\/anprotec.org.br\/conferencia2026\/wp-json\/wp\/v2\/media?parent=961"}],"wp:term":[{"taxonomy":"area-palestrante","embeddable":true,"href":"https:\/\/anprotec.org.br\/conferencia2026\/wp-json\/wp\/v2\/area-palestrante?post=961"}],"curies":[{"name":"wp","href":"https:\/\/api.w.org\/{rel}","templated":true}]}}

<p>Bruno Monteiro Portela é Procurador Federal da Advocacia-Geral da União (AGU) e coordenador do Laboratório de Inovação da AGU (LABORI). Bacharel em Direito pela Universidade de Fortaleza (UNIFOR), com pós-graduação em Direito Público pela Universidade de Brasília (UnB) e MBA em Gestão Pública pela Fundação Getulio Vargas (FGV). Foi Secretário de Inovação e Micro e Pequenas Empresas e Secretário Especial Adjunto de Produtividade e Competitividade no Ministério da Economia, além de ter atuado como consultor jurídico nos Ministérios da Indústria, Comércio Exterior e Serviços (MDIC) e da Ciência, Tecnologia e Inovação (MCTI). Também integrou conselhos de administração da EMBRAPA e da ABDI, foi Conselheiro Fiscal do BNDES e é autor e coautor de obras sobre inovação e marco legal de ciência, tecnologia e inovação no Brasil.</p>
