{"id":954,"date":"2026-04-14T00:46:43","date_gmt":"2026-04-14T00:46:43","guid":{"rendered":"https:\/\/anprotec.org.br\/conferencia2026\/?post_type=palestrantes&#038;p=954"},"modified":"2026-04-14T01:05:08","modified_gmt":"2026-04-14T01:05:08","slug":"noelia-lucia-simoes-falcao","status":"publish","type":"palestrantes","link":"https:\/\/anprotec.org.br\/conferencia2026\/palestrantes\/noelia-lucia-simoes-falcao\/","title":{"rendered":"No\u00e9lia L\u00facia Sim\u00f5es Falc\u00e3o"},"content":{"rendered":"\n<p>Possui gradua\u00e7\u00e3o em Ci\u00eancias Econ\u00f4micas pela Universidade Federal do Amazonas (1997) e Mestrado em Propriedade Intelectual e Inova\u00e7\u00e3o pela Academia de Propriedade Intelectual, Inova\u00e7\u00e3o e Desenvolvimento do Instituto Nacional da Propriedade Industrial (2015). Por vinte e tr\u00eas anos (1979 a 2002) foi banc\u00e1ria e especializou-se em elabora\u00e7\u00e3o e an\u00e1lise de projetos econ\u00f4micos e financeiros. Participou da cria\u00e7\u00e3o da Ag\u00eancia de Fomento do Estado do Amazonas (AFEAM), onde coordenou a implanta\u00e7\u00e3o das a\u00e7\u00f5es de cr\u00e9dito para pequenas e m\u00e9dias empresas do estado do Amazonas. No per\u00edodo de 2002 a 2008, coordenou a implanta\u00e7\u00e3o, estrutura\u00e7\u00e3o e consolida\u00e7\u00e3o do N\u00facleo de Inova\u00e7\u00e3o Tecnol\u00f3gica (NIT) do Instituto Nacional de Pesquisas da Amaz\u00f4nia (INPA), atuando principalmente nos seguintes temas: propriedade intelectual, patentes, marcas, biodiversidade, conhecimento tradicional associado \u00e0 biodiversidade, licenciamento e transfer\u00eancia de tecnologia. No per\u00edodo de 2015 a 2024, coordenou novamente o N\u00facleo de Inova\u00e7\u00e3o Tecnol\u00f3gica (NIT) do Instituto Nacional de Pesquisas da Amaz\u00f4nia (INPA) e a Incubadora de empresas. Tem experi\u00eancia na \u00e1rea de Economia, com \u00eanfase em Elabora\u00e7\u00e3o e An\u00e1lise de Projetos Econ\u00f4micos e Financeiros. Atua por duas gest\u00f5es seguidas como Conselheira Consultiva da Associa\u00e7\u00e3o F\u00f3rum Nacional de Gestores de Inova\u00e7\u00e3o e Transfer\u00eancia de Tecnologia (FORTEC). Atualmente responde pela Coordena\u00e7\u00e3o do Arranjo NIT da Amaz\u00f4nia Ocidental (Arranjo AMOCI), do Minist\u00e9rio da Ci\u00eancia, Tecnologia e Inova\u00e7\u00e3o (MCTI).<\/p>\n","protected":false},"featured_media":955,"template":"","area-palestrante":[15],"class_list":["post-954","palestrantes","type-palestrantes","status-publish","has-post-thumbnail","hentry","area-palestrante-painel-speaker"],"_links":{"self":[{"href":"https:\/\/anprotec.org.br\/conferencia2026\/wp-json\/wp\/v2\/palestrantes\/954","targetHints":{"allow":["GET"]}}],"collection":[{"href":"https:\/\/anprotec.org.br\/conferencia2026\/wp-json\/wp\/v2\/palestrantes"}],"about":[{"href":"https:\/\/anprotec.org.br\/conferencia2026\/wp-json\/wp\/v2\/types\/palestrantes"}],"wp:featuredmedia":[{"embeddable":true,"href":"https:\/\/anprotec.org.br\/conferencia2026\/wp-json\/wp\/v2\/media\/955"}],"wp:attachment":[{"href":"https:\/\/anprotec.org.br\/conferencia2026\/wp-json\/wp\/v2\/media?parent=954"}],"wp:term":[{"taxonomy":"area-palestrante","embeddable":true,"href":"https:\/\/anprotec.org.br\/conferencia2026\/wp-json\/wp\/v2\/area-palestrante?post=954"}],"curies":[{"name":"wp","href":"https:\/\/api.w.org\/{rel}","templated":true}]}}

Noélia Lúcia Simões Falcão

<p>Possui graduação em Ciências Econômicas pela Universidade Federal do Amazonas (1997) e Mestrado em Propriedade Intelectual e Inovação pela Academia de Propriedade Intelectual, Inovação e Desenvolvimento do Instituto Nacional da Propriedade Industrial (2015). Por vinte e três anos (1979 a 2002) foi bancária e especializou-se em elaboração e análise de projetos econômicos e financeiros. Participou da criação da Agência de Fomento do Estado do Amazonas (AFEAM), onde coordenou a implantação das ações de crédito para pequenas e médias empresas do estado do Amazonas. No período de 2002 a 2008, coordenou a implantação, estruturação e consolidação do Núcleo de Inovação Tecnológica (NIT) do Instituto Nacional de Pesquisas da Amazônia (INPA), atuando principalmente nos seguintes temas: propriedade intelectual, patentes, marcas, biodiversidade, conhecimento tradicional associado à biodiversidade, licenciamento e transferência de tecnologia. No período de 2015 a 2024, coordenou novamente o Núcleo de Inovação Tecnológica (NIT) do Instituto Nacional de Pesquisas da Amazônia (INPA) e a Incubadora de empresas. Tem experiência na área de Economia, com ênfase em Elaboração e Análise de Projetos Econômicos e Financeiros. Atua por duas gestões seguidas como Conselheira Consultiva da Associação Fórum Nacional de Gestores de Inovação e Transferência de Tecnologia (FORTEC). Atualmente responde pela Coordenação do Arranjo NIT da Amazônia Ocidental (Arranjo AMOCI), do Ministério da Ciência, Tecnologia e Inovação (MCTI).</p>
