{"id":888,"date":"2026-04-10T14:05:01","date_gmt":"2026-04-10T14:05:01","guid":{"rendered":"https:\/\/anprotec.org.br\/conferencia2026\/?post_type=palestrantes&#038;p=888"},"modified":"2026-04-10T14:05:01","modified_gmt":"2026-04-10T14:05:01","slug":"vania-thaumaturgo","status":"publish","type":"palestrantes","link":"https:\/\/anprotec.org.br\/conferencia2026\/palestrantes\/vania-thaumaturgo\/","title":{"rendered":"Vania Thaumaturgo"},"content":{"rendered":"\n<p>Vania Thaumaturgo \u00e9 Head de Rela\u00e7\u00f5es Institucionais da Bertha Capital, uma gestora de venture capital brasileira especializada em fintechs e solu\u00e7\u00f5es financeiras inovadoras. Atua ainda como Presidente do Conselho de Administra\u00e7\u00e3o do Polo Digital de Manaus, membro do Conselho Estadual de Ci\u00eancia e Tecnologia do Amazonas (CONECTI), do Conselho Superior da Funda\u00e7\u00e3o de Amparo \u00e0 Pesquisa do Estado do Amazonas (FAPEAM), Comit\u00ea Consultivo do PEIEX da APEX, do Conselho Consultivo do IDESAM e do Comit\u00ea para Melhoria de Neg\u00f3cios da Prefeitura de Manaus. \u00c9 ainda cofundadora da Trinnovare Consultoria e do Instituto Amaz\u00f4nia Inteligente.<\/p>\n\n\n\n<p>Graduada em Engenheira Eletr\u00f4nica pela Universidade do Estado do Amazonas (UEA), com MBA em Gest\u00e3o Empresarial pela Funda\u00e7\u00e3o Get\u00falio Vargas (FGV-AM), mestre em Gest\u00e3o Estrat\u00e9gica pela Funda\u00e7\u00e3o Dom Cabral (FDC-MG), com forma\u00e7\u00e3o em Transforma\u00e7\u00e3o Digital pelo MIT, em Governan\u00e7a Corporativa pelo IBGC-SP, certificada em Compliance e \u00c9tica pela SCCE. Vania conta vasta experi\u00eancia em gest\u00e3o senior nos setores de telecomunica\u00e7\u00e3o e automotivo, bem como no ambiente de pesquisa, desenvolvimento e inova\u00e7\u00e3o.&nbsp;&nbsp;<\/p>\n\n\n\n<p>Atua \u00e0 frente da ExpoAmaz\u00f4nia Bio &amp; TIC e do evento Amaz\u00f4nia Inteligente, com objetivo de alavancar a bioeconomia, transforma\u00e7\u00e3o digital e a ado\u00e7\u00e3o da Intelig\u00eancia Artificial na Amaz\u00f4nia.&nbsp;<\/p>\n","protected":false},"featured_media":889,"template":"","area-palestrante":[15],"class_list":["post-888","palestrantes","type-palestrantes","status-publish","has-post-thumbnail","hentry","area-palestrante-painel-speaker"],"_links":{"self":[{"href":"https:\/\/anprotec.org.br\/conferencia2026\/wp-json\/wp\/v2\/palestrantes\/888","targetHints":{"allow":["GET"]}}],"collection":[{"href":"https:\/\/anprotec.org.br\/conferencia2026\/wp-json\/wp\/v2\/palestrantes"}],"about":[{"href":"https:\/\/anprotec.org.br\/conferencia2026\/wp-json\/wp\/v2\/types\/palestrantes"}],"wp:featuredmedia":[{"embeddable":true,"href":"https:\/\/anprotec.org.br\/conferencia2026\/wp-json\/wp\/v2\/media\/889"}],"wp:attachment":[{"href":"https:\/\/anprotec.org.br\/conferencia2026\/wp-json\/wp\/v2\/media?parent=888"}],"wp:term":[{"taxonomy":"area-palestrante","embeddable":true,"href":"https:\/\/anprotec.org.br\/conferencia2026\/wp-json\/wp\/v2\/area-palestrante?post=888"}],"curies":[{"name":"wp","href":"https:\/\/api.w.org\/{rel}","templated":true}]}}

<p>Vania Thaumaturgo é Head de Relações Institucionais da Bertha Capital, uma gestora de venture capital brasileira especializada em fintechs e soluções financeiras inovadoras. Atua ainda como Presidente do Conselho de Administração do Polo Digital de Manaus, membro do Conselho Estadual de Ciência e Tecnologia do Amazonas (CONECTI), do Conselho Superior da Fundação de Amparo à Pesquisa do Estado do Amazonas (FAPEAM), Comitê Consultivo do PEIEX da APEX, do Conselho Consultivo do IDESAM e do Comitê para Melhoria de Negócios da Prefeitura de Manaus. É ainda cofundadora da Trinnovare Consultoria e do Instituto Amazônia Inteligente.</p>



<p>Graduada em Engenheira Eletrônica pela Universidade do Estado do Amazonas (UEA), com MBA em Gestão Empresarial pela Fundação Getúlio Vargas (FGV-AM), mestre em Gestão Estratégica pela Fundação Dom Cabral (FDC-MG), com formação em Transformação Digital pelo MIT, em Governança Corporativa pelo IBGC-SP, certificada em Compliance e Ética pela SCCE. Vania conta vasta experiência em gestão senior nos setores de telecomunicação e automotivo, bem como no ambiente de pesquisa, desenvolvimento e inovação.&nbsp;&nbsp;</p>



<p>Atua à frente da ExpoAmazônia Bio &amp; TIC e do evento Amazônia Inteligente, com objetivo de alavancar a bioeconomia, transformação digital e a adoção da Inteligência Artificial na Amazônia.&nbsp;</p>
