{"id":881,"date":"2026-04-10T13:59:15","date_gmt":"2026-04-10T13:59:15","guid":{"rendered":"https:\/\/anprotec.org.br\/conferencia2026\/?post_type=palestrantes&#038;p=881"},"modified":"2026-04-10T13:59:15","modified_gmt":"2026-04-10T13:59:15","slug":"artur-roberto-de-oliveira-gibbon","status":"publish","type":"palestrantes","link":"https:\/\/anprotec.org.br\/conferencia2026\/palestrantes\/artur-roberto-de-oliveira-gibbon\/","title":{"rendered":"Artur Roberto de Oliveira Gibbon"},"content":{"rendered":"\n<p>Contador e professor adjunto na renomada Universidade Federal do Rio Grande \u2013 FURG. Com um Mestrado em Administra\u00e7\u00e3o de Empresas pela UFSC e um MBA em Ecossistemas de Inova\u00e7\u00e3o pela Unisinos. Al\u00e9m disso, \u00e9 Diretor do OCEANTEC \u2013 Parque Cient\u00edfico e Tecnol\u00f3gico da FURG, Presidente da REGINP \u2013 Rede Ga\u00facha de Ambientes de Inova\u00e7\u00e3o, Coordenador na Regi\u00e3o Sul e Conselheiro do Programa INOVA RS. Ele tamb\u00e9m \u00e9 membro do Comit\u00ea Gestor do Programa Startup Lab, do Conselho de Ci\u00eancia, Tecnologia e Inova\u00e7\u00e3o do Rio Grande do Sul, do Conselho Municipal de Ci\u00eancia, Tecnologia e Inova\u00e7\u00e3o de Rio Grande, e do Comit\u00ea de Inova\u00e7\u00e3o, Ci\u00eancia e Tecnologia da Federa\u00e7\u00e3o das Ind\u00fastrias do Rio Grande do Sul (FIERGS).<\/p>\n","protected":false},"featured_media":882,"template":"","area-palestrante":[12],"class_list":["post-881","palestrantes","type-palestrantes","status-publish","has-post-thumbnail","hentry","area-palestrante-painel-tematico"],"_links":{"self":[{"href":"https:\/\/anprotec.org.br\/conferencia2026\/wp-json\/wp\/v2\/palestrantes\/881","targetHints":{"allow":["GET"]}}],"collection":[{"href":"https:\/\/anprotec.org.br\/conferencia2026\/wp-json\/wp\/v2\/palestrantes"}],"about":[{"href":"https:\/\/anprotec.org.br\/conferencia2026\/wp-json\/wp\/v2\/types\/palestrantes"}],"wp:featuredmedia":[{"embeddable":true,"href":"https:\/\/anprotec.org.br\/conferencia2026\/wp-json\/wp\/v2\/media\/882"}],"wp:attachment":[{"href":"https:\/\/anprotec.org.br\/conferencia2026\/wp-json\/wp\/v2\/media?parent=881"}],"wp:term":[{"taxonomy":"area-palestrante","embeddable":true,"href":"https:\/\/anprotec.org.br\/conferencia2026\/wp-json\/wp\/v2\/area-palestrante?post=881"}],"curies":[{"name":"wp","href":"https:\/\/api.w.org\/{rel}","templated":true}]}}

<p>Contador e professor adjunto na renomada Universidade Federal do Rio Grande – FURG. Com um Mestrado em Administração de Empresas pela UFSC e um MBA em Ecossistemas de Inovação pela Unisinos. Além disso, é Diretor do OCEANTEC – Parque Científico e Tecnológico da FURG, Presidente da REGINP – Rede Gaúcha de Ambientes de Inovação, Coordenador na Região Sul e Conselheiro do Programa INOVA RS. Ele também é membro do Comitê Gestor do Programa Startup Lab, do Conselho de Ciência, Tecnologia e Inovação do Rio Grande do Sul, do Conselho Municipal de Ciência, Tecnologia e Inovação de Rio Grande, e do Comitê de Inovação, Ciência e Tecnologia da Federação das Indústrias do Rio Grande do Sul (FIERGS).</p>
