{"id":879,"date":"2026-04-10T13:56:58","date_gmt":"2026-04-10T13:56:58","guid":{"rendered":"https:\/\/anprotec.org.br\/conferencia2026\/?post_type=palestrantes&#038;p=879"},"modified":"2026-04-10T13:56:59","modified_gmt":"2026-04-10T13:56:59","slug":"luis-gustavo-peles","status":"publish","type":"palestrantes","link":"https:\/\/anprotec.org.br\/conferencia2026\/palestrantes\/luis-gustavo-peles\/","title":{"rendered":"Luis Gustavo Peles"},"content":{"rendered":"\n<p>Gestor de Projetos e Opera\u00e7\u00f5es na Anprotec e Gerente de Neg\u00f3cios Internacionais na Alianco Consultoria Empresarial.&nbsp;<\/p>\n\n\n\n<p>Graduado em Neg\u00f3cios Internacionais pela University of FEAD \u2013 Center for Business Management, em Minas Gerais. Especialista em Gest\u00e3o Executiva \u2013 curso de Marketing Internacional pela University of La Verne, na Calif\u00f3rnia. \u00c9 consultor em Com\u00e9rcio Exterior, Vendas e Marketing credenciada pelo Sebrae e pela Anprotec.<\/p>\n","protected":false},"featured_media":880,"template":"","area-palestrante":[12],"class_list":["post-879","palestrantes","type-palestrantes","status-publish","has-post-thumbnail","hentry","area-palestrante-painel-tematico"],"_links":{"self":[{"href":"https:\/\/anprotec.org.br\/conferencia2026\/wp-json\/wp\/v2\/palestrantes\/879","targetHints":{"allow":["GET"]}}],"collection":[{"href":"https:\/\/anprotec.org.br\/conferencia2026\/wp-json\/wp\/v2\/palestrantes"}],"about":[{"href":"https:\/\/anprotec.org.br\/conferencia2026\/wp-json\/wp\/v2\/types\/palestrantes"}],"wp:featuredmedia":[{"embeddable":true,"href":"https:\/\/anprotec.org.br\/conferencia2026\/wp-json\/wp\/v2\/media\/880"}],"wp:attachment":[{"href":"https:\/\/anprotec.org.br\/conferencia2026\/wp-json\/wp\/v2\/media?parent=879"}],"wp:term":[{"taxonomy":"area-palestrante","embeddable":true,"href":"https:\/\/anprotec.org.br\/conferencia2026\/wp-json\/wp\/v2\/area-palestrante?post=879"}],"curies":[{"name":"wp","href":"https:\/\/api.w.org\/{rel}","templated":true}]}}

<p>Gestor de Projetos e Operações na Anprotec e Gerente de Negócios Internacionais na Alianco Consultoria Empresarial.&nbsp;</p>



<p>Graduado em Negócios Internacionais pela University of FEAD – Center for Business Management, em Minas Gerais. Especialista em Gestão Executiva – curso de Marketing Internacional pela University of La Verne, na Califórnia. É consultor em Comércio Exterior, Vendas e Marketing credenciada pelo Sebrae e pela Anprotec.</p>
