{"id":877,"date":"2026-04-10T13:54:08","date_gmt":"2026-04-10T13:54:08","guid":{"rendered":"https:\/\/anprotec.org.br\/conferencia2026\/?post_type=palestrantes&#038;p=877"},"modified":"2026-04-10T13:54:21","modified_gmt":"2026-04-10T13:54:21","slug":"tony-chierighini","status":"publish","type":"palestrantes","link":"https:\/\/anprotec.org.br\/conferencia2026\/palestrantes\/tony-chierighini\/","title":{"rendered":"Tony Chierighini"},"content":{"rendered":"\n<p>Vice-presidente da Anprotec. Graduado em Ci\u00eancias Cont\u00e1beis pela UNIVALI e com extens\u00e3o em Capacita\u00e7\u00e3o Empresarial pela UFSC, Tony Chierighini \u00e9 o Diretor Executivo da Incubadora CELTA, da Funda\u00e7\u00e3o CERTI, reconhecida quatro vezes como a melhor incubadora tecnol\u00f3gica do pa\u00eds. Com 37 anos de atua\u00e7\u00e3o na Funda\u00e7\u00e3o, Tony tamb\u00e9m ocupa o cargo de Diretor de Opera\u00e7\u00f5es na CVentures Empreendimentos Inovadores. Sua experi\u00eancia abrange a gest\u00e3o e desenvolvimento de projetos em incubadoras e parques tecnol\u00f3gicos no Brasil e Am\u00e9rica do Sul. Participou da funda\u00e7\u00e3o da RECEPET e teve um papel significativo na Anprotec, contribuindo para o avan\u00e7o do empreendedorismo e inova\u00e7\u00e3o no setor tecnol\u00f3gico.<\/p>\n","protected":false},"featured_media":878,"template":"","area-palestrante":[12],"class_list":["post-877","palestrantes","type-palestrantes","status-publish","has-post-thumbnail","hentry","area-palestrante-painel-tematico"],"_links":{"self":[{"href":"https:\/\/anprotec.org.br\/conferencia2026\/wp-json\/wp\/v2\/palestrantes\/877","targetHints":{"allow":["GET"]}}],"collection":[{"href":"https:\/\/anprotec.org.br\/conferencia2026\/wp-json\/wp\/v2\/palestrantes"}],"about":[{"href":"https:\/\/anprotec.org.br\/conferencia2026\/wp-json\/wp\/v2\/types\/palestrantes"}],"wp:featuredmedia":[{"embeddable":true,"href":"https:\/\/anprotec.org.br\/conferencia2026\/wp-json\/wp\/v2\/media\/878"}],"wp:attachment":[{"href":"https:\/\/anprotec.org.br\/conferencia2026\/wp-json\/wp\/v2\/media?parent=877"}],"wp:term":[{"taxonomy":"area-palestrante","embeddable":true,"href":"https:\/\/anprotec.org.br\/conferencia2026\/wp-json\/wp\/v2\/area-palestrante?post=877"}],"curies":[{"name":"wp","href":"https:\/\/api.w.org\/{rel}","templated":true}]}}

<p>Vice-presidente da Anprotec. Graduado em Ciências Contábeis pela UNIVALI e com extensão em Capacitação Empresarial pela UFSC, Tony Chierighini é o Diretor Executivo da Incubadora CELTA, da Fundação CERTI, reconhecida quatro vezes como a melhor incubadora tecnológica do país. Com 37 anos de atuação na Fundação, Tony também ocupa o cargo de Diretor de Operações na CVentures Empreendimentos Inovadores. Sua experiência abrange a gestão e desenvolvimento de projetos em incubadoras e parques tecnológicos no Brasil e América do Sul. Participou da fundação da RECEPET e teve um papel significativo na Anprotec, contribuindo para o avanço do empreendedorismo e inovação no setor tecnológico.</p>
