{"id":872,"date":"2026-04-10T13:49:01","date_gmt":"2026-04-10T13:49:01","guid":{"rendered":"https:\/\/anprotec.org.br\/conferencia2026\/?post_type=palestrantes&#038;p=872"},"modified":"2026-04-10T13:49:01","modified_gmt":"2026-04-10T13:49:01","slug":"francisco-saboya","status":"publish","type":"palestrantes","link":"https:\/\/anprotec.org.br\/conferencia2026\/palestrantes\/francisco-saboya\/","title":{"rendered":"Francisco Saboya"},"content":{"rendered":"\n<p>Economista e mestre em Engenharia de Produ\u00e7\u00e3o pela Universidade Federal de Pernambuco (UFPE).<\/p>\n\n\n\n<p>\u00c9 Conselheiro Consultivo e ex-presidente da ANPROTEC \u2013 Associa\u00e7\u00e3o Nacional de Parques Tecnol\u00f3gicos e \u00c1reas de Inova\u00e7\u00e3o e assessor de inova\u00e7\u00e3o e transforma\u00e7\u00e3o digital na FIEPE \u2013 Federa\u00e7\u00e3o das Ind\u00fastrias de Pernambuco. \u00c9 membro do Conselho Nacional de Ci\u00eancia e Tecnologia, do Conselho Consultivo da FINEP, do Conselho Deliberativo Nacional do SEBRAE, do Conselho de Administra\u00e7\u00e3o do Porto Digital, do Conselho Consultivo do Instituto Senai de Inova\u00e7\u00e3o \u2013 ISI\/TICs, do Conselho Consultivo do Instituto de Pesquisa, Inova\u00e7\u00e3o e Empreendedorismo \u2013 IP\u00ca da UFRPE e do Comit\u00ea de L\u00edderes da MEI \u2013 Mobiliza\u00e7\u00e3o Empresarial pela Inova\u00e7\u00e3o. Tamb\u00e9m integrou os Conselhos do CGEE, ABDI, CESAR e Softex\/PE, entre outros.<\/p>\n\n\n\n<p>\u00c9 docente desde 1985 na Universidade Estadual de Pernambuco (FCAP-UPE), onde leciona as disciplinas de Macroeconomia e Gest\u00e3o de Inova\u00e7\u00e3o, Ci\u00eancia e Tecnologia na Faculdade de Ci\u00eancias da Administra\u00e7\u00e3o. Tamb\u00e9m \u00e9 consultor e palestrante nas \u00e1reas de inova\u00e7\u00e3o, transforma\u00e7\u00e3o digital, economia criativa e empreendedorismo, escrevendo regularmente artigos para peri\u00f3dicos e portais sobre estes temas.<\/p>\n\n\n\n<p>Foi superintendente do Sebrae-PE (2019-2022) e coordenador do Programa de Transforma\u00e7\u00e3o Digital do Sistema Sebrae (2020-2022). Por 11 anos (2007-2018) foi presidente do Porto Digital (Recife-PE), parque tecnol\u00f3gico especializado em desenvolvimento de software e ind\u00fastrias criativas e um dos mais destacados ambientes de empreendedorismo inovador do pa\u00eds. Entre 2015 e 2018 foi presidente da Divis\u00e3o da Am\u00e9rica Latina da International Association of Science Parks and Areas of Innovation (IASP) e membro do board global da entidade.<\/p>\n\n\n\n<p>Foi empreendedor por 20 anos, dirigindo empresas de desenvolvimento de software e consultoria organizacional, com atua\u00e7\u00e3o junto aos mercados p\u00fablico e privado. Na gest\u00e3o p\u00fablica, ocupou cargos de secretaria e dire\u00e7\u00e3o superior nos n\u00edveis estadual e municipal.<\/p>\n","protected":false},"featured_media":873,"template":"","area-palestrante":[11],"class_list":["post-872","palestrantes","type-palestrantes","status-publish","has-post-thumbnail","hentry","area-palestrante-plenaria"],"_links":{"self":[{"href":"https:\/\/anprotec.org.br\/conferencia2026\/wp-json\/wp\/v2\/palestrantes\/872","targetHints":{"allow":["GET"]}}],"collection":[{"href":"https:\/\/anprotec.org.br\/conferencia2026\/wp-json\/wp\/v2\/palestrantes"}],"about":[{"href":"https:\/\/anprotec.org.br\/conferencia2026\/wp-json\/wp\/v2\/types\/palestrantes"}],"wp:featuredmedia":[{"embeddable":true,"href":"https:\/\/anprotec.org.br\/conferencia2026\/wp-json\/wp\/v2\/media\/873"}],"wp:attachment":[{"href":"https:\/\/anprotec.org.br\/conferencia2026\/wp-json\/wp\/v2\/media?parent=872"}],"wp:term":[{"taxonomy":"area-palestrante","embeddable":true,"href":"https:\/\/anprotec.org.br\/conferencia2026\/wp-json\/wp\/v2\/area-palestrante?post=872"}],"curies":[{"name":"wp","href":"https:\/\/api.w.org\/{rel}","templated":true}]}}

<p>Economista e mestre em Engenharia de Produção pela Universidade Federal de Pernambuco (UFPE).</p>



<p>É Conselheiro Consultivo e ex-presidente da ANPROTEC – Associação Nacional de Parques Tecnológicos e Áreas de Inovação e assessor de inovação e transformação digital na FIEPE – Federação das Indústrias de Pernambuco. É membro do Conselho Nacional de Ciência e Tecnologia, do Conselho Consultivo da FINEP, do Conselho Deliberativo Nacional do SEBRAE, do Conselho de Administração do Porto Digital, do Conselho Consultivo do Instituto Senai de Inovação – ISI/TICs, do Conselho Consultivo do Instituto de Pesquisa, Inovação e Empreendedorismo – IPÊ da UFRPE e do Comitê de Líderes da MEI – Mobilização Empresarial pela Inovação. Também integrou os Conselhos do CGEE, ABDI, CESAR e Softex/PE, entre outros.</p>



<p>É docente desde 1985 na Universidade Estadual de Pernambuco (FCAP-UPE), onde leciona as disciplinas de Macroeconomia e Gestão de Inovação, Ciência e Tecnologia na Faculdade de Ciências da Administração. Também é consultor e palestrante nas áreas de inovação, transformação digital, economia criativa e empreendedorismo, escrevendo regularmente artigos para periódicos e portais sobre estes temas.</p>



<p>Foi superintendente do Sebrae-PE (2019-2022) e coordenador do Programa de Transformação Digital do Sistema Sebrae (2020-2022). Por 11 anos (2007-2018) foi presidente do Porto Digital (Recife-PE), parque tecnológico especializado em desenvolvimento de software e indústrias criativas e um dos mais destacados ambientes de empreendedorismo inovador do país. Entre 2015 e 2018 foi presidente da Divisão da América Latina da International Association of Science Parks and Areas of Innovation (IASP) e membro do board global da entidade.</p>



<p>Foi empreendedor por 20 anos, dirigindo empresas de desenvolvimento de software e consultoria organizacional, com atuação junto aos mercados público e privado. Na gestão pública, ocupou cargos de secretaria e direção superior nos níveis estadual e municipal.</p>
