{"id":867,"date":"2026-04-10T13:43:56","date_gmt":"2026-04-10T13:43:56","guid":{"rendered":"https:\/\/anprotec.org.br\/conferencia2026\/?post_type=palestrantes&#038;p=867"},"modified":"2026-04-10T13:51:18","modified_gmt":"2026-04-10T13:51:18","slug":"adriana-ferreira-de-faria","status":"publish","type":"palestrantes","link":"https:\/\/anprotec.org.br\/conferencia2026\/palestrantes\/adriana-ferreira-de-faria\/","title":{"rendered":"Adriana Ferreira de Faria"},"content":{"rendered":"\n<p>Presidente da Anprotec. Engenheira qu\u00edmica formada pela Universidade Federal de Uberl\u00e2ndia, possui mestrado e doutorado em Engenharia Mec\u00e2nica pela mesma universidade e realizou p\u00f3s-doutorado em Gest\u00e3o da Inova\u00e7\u00e3o na North Carolina State University. Atualmente, ela \u00e9 professora na Universidade Federal de Vi\u00e7osa (UFV) e lidera como Diretora Executiva do Centro Tecnol\u00f3gico de Desenvolvimento Regional de Vi\u00e7osa (CenTev\/UFV) desde 2019. Como Diretora Presidente da Rede Mineira de Inova\u00e7\u00e3o (gest\u00e3o 2023\/2024), Adriana destaca-se no cen\u00e1rio de inova\u00e7\u00e3o e empreendedorismo.<\/p>\n\n\n\n<p>Sua experi\u00eancia inclui a participa\u00e7\u00e3o em conselhos e comit\u00eas importantes, como o Conselho Fiscal da Anprotec e a Coordena\u00e7\u00e3o da Incubadora de Empresas de Base Tecnol\u00f3gica do CenTev.<\/p>\n","protected":false},"featured_media":869,"template":"","area-palestrante":[11],"class_list":["post-867","palestrantes","type-palestrantes","status-publish","has-post-thumbnail","hentry","area-palestrante-plenaria"],"_links":{"self":[{"href":"https:\/\/anprotec.org.br\/conferencia2026\/wp-json\/wp\/v2\/palestrantes\/867","targetHints":{"allow":["GET"]}}],"collection":[{"href":"https:\/\/anprotec.org.br\/conferencia2026\/wp-json\/wp\/v2\/palestrantes"}],"about":[{"href":"https:\/\/anprotec.org.br\/conferencia2026\/wp-json\/wp\/v2\/types\/palestrantes"}],"wp:featuredmedia":[{"embeddable":true,"href":"https:\/\/anprotec.org.br\/conferencia2026\/wp-json\/wp\/v2\/media\/869"}],"wp:attachment":[{"href":"https:\/\/anprotec.org.br\/conferencia2026\/wp-json\/wp\/v2\/media?parent=867"}],"wp:term":[{"taxonomy":"area-palestrante","embeddable":true,"href":"https:\/\/anprotec.org.br\/conferencia2026\/wp-json\/wp\/v2\/area-palestrante?post=867"}],"curies":[{"name":"wp","href":"https:\/\/api.w.org\/{rel}","templated":true}]}}

<p>Presidente da Anprotec. Engenheira química formada pela Universidade Federal de Uberlândia, possui mestrado e doutorado em Engenharia Mecânica pela mesma universidade e realizou pós-doutorado em Gestão da Inovação na North Carolina State University. Atualmente, ela é professora na Universidade Federal de Viçosa (UFV) e lidera como Diretora Executiva do Centro Tecnológico de Desenvolvimento Regional de Viçosa (CenTev/UFV) desde 2019. Como Diretora Presidente da Rede Mineira de Inovação (gestão 2023/2024), Adriana destaca-se no cenário de inovação e empreendedorismo.</p>



<p>Sua experiência inclui a participação em conselhos e comitês importantes, como o Conselho Fiscal da Anprotec e a Coordenação da Incubadora de Empresas de Base Tecnológica do CenTev.</p>
