{"id":708,"date":"2026-04-07T19:26:24","date_gmt":"2026-04-07T19:26:24","guid":{"rendered":"https:\/\/anprotec.org.br\/conferencia2026\/?post_type=palestrantes&#038;p=708"},"modified":"2026-04-07T19:26:25","modified_gmt":"2026-04-07T19:26:25","slug":"silvio-bitencourt-da-silva","status":"publish","type":"palestrantes","link":"https:\/\/anprotec.org.br\/conferencia2026\/palestrantes\/silvio-bitencourt-da-silva\/","title":{"rendered":"Silvio Bitencourt da Silva"},"content":{"rendered":"\n<p>Executivo com atua\u00e7\u00e3o em governan\u00e7a de ecossistemas de inova\u00e7\u00e3o, desenvolvimento territorial e articula\u00e7\u00e3o entre universidade, empresas e governo. Atua como Diretor do TECNOSINOS &#8211; Parque Tecnol\u00f3gico S\u00e3o Leopoldo, liderando a estrat\u00e9gia institucional e a governan\u00e7a multistakeholder do ecossistema. Na UNISINOS, \u00e9 respons\u00e1vel pela coordena\u00e7\u00e3o do N\u00facleo de Inova\u00e7\u00e3o Tecnol\u00f3gica (NIT), com foco em transfer\u00eancia de tecnologia, propriedade intelectual e contratos universidade-empresa, e pela Coordena\u00e7\u00e3o de Capta\u00e7\u00e3o de Recursos. Tamb\u00e9m \u00e9 Professor do Mestrado Profissional em Direito da Empresa e dos Neg\u00f3cios da UNISINOS conectando pr\u00e1tica executiva e trajet\u00f3ria acad\u00eamica no ensino e pesquisa. Seus temas de interesse orbitam em gest\u00e3o da inova\u00e7\u00e3o tecnol\u00f3gica e social, ambientes de inova\u00e7\u00e3o, estrat\u00e9gias de inova\u00e7\u00e3o aberta e pol\u00edticas p\u00fablicas para inova\u00e7\u00e3o e empreendedorismo.<\/p>\n","protected":false},"featured_media":651,"template":"","area-palestrante":[15],"class_list":["post-708","palestrantes","type-palestrantes","status-publish","has-post-thumbnail","hentry","area-palestrante-painel-speaker"],"_links":{"self":[{"href":"https:\/\/anprotec.org.br\/conferencia2026\/wp-json\/wp\/v2\/palestrantes\/708","targetHints":{"allow":["GET"]}}],"collection":[{"href":"https:\/\/anprotec.org.br\/conferencia2026\/wp-json\/wp\/v2\/palestrantes"}],"about":[{"href":"https:\/\/anprotec.org.br\/conferencia2026\/wp-json\/wp\/v2\/types\/palestrantes"}],"wp:featuredmedia":[{"embeddable":true,"href":"https:\/\/anprotec.org.br\/conferencia2026\/wp-json\/wp\/v2\/media\/651"}],"wp:attachment":[{"href":"https:\/\/anprotec.org.br\/conferencia2026\/wp-json\/wp\/v2\/media?parent=708"}],"wp:term":[{"taxonomy":"area-palestrante","embeddable":true,"href":"https:\/\/anprotec.org.br\/conferencia2026\/wp-json\/wp\/v2\/area-palestrante?post=708"}],"curies":[{"name":"wp","href":"https:\/\/api.w.org\/{rel}","templated":true}]}}

<p>Executivo com atuação em governança de ecossistemas de inovação, desenvolvimento territorial e articulação entre universidade, empresas e governo. Atua como Diretor do TECNOSINOS &#8211; Parque Tecnológico São Leopoldo, liderando a estratégia institucional e a governança multistakeholder do ecossistema. Na UNISINOS, é responsável pela coordenação do Núcleo de Inovação Tecnológica (NIT), com foco em transferência de tecnologia, propriedade intelectual e contratos universidade-empresa, e pela Coordenação de Captação de Recursos. Também é Professor do Mestrado Profissional em Direito da Empresa e dos Negócios da UNISINOS conectando prática executiva e trajetória acadêmica no ensino e pesquisa. Seus temas de interesse orbitam em gestão da inovação tecnológica e social, ambientes de inovação, estratégias de inovação aberta e políticas públicas para inovação e empreendedorismo.</p>
