{"id":707,"date":"2026-04-07T19:25:34","date_gmt":"2026-04-07T19:25:34","guid":{"rendered":"https:\/\/anprotec.org.br\/conferencia2026\/?post_type=palestrantes&#038;p=707"},"modified":"2026-04-07T19:25:34","modified_gmt":"2026-04-07T19:25:34","slug":"samara-castro","status":"publish","type":"palestrantes","link":"https:\/\/anprotec.org.br\/conferencia2026\/palestrantes\/samara-castro\/","title":{"rendered":"Samara Castro"},"content":{"rendered":"\n<p>\u00c9 Administradora e Bacharel em Direito. Doutora em Turismo e Hospitalidade pela Universidade de Caxias do Sul (UCS). Mestre em Engenharia de Produ\u00e7\u00e3o (UFAM); possui MBA Executivo em Gest\u00e3o de Organiza\u00e7\u00f5es, Opera\u00e7\u00f5es e Servi\u00e7os (UFAM) e MBA em PD&amp;I (UEA). Professora h\u00e1 mais de 20 anos, com expertise em projetos de Ensino, Pesquisa e Extens\u00e3o. \u00c9 docente na Faculdade de Tecnologia Senac Amazonas. Atua como Presidente na &#8220;RAMI &#8211; Rede de Inova\u00e7\u00e3o e Empreendedorismo da Amaz\u00f4nia. Tem colaborado como mentora de neg\u00f3cios em programas de empreendedorismo que promovem o ecossistema de inova\u00e7\u00e3o como Anprotec, Manaus Tech Hub, Softex, IFAM, UEA, Esta\u00e7\u00e3o Hack Facebook\/Artemisia, BNDES Garagem, Salto Aceleradora, Conecta Startup Brasil e Inovativa Brasil. Em 2024 foi vencedora da premia\u00e7\u00e3o a n\u00edvel nacional do Senac Brasil Melhores Pr\u00e1ticas Docentes com Uso de Tecnologias Digitais e em 2025 foi vencedora do Pr\u00eamio Jaraqui Gra\u00fado, na categoria Hero\u00edna do Ecossistema.<\/p>\n","protected":false},"featured_media":648,"template":"","area-palestrante":[15],"class_list":["post-707","palestrantes","type-palestrantes","status-publish","has-post-thumbnail","hentry","area-palestrante-painel-speaker"],"_links":{"self":[{"href":"https:\/\/anprotec.org.br\/conferencia2026\/wp-json\/wp\/v2\/palestrantes\/707","targetHints":{"allow":["GET"]}}],"collection":[{"href":"https:\/\/anprotec.org.br\/conferencia2026\/wp-json\/wp\/v2\/palestrantes"}],"about":[{"href":"https:\/\/anprotec.org.br\/conferencia2026\/wp-json\/wp\/v2\/types\/palestrantes"}],"wp:featuredmedia":[{"embeddable":true,"href":"https:\/\/anprotec.org.br\/conferencia2026\/wp-json\/wp\/v2\/media\/648"}],"wp:attachment":[{"href":"https:\/\/anprotec.org.br\/conferencia2026\/wp-json\/wp\/v2\/media?parent=707"}],"wp:term":[{"taxonomy":"area-palestrante","embeddable":true,"href":"https:\/\/anprotec.org.br\/conferencia2026\/wp-json\/wp\/v2\/area-palestrante?post=707"}],"curies":[{"name":"wp","href":"https:\/\/api.w.org\/{rel}","templated":true}]}}

<p>É Administradora e Bacharel em Direito. Doutora em Turismo e Hospitalidade pela Universidade de Caxias do Sul (UCS). Mestre em Engenharia de Produção (UFAM); possui MBA Executivo em Gestão de Organizações, Operações e Serviços (UFAM) e MBA em PD&amp;I (UEA). Professora há mais de 20 anos, com expertise em projetos de Ensino, Pesquisa e Extensão. É docente na Faculdade de Tecnologia Senac Amazonas. Atua como Presidente na &#8220;RAMI &#8211; Rede de Inovação e Empreendedorismo da Amazônia. Tem colaborado como mentora de negócios em programas de empreendedorismo que promovem o ecossistema de inovação como Anprotec, Manaus Tech Hub, Softex, IFAM, UEA, Estação Hack Facebook/Artemisia, BNDES Garagem, Salto Aceleradora, Conecta Startup Brasil e Inovativa Brasil. Em 2024 foi vencedora da premiação a nível nacional do Senac Brasil Melhores Práticas Docentes com Uso de Tecnologias Digitais e em 2025 foi vencedora do Prêmio Jaraqui Graúdo, na categoria Heroína do Ecossistema.</p>
