{"id":705,"date":"2026-04-07T19:24:32","date_gmt":"2026-04-07T19:24:32","guid":{"rendered":"https:\/\/anprotec.org.br\/conferencia2026\/?post_type=palestrantes&#038;p=705"},"modified":"2026-04-10T14:07:19","modified_gmt":"2026-04-10T14:07:19","slug":"diretora-de-redes-e-associados-da-anprotec","status":"publish","type":"palestrantes","link":"https:\/\/anprotec.org.br\/conferencia2026\/palestrantes\/diretora-de-redes-e-associados-da-anprotec\/","title":{"rendered":"Maira Nobre de Castro"},"content":{"rendered":"\n<p>Graduado em F\u00edsica, com Doutorado em Astrof\u00edsica pela Universidade Federal do Rio Grande do Sul (UFRGS), al\u00e9m de P\u00f3s-Doutorado pelo Observatoire de Paris\/Fran\u00e7a. Tem experi\u00eancia nas \u00e1reas de astronomia extragal\u00e1ctica e gest\u00e3o em CT&amp;I. Coordenou a \u00e1rea de Infraestrutura de Pesquisa na Secretaria de Pol\u00edticas para Forma\u00e7\u00e3o e A\u00e7\u00f5es Estrat\u00e9gicas do MCTI. Desde 2004 atua junto ao Conselho Nacional de Desenvolvimento Cient\u00edfico e Tecnol\u00f3gico (CNPq), sendo atualmente o Coordenador Geral de Promo\u00e7\u00e3o \u00e0 Inova\u00e7\u00e3o e ao Transbordamento do Conhecimento.<\/p>\n","protected":false},"featured_media":890,"template":"","area-palestrante":[14],"class_list":["post-705","palestrantes","type-palestrantes","status-publish","has-post-thumbnail","hentry","area-palestrante-roda-conversa"],"_links":{"self":[{"href":"https:\/\/anprotec.org.br\/conferencia2026\/wp-json\/wp\/v2\/palestrantes\/705","targetHints":{"allow":["GET"]}}],"collection":[{"href":"https:\/\/anprotec.org.br\/conferencia2026\/wp-json\/wp\/v2\/palestrantes"}],"about":[{"href":"https:\/\/anprotec.org.br\/conferencia2026\/wp-json\/wp\/v2\/types\/palestrantes"}],"wp:featuredmedia":[{"embeddable":true,"href":"https:\/\/anprotec.org.br\/conferencia2026\/wp-json\/wp\/v2\/media\/890"}],"wp:attachment":[{"href":"https:\/\/anprotec.org.br\/conferencia2026\/wp-json\/wp\/v2\/media?parent=705"}],"wp:term":[{"taxonomy":"area-palestrante","embeddable":true,"href":"https:\/\/anprotec.org.br\/conferencia2026\/wp-json\/wp\/v2\/area-palestrante?post=705"}],"curies":[{"name":"wp","href":"https:\/\/api.w.org\/{rel}","templated":true}]}}

<p>Graduado em Física, com Doutorado em Astrofísica pela Universidade Federal do Rio Grande do Sul (UFRGS), além de Pós-Doutorado pelo Observatoire de Paris/França. Tem experiência nas áreas de astronomia extragaláctica e gestão em CT&amp;I. Coordenou a área de Infraestrutura de Pesquisa na Secretaria de Políticas para Formação e Ações Estratégicas do MCTI. Desde 2004 atua junto ao Conselho Nacional de Desenvolvimento Científico e Tecnológico (CNPq), sendo atualmente o Coordenador Geral de Promoção à Inovação e ao Transbordamento do Conhecimento.</p>
