{"id":704,"date":"2026-04-07T19:22:02","date_gmt":"2026-04-07T19:22:02","guid":{"rendered":"https:\/\/anprotec.org.br\/conferencia2026\/?post_type=palestrantes&#038;p=704"},"modified":"2026-04-07T19:22:03","modified_gmt":"2026-04-07T19:22:03","slug":"marcel-botelho","status":"publish","type":"palestrantes","link":"https:\/\/anprotec.org.br\/conferencia2026\/palestrantes\/marcel-botelho\/","title":{"rendered":"Marcel Botelho"},"content":{"rendered":"\n<p>Marcel Botelho foi reitor da Universidade Federal da Amaz\u00f4nia e ao longo de sua carreira acad\u00eamica exerceu diferentes cargos estaduais, regionais e nacionais como: Presidente do F\u00f3rum das Institui\u00e7\u00f5es de Ensino e Pesquisa do Estado do Par\u00e1 &#8211; FIESPA, Presidente do F\u00f3rum de Pr\u00f3-Reitores de Gradua\u00e7\u00e3o da Regi\u00e3o Norte e Vice-Presidente do Col\u00e9gio de Pr\u00f3-Reitores de Gradua\u00e7\u00e3o das Institui\u00e7\u00f5es Federais de Ensino Superior &#8211; COGRAD. \u00c9 PhD em Gest\u00e3o, Desenvolvimento Local e Fortalecimento Institucional. Atualmente, \u00e9 Diretor-Presidente da Funda\u00e7\u00e3o Amaz\u00f4nia de Amparo a Estudos e Pesquisas, e Presidente do Conselho Nacional das Funda\u00e7\u00f5es de Amparo \u00e0 Pesquisa &#8211; CONFAP.<\/p>\n","protected":false},"featured_media":653,"template":"","area-palestrante":[14],"class_list":["post-704","palestrantes","type-palestrantes","status-publish","has-post-thumbnail","hentry","area-palestrante-roda-conversa"],"_links":{"self":[{"href":"https:\/\/anprotec.org.br\/conferencia2026\/wp-json\/wp\/v2\/palestrantes\/704","targetHints":{"allow":["GET"]}}],"collection":[{"href":"https:\/\/anprotec.org.br\/conferencia2026\/wp-json\/wp\/v2\/palestrantes"}],"about":[{"href":"https:\/\/anprotec.org.br\/conferencia2026\/wp-json\/wp\/v2\/types\/palestrantes"}],"wp:featuredmedia":[{"embeddable":true,"href":"https:\/\/anprotec.org.br\/conferencia2026\/wp-json\/wp\/v2\/media\/653"}],"wp:attachment":[{"href":"https:\/\/anprotec.org.br\/conferencia2026\/wp-json\/wp\/v2\/media?parent=704"}],"wp:term":[{"taxonomy":"area-palestrante","embeddable":true,"href":"https:\/\/anprotec.org.br\/conferencia2026\/wp-json\/wp\/v2\/area-palestrante?post=704"}],"curies":[{"name":"wp","href":"https:\/\/api.w.org\/{rel}","templated":true}]}}

<p>Marcel Botelho foi reitor da Universidade Federal da Amazônia e ao longo de sua carreira acadêmica exerceu diferentes cargos estaduais, regionais e nacionais como: Presidente do Fórum das Instituições de Ensino e Pesquisa do Estado do Pará &#8211; FIESPA, Presidente do Fórum de Pró-Reitores de Graduação da Região Norte e Vice-Presidente do Colégio de Pró-Reitores de Graduação das Instituições Federais de Ensino Superior &#8211; COGRAD. É PhD em Gestão, Desenvolvimento Local e Fortalecimento Institucional. Atualmente, é Diretor-Presidente da Fundação Amazônia de Amparo a Estudos e Pesquisas, e Presidente do Conselho Nacional das Fundações de Amparo à Pesquisa &#8211; CONFAP.</p>
