{"id":702,"date":"2026-04-07T19:21:26","date_gmt":"2026-04-07T19:21:26","guid":{"rendered":"https:\/\/anprotec.org.br\/conferencia2026\/?post_type=palestrantes&#038;p=702"},"modified":"2026-04-10T00:41:28","modified_gmt":"2026-04-10T00:41:28","slug":"diretor-de-relacoes-internacionais-na-anprotec","status":"publish","type":"palestrantes","link":"https:\/\/anprotec.org.br\/conferencia2026\/palestrantes\/diretor-de-relacoes-internacionais-na-anprotec\/","title":{"rendered":"Romildo Toledo"},"content":{"rendered":"\n<p>D.Sc. Romildo Dias Toledo Filho \u00e9 Professor Titular do Programa de Engenharia Civil da COPPE\/UFRJ e membro da Academia Mundial de Ci\u00eancias (TWAS), da Academia Brasileira de Ci\u00eancias e da Academia Nacional de Engenharia. Atual Diretor Executivo do Parque Tecnol\u00f3gico da UFRJ e Coordenador do N\u00facleo de Materiais e Tecnologia Sustent\u00e1veis (NUMATS) da Poli\/Coppe\/UFRJ, tem uma carreira distinta como Pesquisador 1A do CNPq e Pesquisador S\u00eanior da FAPERJ. Com uma vasta produ\u00e7\u00e3o acad\u00eamica, inclui mais de 288 artigos em peri\u00f3dicos, 5 livros organizados, e mais de 400 trabalhos em congressos, al\u00e9m de v\u00e1rias orienta\u00e7\u00f5es de doutorado e mestrado premiadas. Romildo \u00e9 reconhecido por suas contribui\u00e7\u00f5es \u00e0 engenharia civil e materiais sustent\u00e1veis, participando ativamente de associa\u00e7\u00f5es profissionais e comit\u00eas t\u00e9cnicos internacionais.<br><\/p>\n","protected":false},"featured_media":805,"template":"","area-palestrante":[14],"class_list":["post-702","palestrantes","type-palestrantes","status-publish","has-post-thumbnail","hentry","area-palestrante-roda-conversa"],"_links":{"self":[{"href":"https:\/\/anprotec.org.br\/conferencia2026\/wp-json\/wp\/v2\/palestrantes\/702","targetHints":{"allow":["GET"]}}],"collection":[{"href":"https:\/\/anprotec.org.br\/conferencia2026\/wp-json\/wp\/v2\/palestrantes"}],"about":[{"href":"https:\/\/anprotec.org.br\/conferencia2026\/wp-json\/wp\/v2\/types\/palestrantes"}],"wp:featuredmedia":[{"embeddable":true,"href":"https:\/\/anprotec.org.br\/conferencia2026\/wp-json\/wp\/v2\/media\/805"}],"wp:attachment":[{"href":"https:\/\/anprotec.org.br\/conferencia2026\/wp-json\/wp\/v2\/media?parent=702"}],"wp:term":[{"taxonomy":"area-palestrante","embeddable":true,"href":"https:\/\/anprotec.org.br\/conferencia2026\/wp-json\/wp\/v2\/area-palestrante?post=702"}],"curies":[{"name":"wp","href":"https:\/\/api.w.org\/{rel}","templated":true}]}}

<p>D.Sc. Romildo Dias Toledo Filho é Professor Titular do Programa de Engenharia Civil da COPPE/UFRJ e membro da Academia Mundial de Ciências (TWAS), da Academia Brasileira de Ciências e da Academia Nacional de Engenharia. Atual Diretor Executivo do Parque Tecnológico da UFRJ e Coordenador do Núcleo de Materiais e Tecnologia Sustentáveis (NUMATS) da Poli/Coppe/UFRJ, tem uma carreira distinta como Pesquisador 1A do CNPq e Pesquisador Sênior da FAPERJ. Com uma vasta produção acadêmica, inclui mais de 288 artigos em periódicos, 5 livros organizados, e mais de 400 trabalhos em congressos, além de várias orientações de doutorado e mestrado premiadas. Romildo é reconhecido por suas contribuições à engenharia civil e materiais sustentáveis, participando ativamente de associações profissionais e comitês técnicos internacionais.<br></p>
