{"id":701,"date":"2026-04-07T19:17:39","date_gmt":"2026-04-07T19:17:39","guid":{"rendered":"https:\/\/anprotec.org.br\/conferencia2026\/?post_type=palestrantes&#038;p=701"},"modified":"2026-04-07T19:17:59","modified_gmt":"2026-04-07T19:17:59","slug":"fernanda-bombardi","status":"publish","type":"palestrantes","link":"https:\/\/anprotec.org.br\/conferencia2026\/palestrantes\/fernanda-bombardi\/","title":{"rendered":"Fernanda Bombardi"},"content":{"rendered":"\n<p>Fernanda Bombardi \u00e9 Diretora de Programas do ICE &#8211; Instituto de Cidadania Empresarial. \u00c9 tamb\u00e9m membro do Conselho do Projeto Casulo, al\u00e9m de ter sido fellow do programa do MIT D-Lab Innovation Ecosystem Builder Fellowship. Atua tamb\u00e9m como conselheira consultiva da iniciativa Grande Reserva Mata Atl\u00e2ntica.<\/p>\n\n\n\n<p>Com MBA em Gest\u00e3o de Neg\u00f3cios Socioambientais pelo CEATS-USP, \u00e9 formada pela PUC-SP e especialista em Desenvolvimento Local.<\/p>\n\n\n\n<p>Fernanda dedicou quase oito anos a projetos de desenvolvimento comunit\u00e1rio, tendo implementado um programa em gera\u00e7\u00e3o de renda na Amaz\u00f4nia. Desde 2012, Fernanda se dedica ao fomento do empreendedorismo de impacto socioambiental no Brasil. No Instituto de Cidadania Empresarial, foi co-respons\u00e1vel pela estrat\u00e9gia da organiza\u00e7\u00e3o na \u00e1rea de investimentos e neg\u00f3cios de impacto, implementou uma iniciativa de fortalecimento da atua\u00e7\u00e3o de incubadoras e aceleradoras nesta tem\u00e1tica nacionalmente, co-desenhou um programa de investimento em startups de impacto em parceria com o BID \u2013 Banco Interamericano de Desenvolvimento e hoje \u00e9 gestora da Coaliz\u00e3o pelo Impacto, uma iniciativa que visa fortalecer o campo dos investimentos e neg\u00f3cios de impacto nas cinco regi\u00f5es do Brasil, em seis cidades.<\/p>\n","protected":false},"featured_media":645,"template":"","area-palestrante":[13],"class_list":["post-701","palestrantes","type-palestrantes","status-publish","has-post-thumbnail","hentry","area-palestrante-workshop"],"_links":{"self":[{"href":"https:\/\/anprotec.org.br\/conferencia2026\/wp-json\/wp\/v2\/palestrantes\/701","targetHints":{"allow":["GET"]}}],"collection":[{"href":"https:\/\/anprotec.org.br\/conferencia2026\/wp-json\/wp\/v2\/palestrantes"}],"about":[{"href":"https:\/\/anprotec.org.br\/conferencia2026\/wp-json\/wp\/v2\/types\/palestrantes"}],"wp:featuredmedia":[{"embeddable":true,"href":"https:\/\/anprotec.org.br\/conferencia2026\/wp-json\/wp\/v2\/media\/645"}],"wp:attachment":[{"href":"https:\/\/anprotec.org.br\/conferencia2026\/wp-json\/wp\/v2\/media?parent=701"}],"wp:term":[{"taxonomy":"area-palestrante","embeddable":true,"href":"https:\/\/anprotec.org.br\/conferencia2026\/wp-json\/wp\/v2\/area-palestrante?post=701"}],"curies":[{"name":"wp","href":"https:\/\/api.w.org\/{rel}","templated":true}]}}

<p>Fernanda Bombardi é Diretora de Programas do ICE &#8211; Instituto de Cidadania Empresarial. É também membro do Conselho do Projeto Casulo, além de ter sido fellow do programa do MIT D-Lab Innovation Ecosystem Builder Fellowship. Atua também como conselheira consultiva da iniciativa Grande Reserva Mata Atlântica.</p>



<p>Com MBA em Gestão de Negócios Socioambientais pelo CEATS-USP, é formada pela PUC-SP e especialista em Desenvolvimento Local.</p>



<p>Fernanda dedicou quase oito anos a projetos de desenvolvimento comunitário, tendo implementado um programa em geração de renda na Amazônia. Desde 2012, Fernanda se dedica ao fomento do empreendedorismo de impacto socioambiental no Brasil. No Instituto de Cidadania Empresarial, foi co-responsável pela estratégia da organização na área de investimentos e negócios de impacto, implementou uma iniciativa de fortalecimento da atuação de incubadoras e aceleradoras nesta temática nacionalmente, co-desenhou um programa de investimento em startups de impacto em parceria com o BID – Banco Interamericano de Desenvolvimento e hoje é gestora da Coalizão pelo Impacto, uma iniciativa que visa fortalecer o campo dos investimentos e negócios de impacto nas cinco regiões do Brasil, em seis cidades.</p>
