{"id":700,"date":"2026-04-07T19:16:59","date_gmt":"2026-04-07T19:16:59","guid":{"rendered":"https:\/\/anprotec.org.br\/conferencia2026\/?post_type=palestrantes&#038;p=700"},"modified":"2026-04-07T19:17:00","modified_gmt":"2026-04-07T19:17:00","slug":"jose-cambeiro-da-cunha-junior","status":"publish","type":"palestrantes","link":"https:\/\/anprotec.org.br\/conferencia2026\/palestrantes\/jose-cambeiro-da-cunha-junior\/","title":{"rendered":"Jos\u00e9 Cambeiro da Cunha Junior"},"content":{"rendered":"\n<p>Jos\u00e9 Cambeiro da Cunha Junior \u00e9 Administrador pela Universidade Federal do Amazonas (UFAM) e P\u00f3s-Graduado pela Funda\u00e7\u00e3o Getulio Vargas (FGV). Atualmente \u00e9 Gerente de Pesquisa e Desenvolvimento na Samsung, onde atua na gest\u00e3o estrat\u00e9gica de projetos de PD&amp;I no \u00e2mbito da Lei de Inform\u00e1tica.<\/p>\n\n\n\n<p>Com trajet\u00f3ria nas \u00e1reas de materiais, log\u00edstica e com\u00e9rcio exterior, desenvolveu uma vis\u00e3o integrada da cadeia industrial e da governan\u00e7a da inova\u00e7\u00e3o. Atua na estrutura\u00e7\u00e3o, acompanhamento e consolida\u00e7\u00e3o de investimentos em inova\u00e7\u00e3o tecnol\u00f3gica, conectando ind\u00fastria, universidades e institutos de pesquisa.<\/p>\n\n\n\n<p>Seus principais temas de atua\u00e7\u00e3o incluem inova\u00e7\u00e3o, gest\u00e3o de PD&amp;I e articula\u00e7\u00e3o de ecossistemas tecnol\u00f3gicos.<\/p>\n","protected":false},"featured_media":652,"template":"","area-palestrante":[13],"class_list":["post-700","palestrantes","type-palestrantes","status-publish","has-post-thumbnail","hentry","area-palestrante-workshop"],"_links":{"self":[{"href":"https:\/\/anprotec.org.br\/conferencia2026\/wp-json\/wp\/v2\/palestrantes\/700","targetHints":{"allow":["GET"]}}],"collection":[{"href":"https:\/\/anprotec.org.br\/conferencia2026\/wp-json\/wp\/v2\/palestrantes"}],"about":[{"href":"https:\/\/anprotec.org.br\/conferencia2026\/wp-json\/wp\/v2\/types\/palestrantes"}],"wp:featuredmedia":[{"embeddable":true,"href":"https:\/\/anprotec.org.br\/conferencia2026\/wp-json\/wp\/v2\/media\/652"}],"wp:attachment":[{"href":"https:\/\/anprotec.org.br\/conferencia2026\/wp-json\/wp\/v2\/media?parent=700"}],"wp:term":[{"taxonomy":"area-palestrante","embeddable":true,"href":"https:\/\/anprotec.org.br\/conferencia2026\/wp-json\/wp\/v2\/area-palestrante?post=700"}],"curies":[{"name":"wp","href":"https:\/\/api.w.org\/{rel}","templated":true}]}}

José Cambeiro da Cunha Junior

<p>José Cambeiro da Cunha Junior é Administrador pela Universidade Federal do Amazonas (UFAM) e Pós-Graduado pela Fundação Getulio Vargas (FGV). Atualmente é Gerente de Pesquisa e Desenvolvimento na Samsung, onde atua na gestão estratégica de projetos de PD&amp;I no âmbito da Lei de Informática.</p>



<p>Com trajetória nas áreas de materiais, logística e comércio exterior, desenvolveu uma visão integrada da cadeia industrial e da governança da inovação. Atua na estruturação, acompanhamento e consolidação de investimentos em inovação tecnológica, conectando indústria, universidades e institutos de pesquisa.</p>



<p>Seus principais temas de atuação incluem inovação, gestão de PD&amp;I e articulação de ecossistemas tecnológicos.</p>
