{"id":699,"date":"2026-04-07T19:16:00","date_gmt":"2026-04-07T19:16:00","guid":{"rendered":"https:\/\/anprotec.org.br\/conferencia2026\/?post_type=palestrantes&#038;p=699"},"modified":"2026-04-07T19:16:00","modified_gmt":"2026-04-07T19:16:00","slug":"lisandro-zambenedetti-granville","status":"publish","type":"palestrantes","link":"https:\/\/anprotec.org.br\/conferencia2026\/palestrantes\/lisandro-zambenedetti-granville\/","title":{"rendered":"Lisandro Zambenedetti Granville"},"content":{"rendered":"\n<p>Lisandro Zambenedetti Granville \u00e9 Diretor-Geral da Rede Nacional de Ensino e Pesquisa (RNP). Possui mestrado (1998) e doutorado (2001) em Ci\u00eancia de Computa\u00e7\u00e3o pela Universidade Federal do Rio Grande do Sul (UFRGS) onde \u00e9 tamb\u00e9m Professor Titular. Possui p\u00f3s-doutorado (2009) em Ger\u00eancia de Redes pela Universidade de Twente, Holanda. \u00c9 membro, pela Comunidade Cient\u00edfica e Tecnol\u00f3gica, do Comit\u00ea Gestor da Internet no Brasil (CGI.br), bem como membro do Comit\u00ea da \u00c1rea de Tecnologia da Informa\u00e7\u00e3o (CATI) do Minist\u00e9rio da Ci\u00eancia, Tecnologia e Inova\u00e7\u00e3o.<\/p>\n","protected":false},"featured_media":654,"template":"","area-palestrante":[13],"class_list":["post-699","palestrantes","type-palestrantes","status-publish","has-post-thumbnail","hentry","area-palestrante-workshop"],"_links":{"self":[{"href":"https:\/\/anprotec.org.br\/conferencia2026\/wp-json\/wp\/v2\/palestrantes\/699","targetHints":{"allow":["GET"]}}],"collection":[{"href":"https:\/\/anprotec.org.br\/conferencia2026\/wp-json\/wp\/v2\/palestrantes"}],"about":[{"href":"https:\/\/anprotec.org.br\/conferencia2026\/wp-json\/wp\/v2\/types\/palestrantes"}],"wp:featuredmedia":[{"embeddable":true,"href":"https:\/\/anprotec.org.br\/conferencia2026\/wp-json\/wp\/v2\/media\/654"}],"wp:attachment":[{"href":"https:\/\/anprotec.org.br\/conferencia2026\/wp-json\/wp\/v2\/media?parent=699"}],"wp:term":[{"taxonomy":"area-palestrante","embeddable":true,"href":"https:\/\/anprotec.org.br\/conferencia2026\/wp-json\/wp\/v2\/area-palestrante?post=699"}],"curies":[{"name":"wp","href":"https:\/\/api.w.org\/{rel}","templated":true}]}}

<p>Lisandro Zambenedetti Granville é Diretor-Geral da Rede Nacional de Ensino e Pesquisa (RNP). Possui mestrado (1998) e doutorado (2001) em Ciência de Computação pela Universidade Federal do Rio Grande do Sul (UFRGS) onde é também Professor Titular. Possui pós-doutorado (2009) em Gerência de Redes pela Universidade de Twente, Holanda. É membro, pela Comunidade Científica e Tecnológica, do Comitê Gestor da Internet no Brasil (CGI.br), bem como membro do Comitê da Área de Tecnologia da Informação (CATI) do Ministério da Ciência, Tecnologia e Inovação.</p>
