{"id":698,"date":"2026-04-07T19:15:15","date_gmt":"2026-04-07T19:15:15","guid":{"rendered":"https:\/\/anprotec.org.br\/conferencia2026\/?post_type=palestrantes&#038;p=698"},"modified":"2026-04-07T19:15:16","modified_gmt":"2026-04-07T19:15:16","slug":"daniela-silvestrini-fernandes","status":"publish","type":"palestrantes","link":"https:\/\/anprotec.org.br\/conferencia2026\/palestrantes\/daniela-silvestrini-fernandes\/","title":{"rendered":"Daniela Silvestrini Fernandes"},"content":{"rendered":"\n<p>Daniela Silvestrini Fernandes \u00e9 Qu\u00edmica, com Mestrado e Doutorado em Qu\u00edmica de Materiais pela Faculdade de Engenharia de Ilha Solteira &#8211; FEIS -Unesp. Sua trajet\u00f3ria acad\u00eamica e de pesquisa \u00e9 voltada ao desenvolvimento, s\u00edntese e caracteriza\u00e7\u00e3o de materiais avan\u00e7ados, com \u00eanfase em aplica\u00e7\u00f5es em eletroan\u00e1lise, nanomateriais e biomateriais. Seu trabalho integra a qu\u00edmica de materiais a abordagens anal\u00edticas e biol\u00f3gicas, contribuindo para iniciativas de pesquisa multidisciplinares e translacionais.<\/p>\n\n\n\n<p>\u00c9 Co-fundadora e CEO da Diasci Diagn\u00f3stico Cient\u00edfico e Solu\u00e7\u00f5es Tecnol\u00f3gicas Avan\u00e7adas LTDA, empresa dedicada ao desenvolvimento de solu\u00e7\u00f5es tecnol\u00f3gicas inovadoras voltadas \u00e0 \u00e1rea da sa\u00fade e diagn\u00f3stico cient\u00edfico, com foco na aplica\u00e7\u00e3o de conhecimento cient\u00edfico de ponta para gera\u00e7\u00e3o de impacto tecnol\u00f3gico e social. Atua ativamente em inova\u00e7\u00e3o baseada em pesquisa, promovendo colabora\u00e7\u00f5es entre academia e setor produtivo e apoiando a transforma\u00e7\u00e3o do conhecimento cient\u00edfico em solu\u00e7\u00f5es tecnol\u00f3gicas para os setores de sa\u00fade e ci\u00eancias da vida.<\/p>\n","protected":false},"featured_media":644,"template":"","area-palestrante":[13],"class_list":["post-698","palestrantes","type-palestrantes","status-publish","has-post-thumbnail","hentry","area-palestrante-workshop"],"_links":{"self":[{"href":"https:\/\/anprotec.org.br\/conferencia2026\/wp-json\/wp\/v2\/palestrantes\/698","targetHints":{"allow":["GET"]}}],"collection":[{"href":"https:\/\/anprotec.org.br\/conferencia2026\/wp-json\/wp\/v2\/palestrantes"}],"about":[{"href":"https:\/\/anprotec.org.br\/conferencia2026\/wp-json\/wp\/v2\/types\/palestrantes"}],"wp:featuredmedia":[{"embeddable":true,"href":"https:\/\/anprotec.org.br\/conferencia2026\/wp-json\/wp\/v2\/media\/644"}],"wp:attachment":[{"href":"https:\/\/anprotec.org.br\/conferencia2026\/wp-json\/wp\/v2\/media?parent=698"}],"wp:term":[{"taxonomy":"area-palestrante","embeddable":true,"href":"https:\/\/anprotec.org.br\/conferencia2026\/wp-json\/wp\/v2\/area-palestrante?post=698"}],"curies":[{"name":"wp","href":"https:\/\/api.w.org\/{rel}","templated":true}]}}

<p>Daniela Silvestrini Fernandes é Química, com Mestrado e Doutorado em Química de Materiais pela Faculdade de Engenharia de Ilha Solteira &#8211; FEIS -Unesp. Sua trajetória acadêmica e de pesquisa é voltada ao desenvolvimento, síntese e caracterização de materiais avançados, com ênfase em aplicações em eletroanálise, nanomateriais e biomateriais. Seu trabalho integra a química de materiais a abordagens analíticas e biológicas, contribuindo para iniciativas de pesquisa multidisciplinares e translacionais.</p>



<p>É Co-fundadora e CEO da Diasci Diagnóstico Científico e Soluções Tecnológicas Avançadas LTDA, empresa dedicada ao desenvolvimento de soluções tecnológicas inovadoras voltadas à área da saúde e diagnóstico científico, com foco na aplicação de conhecimento científico de ponta para geração de impacto tecnológico e social. Atua ativamente em inovação baseada em pesquisa, promovendo colaborações entre academia e setor produtivo e apoiando a transformação do conhecimento científico em soluções tecnológicas para os setores de saúde e ciências da vida.</p>
