{"id":661,"date":"2026-04-07T13:16:46","date_gmt":"2026-04-07T13:16:46","guid":{"rendered":"https:\/\/anprotec.org.br\/conferencia2026\/?post_type=palestrantes&#038;p=661"},"modified":"2026-04-07T13:16:47","modified_gmt":"2026-04-07T13:16:47","slug":"rodrigo-romao","status":"publish","type":"palestrantes","link":"https:\/\/anprotec.org.br\/conferencia2026\/palestrantes\/rodrigo-romao\/","title":{"rendered":"Rodrigo Rom\u00e3o"},"content":{"rendered":"\n<p>Sou Rodrigo Rom\u00e3o, Diretor do Metr\u00f3pole Parque, o maior polo de tecnologia, empreendedorismo e inova\u00e7\u00e3o do Rio Grande do Norte. Atuo tamb\u00e9m como Diretor Adjunto do Smart Metr\u00f3polis iHub FIWARE, coordenador de Planejamento e Neg\u00f3cios da Unidade EMBRAPII Metr\u00f3pole Digital\/UFRN e pesquisador (doutorando) em ambientes de inova\u00e7\u00e3o.<br><br><\/p>\n","protected":false},"featured_media":656,"template":"","area-palestrante":[12],"class_list":["post-661","palestrantes","type-palestrantes","status-publish","has-post-thumbnail","hentry","area-palestrante-painel-tematico"],"_links":{"self":[{"href":"https:\/\/anprotec.org.br\/conferencia2026\/wp-json\/wp\/v2\/palestrantes\/661","targetHints":{"allow":["GET"]}}],"collection":[{"href":"https:\/\/anprotec.org.br\/conferencia2026\/wp-json\/wp\/v2\/palestrantes"}],"about":[{"href":"https:\/\/anprotec.org.br\/conferencia2026\/wp-json\/wp\/v2\/types\/palestrantes"}],"wp:featuredmedia":[{"embeddable":true,"href":"https:\/\/anprotec.org.br\/conferencia2026\/wp-json\/wp\/v2\/media\/656"}],"wp:attachment":[{"href":"https:\/\/anprotec.org.br\/conferencia2026\/wp-json\/wp\/v2\/media?parent=661"}],"wp:term":[{"taxonomy":"area-palestrante","embeddable":true,"href":"https:\/\/anprotec.org.br\/conferencia2026\/wp-json\/wp\/v2\/area-palestrante?post=661"}],"curies":[{"name":"wp","href":"https:\/\/api.w.org\/{rel}","templated":true}]}}

Rodrigo Romão

<p>Sou Rodrigo Romão, Diretor do Metrópole Parque, o maior polo de tecnologia, empreendedorismo e inovação do Rio Grande do Norte. Atuo também como Diretor Adjunto do Smart Metrópolis iHub FIWARE, coordenador de Planejamento e Negócios da Unidade EMBRAPII Metrópole Digital/UFRN e pesquisador (doutorando) em ambientes de inovação.<br><br></p>
