{"id":660,"date":"2026-04-07T13:15:55","date_gmt":"2026-04-07T13:15:55","guid":{"rendered":"https:\/\/anprotec.org.br\/conferencia2026\/?post_type=palestrantes&#038;p=660"},"modified":"2026-04-08T00:40:36","modified_gmt":"2026-04-08T00:40:36","slug":"mauricio-guedes","status":"publish","type":"palestrantes","link":"https:\/\/anprotec.org.br\/conferencia2026\/palestrantes\/mauricio-guedes\/","title":{"rendered":"Mauricio Guedes"},"content":{"rendered":"\n<p>Superintendente de Inova\u00e7\u00e3o e Sustentabilidade da Secretaria Estadual de Desenvolvimento Econ\u00f4mico do RJ;<\/p>\n\n\n\n<p>Ex Diretor de Tecnologia da FAPERJ \u2013 Funda\u00e7\u00e3o Carlos Chagas Filho de Amparo \u00e0 Pesquisa do Estado do Rio de Janeiro;<\/p>\n\n\n\n<p>Fundador do Parque Tecnol\u00f3gico da UFRJ e da Incubadora de Empresas da Coppe;<\/p>\n\n\n\n<p>Foi Presidente da Anprotec &#8211; Associa\u00e7\u00e3o Nacional de Entidades<\/p>\n\n\n\n<p>Promotoras de Empreendimentos Inovadores, que congrega os Parques Tecnol\u00f3gicos, Incubadoras e Aceleradoras de Empresas do Brasil;<\/p>\n\n\n\n<p>Foi Presidente da IASP &#8211; International Association of Science Parks and Areas of Innovation;<\/p>\n\n\n\n<p>Engenheiro de Produ\u00e7\u00e3o e Mestre em Planejamento Energ\u00e9tico pela UFRJ.<\/p>\n\n\n\n<p>Em 2022 recebeu o t\u00edtulo de DOUTOR HONORIS CAUSA da UFRJ.<\/p>\n","protected":false},"featured_media":646,"template":"","area-palestrante":[12],"class_list":["post-660","palestrantes","type-palestrantes","status-publish","has-post-thumbnail","hentry","area-palestrante-painel-tematico"],"_links":{"self":[{"href":"https:\/\/anprotec.org.br\/conferencia2026\/wp-json\/wp\/v2\/palestrantes\/660","targetHints":{"allow":["GET"]}}],"collection":[{"href":"https:\/\/anprotec.org.br\/conferencia2026\/wp-json\/wp\/v2\/palestrantes"}],"about":[{"href":"https:\/\/anprotec.org.br\/conferencia2026\/wp-json\/wp\/v2\/types\/palestrantes"}],"wp:featuredmedia":[{"embeddable":true,"href":"https:\/\/anprotec.org.br\/conferencia2026\/wp-json\/wp\/v2\/media\/646"}],"wp:attachment":[{"href":"https:\/\/anprotec.org.br\/conferencia2026\/wp-json\/wp\/v2\/media?parent=660"}],"wp:term":[{"taxonomy":"area-palestrante","embeddable":true,"href":"https:\/\/anprotec.org.br\/conferencia2026\/wp-json\/wp\/v2\/area-palestrante?post=660"}],"curies":[{"name":"wp","href":"https:\/\/api.w.org\/{rel}","templated":true}]}}

<p>Superintendente de Inovação e Sustentabilidade da Secretaria Estadual de Desenvolvimento Econômico do RJ;</p>



<p>Ex Diretor de Tecnologia da FAPERJ – Fundação Carlos Chagas Filho de Amparo à Pesquisa do Estado do Rio de Janeiro;</p>



<p>Fundador do Parque Tecnológico da UFRJ e da Incubadora de Empresas da Coppe;</p>



<p>Foi Presidente da Anprotec &#8211; Associação Nacional de Entidades</p>



<p>Promotoras de Empreendimentos Inovadores, que congrega os Parques Tecnológicos, Incubadoras e Aceleradoras de Empresas do Brasil;</p>



<p>Foi Presidente da IASP &#8211; International Association of Science Parks and Areas of Innovation;</p>



<p>Engenheiro de Produção e Mestre em Planejamento Energético pela UFRJ.</p>



<p>Em 2022 recebeu o título de DOUTOR HONORIS CAUSA da UFRJ.</p>
