{"id":659,"date":"2026-04-07T13:14:47","date_gmt":"2026-04-07T13:14:47","guid":{"rendered":"https:\/\/anprotec.org.br\/conferencia2026\/?post_type=palestrantes&#038;p=659"},"modified":"2026-04-07T23:47:01","modified_gmt":"2026-04-07T23:47:01","slug":"karine-guilbault","status":"publish","type":"palestrantes","link":"https:\/\/anprotec.org.br\/conferencia2026\/palestrantes\/karine-guilbault\/","title":{"rendered":"Karine Guilbault"},"content":{"rendered":"\n<p>Karine Guilbault \u00e9 Diretora Geral da Saint-Hyacinthe Technopole desde a primavera de 2022. Com mestrado em Ci\u00eancias da Gest\u00e3o e bacharelado em Administra\u00e7\u00e3o de Empresas, sua especialidade \u00e9 marketing.<\/p>\n\n\n\n<p>Atua em desenvolvimento econ\u00f4mico desde 2007, tendo ocupado sucessivamente os cargos de comiss\u00e1ria de empreendedorismo e comiss\u00e1ria industrial no CLD Les Maskoutains e diretora de desenvolvimento industrial na Saint-Hyacinthe Technopole, antes de assumir seu cargo atual.<\/p>\n\n\n\n<p>Karine Guilbault supervisiona o desenvolvimento do ecossistema de inova\u00e7\u00e3o agroalimentar de Saint-Hyacinthe, considerado um dos maiores do g\u00eanero no pa\u00eds. Como tal, administra o parque tecnol\u00f3gico Cidade da Inova\u00e7\u00e3o Agroalimentar e garante seu desenvolvimento. Suas principais atribui\u00e7\u00f5es na Saint-Hyacinthe Technopole s\u00e3o representar a organiza\u00e7\u00e3o junto a investidores estrangeiros, ajudar equipes de pesquisa e desenvolvimento do setor agroalimentar a se estabelecerem na regi\u00e3o e apoiar o crescimento das empresas.<\/p>\n\n\n\n<p>A Saint-Hyacinthe Technopole \u00e9 a entidade respons\u00e1vel pelo desenvolvimento econ\u00f4mico do munic\u00edpio regional de Les Maskoutains. Karine Guilbault tem como fun\u00e7\u00e3o atrair novas empresas, sejam industriais ou comerciais. Ela tamb\u00e9m \u00e9 respons\u00e1vel por promover e desenvolver o turismo (especialmente o turismo de neg\u00f3cios) e o setor agroalimentar, bem como atrair talentos.<\/p>\n","protected":false},"featured_media":655,"template":"","area-palestrante":[12],"class_list":["post-659","palestrantes","type-palestrantes","status-publish","has-post-thumbnail","hentry","area-palestrante-painel-tematico"],"_links":{"self":[{"href":"https:\/\/anprotec.org.br\/conferencia2026\/wp-json\/wp\/v2\/palestrantes\/659","targetHints":{"allow":["GET"]}}],"collection":[{"href":"https:\/\/anprotec.org.br\/conferencia2026\/wp-json\/wp\/v2\/palestrantes"}],"about":[{"href":"https:\/\/anprotec.org.br\/conferencia2026\/wp-json\/wp\/v2\/types\/palestrantes"}],"wp:featuredmedia":[{"embeddable":true,"href":"https:\/\/anprotec.org.br\/conferencia2026\/wp-json\/wp\/v2\/media\/655"}],"wp:attachment":[{"href":"https:\/\/anprotec.org.br\/conferencia2026\/wp-json\/wp\/v2\/media?parent=659"}],"wp:term":[{"taxonomy":"area-palestrante","embeddable":true,"href":"https:\/\/anprotec.org.br\/conferencia2026\/wp-json\/wp\/v2\/area-palestrante?post=659"}],"curies":[{"name":"wp","href":"https:\/\/api.w.org\/{rel}","templated":true}]}}

<p>Karine Guilbault é Diretora Geral da Saint-Hyacinthe Technopole desde a primavera de 2022. Com mestrado em Ciências da Gestão e bacharelado em Administração de Empresas, sua especialidade é marketing.</p>



<p>Atua em desenvolvimento econômico desde 2007, tendo ocupado sucessivamente os cargos de comissária de empreendedorismo e comissária industrial no CLD Les Maskoutains e diretora de desenvolvimento industrial na Saint-Hyacinthe Technopole, antes de assumir seu cargo atual.</p>



<p>Karine Guilbault supervisiona o desenvolvimento do ecossistema de inovação agroalimentar de Saint-Hyacinthe, considerado um dos maiores do gênero no país. Como tal, administra o parque tecnológico Cidade da Inovação Agroalimentar e garante seu desenvolvimento. Suas principais atribuições na Saint-Hyacinthe Technopole são representar a organização junto a investidores estrangeiros, ajudar equipes de pesquisa e desenvolvimento do setor agroalimentar a se estabelecerem na região e apoiar o crescimento das empresas.</p>



<p>A Saint-Hyacinthe Technopole é a entidade responsável pelo desenvolvimento econômico do município regional de Les Maskoutains. Karine Guilbault tem como função atrair novas empresas, sejam industriais ou comerciais. Ela também é responsável por promover e desenvolver o turismo (especialmente o turismo de negócios) e o setor agroalimentar, bem como atrair talentos.</p>
