{"id":658,"date":"2026-04-07T13:13:45","date_gmt":"2026-04-07T13:13:45","guid":{"rendered":"https:\/\/anprotec.org.br\/conferencia2026\/?post_type=palestrantes&#038;p=658"},"modified":"2026-04-07T13:13:45","modified_gmt":"2026-04-07T13:13:45","slug":"fredson-andrade-da-encarnacao","status":"publish","type":"palestrantes","link":"https:\/\/anprotec.org.br\/conferencia2026\/palestrantes\/fredson-andrade-da-encarnacao\/","title":{"rendered":"Fredson Andrade da Encarna\u00e7\u00e3o"},"content":{"rendered":"\n<p>Empreendedor, investidor anjo e especialista em gest\u00e3o de projetos. \u00c9 Diretor de Inova\u00e7\u00e3o do Instituto FabriQ de PD&amp;I e s\u00f3cio ostensivo da FabriQ Ventures, grupo de investimento anjo amazonense.<\/p>\n\n\n\n<p>Ao longo de sua trajet\u00f3ria empresarial de mais de 20 anos, participou de projetos de transforma\u00e7\u00e3o digital no setor p\u00fablico e privado, atuando com ind\u00fastrias, governo, universidades e empreendedores. Em seu portf\u00f3lio constam projetos realizados em organiza\u00e7\u00f5es como Avell, BIC, Elgin, FIEAM, Flex, Grupo Sim\u00f5es, MCTI, Petrobras, Samsung, Sony, SUFRAMA, UEA e UFAM. Tamb\u00e9m atua, desde 2013, no desenvolvimento de startups, especialmente por meio de programas de acelera\u00e7\u00e3o e iniciativas realizadas em parceria com ANPROTEC, SEBRAE e programas priorit\u00e1rios da ZFM, apoiando a estrutura\u00e7\u00e3o de modelos de neg\u00f3cio, acesso a mercado e estrat\u00e9gias de capta\u00e7\u00e3o de investimentos.<\/p>\n\n\n\n<p>\u00c9 conselheiro da Associa\u00e7\u00e3o do Polo Digital de Manaus (APDM), professor de p\u00f3s-gradua\u00e7\u00e3o nas disciplinas de Gest\u00e3o de Projetos e Transforma\u00e7\u00e3o Digital, mestrando no PROFNIT &#8211; Programa de P\u00f3s-Gradua\u00e7\u00e3o em Propriedade Intelectual e Transfer\u00eancia de Tecnologia para Inova\u00e7\u00e3o da Universidade Federal do Amazonas (UFAM), e membro do Lawin, n\u00facleo de pesquisa e laborat\u00f3rio cient\u00edfico da Escola de Direito da Universidade do Estado do Amazonas (UEA), com foco na interdisciplinaridade entre Direito, Tecnologia e Inova\u00e7\u00e3o.<\/p>\n","protected":false},"featured_media":649,"template":"","area-palestrante":[12],"class_list":["post-658","palestrantes","type-palestrantes","status-publish","has-post-thumbnail","hentry","area-palestrante-painel-tematico"],"_links":{"self":[{"href":"https:\/\/anprotec.org.br\/conferencia2026\/wp-json\/wp\/v2\/palestrantes\/658","targetHints":{"allow":["GET"]}}],"collection":[{"href":"https:\/\/anprotec.org.br\/conferencia2026\/wp-json\/wp\/v2\/palestrantes"}],"about":[{"href":"https:\/\/anprotec.org.br\/conferencia2026\/wp-json\/wp\/v2\/types\/palestrantes"}],"wp:featuredmedia":[{"embeddable":true,"href":"https:\/\/anprotec.org.br\/conferencia2026\/wp-json\/wp\/v2\/media\/649"}],"wp:attachment":[{"href":"https:\/\/anprotec.org.br\/conferencia2026\/wp-json\/wp\/v2\/media?parent=658"}],"wp:term":[{"taxonomy":"area-palestrante","embeddable":true,"href":"https:\/\/anprotec.org.br\/conferencia2026\/wp-json\/wp\/v2\/area-palestrante?post=658"}],"curies":[{"name":"wp","href":"https:\/\/api.w.org\/{rel}","templated":true}]}}

Fredson Andrade da Encarnação

<p>Empreendedor, investidor anjo e especialista em gestão de projetos. É Diretor de Inovação do Instituto FabriQ de PD&amp;I e sócio ostensivo da FabriQ Ventures, grupo de investimento anjo amazonense.</p>



<p>Ao longo de sua trajetória empresarial de mais de 20 anos, participou de projetos de transformação digital no setor público e privado, atuando com indústrias, governo, universidades e empreendedores. Em seu portfólio constam projetos realizados em organizações como Avell, BIC, Elgin, FIEAM, Flex, Grupo Simões, MCTI, Petrobras, Samsung, Sony, SUFRAMA, UEA e UFAM. Também atua, desde 2013, no desenvolvimento de startups, especialmente por meio de programas de aceleração e iniciativas realizadas em parceria com ANPROTEC, SEBRAE e programas prioritários da ZFM, apoiando a estruturação de modelos de negócio, acesso a mercado e estratégias de captação de investimentos.</p>



<p>É conselheiro da Associação do Polo Digital de Manaus (APDM), professor de pós-graduação nas disciplinas de Gestão de Projetos e Transformação Digital, mestrando no PROFNIT &#8211; Programa de Pós-Graduação em Propriedade Intelectual e Transferência de Tecnologia para Inovação da Universidade Federal do Amazonas (UFAM), e membro do Lawin, núcleo de pesquisa e laboratório científico da Escola de Direito da Universidade do Estado do Amazonas (UEA), com foco na interdisciplinaridade entre Direito, Tecnologia e Inovação.</p>
