{"id":657,"date":"2026-04-07T13:12:39","date_gmt":"2026-04-07T13:12:39","guid":{"rendered":"https:\/\/anprotec.org.br\/conferencia2026\/?post_type=palestrantes&#038;p=657"},"modified":"2026-04-07T13:12:40","modified_gmt":"2026-04-07T13:12:40","slug":"demetrius-silva","status":"publish","type":"palestrantes","link":"https:\/\/anprotec.org.br\/conferencia2026\/palestrantes\/demetrius-silva\/","title":{"rendered":"Demetrius Silva"},"content":{"rendered":"\n<p>Professor Titular do Departamento de Engenharia Agr\u00edcola e atual Reitor da Universidade Federal de Vi\u00e7osa (UFV).<\/p>\n\n\n\n<p>Bolsista de Produtividade em Pesquisa do CNPq n\u00edvel 1A.<\/p>\n\n\n\n<p>Engenheiro Agr\u00f4nomo com Mestrado (1990) e Doutorado (1994) em Recursos H\u00eddricos e Meio Ambiente pela Universidade Federal de Vi\u00e7osa e P\u00f3s-Doutorado no Hydrologic Modeling Lab &#8211; University of Florida (EUA) no per\u00edodo de 2015 a 2016.<\/p>\n\n\n\n<p>Apresenta 220 artigos cient\u00edficos publicados em peri\u00f3dicos nacionais e internacionais com fator de impacto Jcr, 22 livros publicados, 27 cap\u00edtulos de livros, 307 trabalhos apresentados em eventos cient\u00edficos, 121 disserta\u00e7\u00f5es de Mestrado e Teses de Doutorado orientadas e co-orientadas.<\/p>\n\n\n\n<p>Tem experi\u00eancia na \u00e1rea de Engenharia Agr\u00edcola, com \u00eanfase em Planejamento e Gest\u00e3o de Recursos H\u00eddricos e Conserva\u00e7\u00e3o de Solo e \u00c1gua, atuando principalmente nos seguintes temas: gest\u00e3o de recursos h\u00eddricos, modelagem ecohidrol\u00f3gica, escoamento superficial, eros\u00e3o h\u00eddrica e modelagem hidrol\u00f3gica.<\/p>\n","protected":false},"featured_media":643,"template":"","area-palestrante":[12],"class_list":["post-657","palestrantes","type-palestrantes","status-publish","has-post-thumbnail","hentry","area-palestrante-painel-tematico"],"_links":{"self":[{"href":"https:\/\/anprotec.org.br\/conferencia2026\/wp-json\/wp\/v2\/palestrantes\/657","targetHints":{"allow":["GET"]}}],"collection":[{"href":"https:\/\/anprotec.org.br\/conferencia2026\/wp-json\/wp\/v2\/palestrantes"}],"about":[{"href":"https:\/\/anprotec.org.br\/conferencia2026\/wp-json\/wp\/v2\/types\/palestrantes"}],"wp:featuredmedia":[{"embeddable":true,"href":"https:\/\/anprotec.org.br\/conferencia2026\/wp-json\/wp\/v2\/media\/643"}],"wp:attachment":[{"href":"https:\/\/anprotec.org.br\/conferencia2026\/wp-json\/wp\/v2\/media?parent=657"}],"wp:term":[{"taxonomy":"area-palestrante","embeddable":true,"href":"https:\/\/anprotec.org.br\/conferencia2026\/wp-json\/wp\/v2\/area-palestrante?post=657"}],"curies":[{"name":"wp","href":"https:\/\/api.w.org\/{rel}","templated":true}]}}

<p>Professor Titular do Departamento de Engenharia Agrícola e atual Reitor da Universidade Federal de Viçosa (UFV).</p>



<p>Bolsista de Produtividade em Pesquisa do CNPq nível 1A.</p>



<p>Engenheiro Agrônomo com Mestrado (1990) e Doutorado (1994) em Recursos Hídricos e Meio Ambiente pela Universidade Federal de Viçosa e Pós-Doutorado no Hydrologic Modeling Lab &#8211; University of Florida (EUA) no período de 2015 a 2016.</p>



<p>Apresenta 220 artigos científicos publicados em periódicos nacionais e internacionais com fator de impacto Jcr, 22 livros publicados, 27 capítulos de livros, 307 trabalhos apresentados em eventos científicos, 121 dissertações de Mestrado e Teses de Doutorado orientadas e co-orientadas.</p>



<p>Tem experiência na área de Engenharia Agrícola, com ênfase em Planejamento e Gestão de Recursos Hídricos e Conservação de Solo e Água, atuando principalmente nos seguintes temas: gestão de recursos hídricos, modelagem ecohidrológica, escoamento superficial, erosão hídrica e modelagem hidrológica.</p>
