{"id":642,"date":"2026-04-07T13:10:59","date_gmt":"2026-04-07T13:10:59","guid":{"rendered":"https:\/\/anprotec.org.br\/conferencia2026\/?post_type=palestrantes&#038;p=642"},"modified":"2026-04-07T13:11:18","modified_gmt":"2026-04-07T13:11:18","slug":"andre-luiz-nunes-zogahib","status":"publish","type":"palestrantes","link":"https:\/\/anprotec.org.br\/conferencia2026\/palestrantes\/andre-luiz-nunes-zogahib\/","title":{"rendered":"Andr\u00e9 Luiz Nunes Zogahib"},"content":{"rendered":"\n<p>O reitor da Universidade do Estado do Amazonas (UEA), Prof. Dr. Andr\u00e9 Luiz Nunes Zogahib, \u00e9 graduado em Administra\u00e7\u00e3o de Empresas, Administra\u00e7\u00e3o P\u00fablica e Direito. Possui especializa\u00e7\u00e3o, mestrado e doutorado em Administra\u00e7\u00e3o P\u00fablica.<\/p>\n\n\n\n<p>\u00c9 professor do quadro efetivo da UEA, foi coordenador de cursos de gradua\u00e7\u00e3o, especializa\u00e7\u00e3o e mestrado, coordenador dos sistemas de ingresso, Pr\u00f3-Reitor de Planejamento e Pr\u00f3-Reitor de Extens\u00e3o e Assuntos Comunit\u00e1rios.<\/p>\n\n\n\n<p>O reitor Andr\u00e9 Zogahib participou da elabora\u00e7\u00e3o e implementa\u00e7\u00e3o do Plano de Cargos, Carreiras e Remunera\u00e7\u00e3o (PCCR) da UEA na condi\u00e7\u00e3o de docente. Em 2010, como Pr\u00f3-Reitor de Planejamento, atuou na reestrutura\u00e7\u00e3o organizacional da universidade. O Projeto de Lei do Executivo n\u00b0 116\/2011 permitiu a contrata\u00e7\u00e3o de cerca de 600 professores na \u00e9poca.<\/p>\n\n\n\n<p>Gestor experiente e bem-sucedido, atuou como diretor-presidente da AmazonPrev no per\u00edodo de janeiro de 2019 a janeiro de 2022, conquistando, por tr\u00eas anos seguidos, o pr\u00eamio de melhor Regime Pr\u00f3prio de Previd\u00eancia Social (RPPS) do Brasil, entre todos os estados da federa\u00e7\u00e3o e Distrito Federal. A AmazonPrev tornou-se refer\u00eancia nacional em gest\u00e3o previdenci\u00e1ria, em diversas avalia\u00e7\u00f5es, como as da Abipem, Aneprem e da Secretaria Nacional de Previd\u00eancia.<\/p>\n","protected":false},"featured_media":650,"template":"","area-palestrante":[12],"class_list":["post-642","palestrantes","type-palestrantes","status-publish","has-post-thumbnail","hentry","area-palestrante-painel-tematico"],"_links":{"self":[{"href":"https:\/\/anprotec.org.br\/conferencia2026\/wp-json\/wp\/v2\/palestrantes\/642","targetHints":{"allow":["GET"]}}],"collection":[{"href":"https:\/\/anprotec.org.br\/conferencia2026\/wp-json\/wp\/v2\/palestrantes"}],"about":[{"href":"https:\/\/anprotec.org.br\/conferencia2026\/wp-json\/wp\/v2\/types\/palestrantes"}],"wp:featuredmedia":[{"embeddable":true,"href":"https:\/\/anprotec.org.br\/conferencia2026\/wp-json\/wp\/v2\/media\/650"}],"wp:attachment":[{"href":"https:\/\/anprotec.org.br\/conferencia2026\/wp-json\/wp\/v2\/media?parent=642"}],"wp:term":[{"taxonomy":"area-palestrante","embeddable":true,"href":"https:\/\/anprotec.org.br\/conferencia2026\/wp-json\/wp\/v2\/area-palestrante?post=642"}],"curies":[{"name":"wp","href":"https:\/\/api.w.org\/{rel}","templated":true}]}}

André Luiz Nunes Zogahib

<p>O reitor da Universidade do Estado do Amazonas (UEA), Prof. Dr. André Luiz Nunes Zogahib, é graduado em Administração de Empresas, Administração Pública e Direito. Possui especialização, mestrado e doutorado em Administração Pública.</p>



<p>É professor do quadro efetivo da UEA, foi coordenador de cursos de graduação, especialização e mestrado, coordenador dos sistemas de ingresso, Pró-Reitor de Planejamento e Pró-Reitor de Extensão e Assuntos Comunitários.</p>



<p>O reitor André Zogahib participou da elaboração e implementação do Plano de Cargos, Carreiras e Remuneração (PCCR) da UEA na condição de docente. Em 2010, como Pró-Reitor de Planejamento, atuou na reestruturação organizacional da universidade. O Projeto de Lei do Executivo n° 116/2011 permitiu a contratação de cerca de 600 professores na época.</p>



<p>Gestor experiente e bem-sucedido, atuou como diretor-presidente da AmazonPrev no período de janeiro de 2019 a janeiro de 2022, conquistando, por três anos seguidos, o prêmio de melhor Regime Próprio de Previdência Social (RPPS) do Brasil, entre todos os estados da federação e Distrito Federal. A AmazonPrev tornou-se referência nacional em gestão previdenciária, em diversas avaliações, como as da Abipem, Aneprem e da Secretaria Nacional de Previdência.</p>
