{"id":639,"date":"2026-04-07T13:05:02","date_gmt":"2026-04-07T13:05:02","guid":{"rendered":"https:\/\/anprotec.org.br\/conferencia2026\/?post_type=palestrantes&#038;p=639"},"modified":"2026-04-08T00:46:40","modified_gmt":"2026-04-08T00:46:40","slug":"clovis-benoni-meurer","status":"publish","type":"palestrantes","link":"https:\/\/anprotec.org.br\/conferencia2026\/palestrantes\/clovis-benoni-meurer\/","title":{"rendered":"Clovis Benoni Meurer"},"content":{"rendered":"\n<p>Forma\u00e7\u00e3o Acad\u00eamica\/Cursos\/Doc\u00eancia\/Palestras:&nbsp;<\/p>\n\n\n\n<p>Graduado pela Pontif\u00edcia Universidade Cat\u00f3lica do RS em Ci\u00eancias Econ\u00f4micas e em Administra\u00e7\u00e3o de Empresas.&nbsp;<\/p>\n\n\n\n<p>Administra\u00e7\u00e3o Financeira II &#8211; Funda\u00e7\u00e3o Get\u00falio Vargas\/ Rio de Janeiro\/RJ&nbsp;<\/p>\n\n\n\n<p>Contabilidade de Custos &#8211; Management Center do Brasil &#8211; MCB &#8211; Porto Alegre\/RS<\/p>\n\n\n\n<p>Experi\u00eancia em Private Equity\/Venture Capital com cursos, eventos e semin\u00e1rios no Pa\u00eds e exterior.&nbsp;<\/p>\n\n\n\n<p>Atuou em empresas privadas, de 1964 a 1972; na CRT (Telef\u00f4nica), de 1972 a 1975 e no BADESUL (Banco de Desenvolvimento), entre 1975 a 1982.&nbsp;<\/p>\n\n\n\n<p>Atividades atuais:&nbsp;<\/p>\n\n\n\n<p>S\u00f3cio fundador da CRP Companhia de Participa\u00e7\u00f5es; atua desde sua funda\u00e7\u00e3o em 1982 e como Diretor Superintendente a partir de 1996; gestor de recursos\/administrador de Carteira de Valores Mobili\u00e1rios, autorizado pela CVM desde 1997.&nbsp;<\/p>\n\n\n\n<p>Participa em Conselhos de Administra\u00e7\u00e3o de v\u00e1rias empresas.&nbsp;<\/p>\n\n\n\n<p>Membro da APIMEC-Sul &#8211; Associa\u00e7\u00e3o dos Analistas e Profissionais de Investimento do Mercado de Capitais\/Extremo Sul;&nbsp;<\/p>\n\n\n\n<p>Membro do Conselho Regional de Economia \u2013 Regi\u00e3o Sul (CORECONrs); Conselheiro 2012-2017 e Presidente no ano de 2017.&nbsp;<\/p>\n\n\n\n<p>Membro do Conselho Federal de Economia (COFECON); suplente em 2018; titular 2019-2024; suplente 2025 em diante.&nbsp;<\/p>\n\n\n\n<p>Membro do Conselho da Associa\u00e7\u00e3o Nacional de Entidades Promotoras de Empreendimentos Inovadores (ANPROTEC), 2012-2022.&nbsp;<\/p>\n\n\n\n<p>Fundador e Membro do Conselho Consultivo da Associa\u00e7\u00e3o Brasileira de Private Equity e Venture Capital (ABVCAP) desde 2000; e Presidente na gest\u00e3o 2012-2014.&nbsp;<\/p>\n\n\n\n<p>Membro associado da Associa\u00e7\u00e3o Beneficente Pella Beth\u00e2nia.&nbsp;<\/p>\n\n\n\n<p>Membro da Irmandade e da Mesa Administrativa da Santa Casa de Miseric\u00f3rdia de Porto Alegre<\/p>\n","protected":false},"featured_media":640,"template":"","area-palestrante":[12],"class_list":["post-639","palestrantes","type-palestrantes","status-publish","has-post-thumbnail","hentry","area-palestrante-painel-tematico"],"_links":{"self":[{"href":"https:\/\/anprotec.org.br\/conferencia2026\/wp-json\/wp\/v2\/palestrantes\/639","targetHints":{"allow":["GET"]}}],"collection":[{"href":"https:\/\/anprotec.org.br\/conferencia2026\/wp-json\/wp\/v2\/palestrantes"}],"about":[{"href":"https:\/\/anprotec.org.br\/conferencia2026\/wp-json\/wp\/v2\/types\/palestrantes"}],"wp:featuredmedia":[{"embeddable":true,"href":"https:\/\/anprotec.org.br\/conferencia2026\/wp-json\/wp\/v2\/media\/640"}],"wp:attachment":[{"href":"https:\/\/anprotec.org.br\/conferencia2026\/wp-json\/wp\/v2\/media?parent=639"}],"wp:term":[{"taxonomy":"area-palestrante","embeddable":true,"href":"https:\/\/anprotec.org.br\/conferencia2026\/wp-json\/wp\/v2\/area-palestrante?post=639"}],"curies":[{"name":"wp","href":"https:\/\/api.w.org\/{rel}","templated":true}]}}

<p>Formação Acadêmica/Cursos/Docência/Palestras:&nbsp;</p>



<p>Graduado pela Pontifícia Universidade Católica do RS em Ciências Econômicas e em Administração de Empresas.&nbsp;</p>



<p>Administração Financeira II &#8211; Fundação Getúlio Vargas/ Rio de Janeiro/RJ&nbsp;</p>



<p>Contabilidade de Custos &#8211; Management Center do Brasil &#8211; MCB &#8211; Porto Alegre/RS</p>



<p>Experiência em Private Equity/Venture Capital com cursos, eventos e seminários no País e exterior.&nbsp;</p>



<p>Atuou em empresas privadas, de 1964 a 1972; na CRT (Telefônica), de 1972 a 1975 e no BADESUL (Banco de Desenvolvimento), entre 1975 a 1982.&nbsp;</p>



<p>Atividades atuais:&nbsp;</p>



<p>Sócio fundador da CRP Companhia de Participações; atua desde sua fundação em 1982 e como Diretor Superintendente a partir de 1996; gestor de recursos/administrador de Carteira de Valores Mobiliários, autorizado pela CVM desde 1997.&nbsp;</p>



<p>Participa em Conselhos de Administração de várias empresas.&nbsp;</p>



<p>Membro da APIMEC-Sul &#8211; Associação dos Analistas e Profissionais de Investimento do Mercado de Capitais/Extremo Sul;&nbsp;</p>



<p>Membro do Conselho Regional de Economia – Região Sul (CORECONrs); Conselheiro 2012-2017 e Presidente no ano de 2017.&nbsp;</p>



<p>Membro do Conselho Federal de Economia (COFECON); suplente em 2018; titular 2019-2024; suplente 2025 em diante.&nbsp;</p>



<p>Membro do Conselho da Associação Nacional de Entidades Promotoras de Empreendimentos Inovadores (ANPROTEC), 2012-2022.&nbsp;</p>



<p>Fundador e Membro do Conselho Consultivo da Associação Brasileira de Private Equity e Venture Capital (ABVCAP) desde 2000; e Presidente na gestão 2012-2014.&nbsp;</p>



<p>Membro associado da Associação Beneficente Pella Bethânia.&nbsp;</p>



<p>Membro da Irmandade e da Mesa Administrativa da Santa Casa de Misericórdia de Porto Alegre</p>
