{"id":624,"date":"2026-04-07T02:49:03","date_gmt":"2026-04-07T02:49:03","guid":{"rendered":"https:\/\/anprotec.org.br\/conferencia2026\/?post_type=palestrantes&#038;p=624"},"modified":"2026-04-07T23:42:09","modified_gmt":"2026-04-07T23:42:09","slug":"sonia-palomo","status":"publish","type":"palestrantes","link":"https:\/\/anprotec.org.br\/conferencia2026\/palestrantes\/sonia-palomo\/","title":{"rendered":"Sonia Palomo"},"content":{"rendered":"\n<p>Sonia Palomo \u2013 M\u00e1laga TechPark<\/p>\n\n\n\n<p>Como Diretora de Transfer\u00eancia de Tecnologia e Rela\u00e7\u00f5es Internacionais do M\u00e1laga TechPark, Sonia Palomo coordena a estrat\u00e9gia internacional do parque nos \u00faltimos 27 anos.<\/p>\n\n\n\n<p>Economista e Antrop\u00f3loga de forma\u00e7\u00e3o, com Mestrado em Gest\u00e3o Integrada de Parques Cient\u00edficos e Tecnol\u00f3gicos, Sonia traz uma perspectiva global para a inova\u00e7\u00e3o, a transfer\u00eancia de tecnologia e o desenvolvimento de parques tecnol\u00f3gicos.<\/p>\n\n\n\n<p>Suas principais atividades incluem a concep\u00e7\u00e3o, implementa\u00e7\u00e3o e coordena\u00e7\u00e3o de projetos europeus e internacionais; a promo\u00e7\u00e3o de iniciativas de transfer\u00eancia de tecnologia; a cria\u00e7\u00e3o de grupos setoriais; a coopera\u00e7\u00e3o internacional para a implementa\u00e7\u00e3o de estrat\u00e9gias inovadoras; e a organiza\u00e7\u00e3o e coordena\u00e7\u00e3o de eventos em n\u00edvel local, nacional e internacional. Suas compet\u00eancias abrangem tamb\u00e9m a an\u00e1lise global de ecossistemas de inova\u00e7\u00e3o, a cria\u00e7\u00e3o e desenvolvimento de empresas e a transfer\u00eancia de tecnologia.<\/p>\n\n\n\n<p>Sonia \u00e9 membro do grupo de especialistas da S3 CoP, uma comunidade europeia de pr\u00e1tica que apoia regi\u00f5es e Estados-Membros no cumprimento dos crit\u00e9rios e na implementa\u00e7\u00e3o bem-sucedida das Estrat\u00e9gias de Especializa\u00e7\u00e3o Inteligente (S3).<\/p>\n","protected":false},"featured_media":625,"template":"","area-palestrante":[11],"class_list":["post-624","palestrantes","type-palestrantes","status-publish","has-post-thumbnail","hentry","area-palestrante-plenaria"],"_links":{"self":[{"href":"https:\/\/anprotec.org.br\/conferencia2026\/wp-json\/wp\/v2\/palestrantes\/624","targetHints":{"allow":["GET"]}}],"collection":[{"href":"https:\/\/anprotec.org.br\/conferencia2026\/wp-json\/wp\/v2\/palestrantes"}],"about":[{"href":"https:\/\/anprotec.org.br\/conferencia2026\/wp-json\/wp\/v2\/types\/palestrantes"}],"wp:featuredmedia":[{"embeddable":true,"href":"https:\/\/anprotec.org.br\/conferencia2026\/wp-json\/wp\/v2\/media\/625"}],"wp:attachment":[{"href":"https:\/\/anprotec.org.br\/conferencia2026\/wp-json\/wp\/v2\/media?parent=624"}],"wp:term":[{"taxonomy":"area-palestrante","embeddable":true,"href":"https:\/\/anprotec.org.br\/conferencia2026\/wp-json\/wp\/v2\/area-palestrante?post=624"}],"curies":[{"name":"wp","href":"https:\/\/api.w.org\/{rel}","templated":true}]}}

<p>Sonia Palomo – Málaga TechPark</p>



<p>Como Diretora de Transferência de Tecnologia e Relações Internacionais do Málaga TechPark, Sonia Palomo coordena a estratégia internacional do parque nos últimos 27 anos.</p>



<p>Economista e Antropóloga de formação, com Mestrado em Gestão Integrada de Parques Científicos e Tecnológicos, Sonia traz uma perspectiva global para a inovação, a transferência de tecnologia e o desenvolvimento de parques tecnológicos.</p>



<p>Suas principais atividades incluem a concepção, implementação e coordenação de projetos europeus e internacionais; a promoção de iniciativas de transferência de tecnologia; a criação de grupos setoriais; a cooperação internacional para a implementação de estratégias inovadoras; e a organização e coordenação de eventos em nível local, nacional e internacional. Suas competências abrangem também a análise global de ecossistemas de inovação, a criação e desenvolvimento de empresas e a transferência de tecnologia.</p>



<p>Sonia é membro do grupo de especialistas da S3 CoP, uma comunidade europeia de prática que apoia regiões e Estados-Membros no cumprimento dos critérios e na implementação bem-sucedida das Estratégias de Especialização Inteligente (S3).</p>
