{"id":622,"date":"2026-04-07T02:45:15","date_gmt":"2026-04-07T02:45:15","guid":{"rendered":"https:\/\/anprotec.org.br\/conferencia2026\/?post_type=palestrantes&#038;p=622"},"modified":"2026-04-07T12:55:19","modified_gmt":"2026-04-07T12:55:19","slug":"jorge-luis-nicolas-audy","status":"publish","type":"palestrantes","link":"https:\/\/anprotec.org.br\/conferencia2026\/palestrantes\/jorge-luis-nicolas-audy\/","title":{"rendered":"Jorge Luis Nicolas Audy"},"content":{"rendered":"\n<p>Professor Titular da Escola Polit\u00e9cnica e do Programa de P\u00f3s-Gradua\u00e7\u00e3o em Ci\u00eancias da Computa\u00e7\u00e3o da PUCRS. Superintendente de Inova\u00e7\u00e3o e Desenvolvimento da PUCRS e do TECNOPUC. Membro do Conselho Nacional de Ci\u00eancia, Tecnologia e Inova\u00e7\u00e3o (CCT) da Presid\u00eancia da Rep\u00fablica. Presidente do Comit\u00ea de Honra do South Summit Brazil. Doutorado na \u00e1rea de Sistemas de Informa\u00e7\u00e3o (UFRGS), com P\u00f3s-Doutorado na IASP (Associa\u00e7\u00e3o Internacional de Parques Cient\u00edficos e \u00c1reas de Inova\u00e7\u00e3o), na Tsinghua University (China) e Universidade de M\u00e1laga (Espanha).<\/p>\n\n\n\n<p>\u00c9 membro de diversos Conselhos, como o Conselho de Diretores da THA (Triple Helix Association), dos Parques Cient\u00edficos e Tecnol\u00f3gicos do Qatar (Qatar Science and Technological Park), da USP (i3), do INOVA Camp (Unicamp), do Comit\u00ea Estrat\u00e9gico da Alian\u00e7a para Inova\u00e7\u00e3o de Porto Alegre e do Pacto Alegre. Associado ao CNPEM (Centro Nacional de Pesquisa em Energia e Materiais). Foi Titular da C\u00e1tedra de P\u00f3s-Gradua\u00e7\u00e3o e Inova\u00e7\u00e3o Paschoal Senise da USP, Presidente da ANPROTEC e da IASP (International Association of Science Parks and Areas of Innovation) e Presidente do FOPROP (F\u00f3rum dos Pr\u00f3-Reitores de Pesquisa e P\u00f3s-Gradua\u00e7\u00e3o das Universidades Brasileiras). Foi Membro de diversos Conselhos, como os Conselhos Deliberativos do FNDCT, CNPq, EMBRAPII e SEBRAE Nacional, Conselho Superior da CAPES e Conselho Editorial da RBS.<\/p>\n\n\n\n<p>Recebeu diversos reconhecimentos, como a Ordem Nacional do M\u00e9rito Cient\u00edfico na categoria Comendador, a Comenda de Inova\u00e7\u00e3o de Porto Alegre e o T\u00edtulo de Cidad\u00e3o Em\u00e9rito de Porto Alegre. Doutor Honoris Causa pela UFSM (Universidade Federal de Santa Maria).<\/p>\n\n\n\n<p>\u00c9 autor de diversos artigos cient\u00edficos e livros como Perplexidades de um ano sem fim: EDIPUCRS, 2022; As cidades e o futuro: Bookman, 2022; Ecossistemas de Inova\u00e7\u00e3o: Metamodelo para orquestra\u00e7\u00e3o Vol1: Perse, 2021; A aventura da transforma\u00e7\u00e3o: Anprotec, 2017; Desenvolvimento Distribu\u00eddo de Software: Campus\/Elsevier, 2007; Fundamentos de Sistemas de Informa\u00e7\u00e3o: Bookman, 2005; Sistemas de Informa\u00e7\u00e3o: planejamento e alinhamento estrat\u00e9gico nas organiza\u00e7\u00f5es: Bookman, 2003.<\/p>\n","protected":false},"featured_media":623,"template":"","area-palestrante":[11],"class_list":["post-622","palestrantes","type-palestrantes","status-publish","has-post-thumbnail","hentry","area-palestrante-plenaria"],"_links":{"self":[{"href":"https:\/\/anprotec.org.br\/conferencia2026\/wp-json\/wp\/v2\/palestrantes\/622","targetHints":{"allow":["GET"]}}],"collection":[{"href":"https:\/\/anprotec.org.br\/conferencia2026\/wp-json\/wp\/v2\/palestrantes"}],"about":[{"href":"https:\/\/anprotec.org.br\/conferencia2026\/wp-json\/wp\/v2\/types\/palestrantes"}],"wp:featuredmedia":[{"embeddable":true,"href":"https:\/\/anprotec.org.br\/conferencia2026\/wp-json\/wp\/v2\/media\/623"}],"wp:attachment":[{"href":"https:\/\/anprotec.org.br\/conferencia2026\/wp-json\/wp\/v2\/media?parent=622"}],"wp:term":[{"taxonomy":"area-palestrante","embeddable":true,"href":"https:\/\/anprotec.org.br\/conferencia2026\/wp-json\/wp\/v2\/area-palestrante?post=622"}],"curies":[{"name":"wp","href":"https:\/\/api.w.org\/{rel}","templated":true}]}}

<p>Professor Titular da Escola Politécnica e do Programa de Pós-Graduação em Ciências da Computação da PUCRS. Superintendente de Inovação e Desenvolvimento da PUCRS e do TECNOPUC. Membro do Conselho Nacional de Ciência, Tecnologia e Inovação (CCT) da Presidência da República. Presidente do Comitê de Honra do South Summit Brazil. Doutorado na área de Sistemas de Informação (UFRGS), com Pós-Doutorado na IASP (Associação Internacional de Parques Científicos e Áreas de Inovação), na Tsinghua University (China) e Universidade de Málaga (Espanha).</p>



<p>É membro de diversos Conselhos, como o Conselho de Diretores da THA (Triple Helix Association), dos Parques Científicos e Tecnológicos do Qatar (Qatar Science and Technological Park), da USP (i3), do INOVA Camp (Unicamp), do Comitê Estratégico da Aliança para Inovação de Porto Alegre e do Pacto Alegre. Associado ao CNPEM (Centro Nacional de Pesquisa em Energia e Materiais). Foi Titular da Cátedra de Pós-Graduação e Inovação Paschoal Senise da USP, Presidente da ANPROTEC e da IASP (International Association of Science Parks and Areas of Innovation) e Presidente do FOPROP (Fórum dos Pró-Reitores de Pesquisa e Pós-Graduação das Universidades Brasileiras). Foi Membro de diversos Conselhos, como os Conselhos Deliberativos do FNDCT, CNPq, EMBRAPII e SEBRAE Nacional, Conselho Superior da CAPES e Conselho Editorial da RBS.</p>



<p>Recebeu diversos reconhecimentos, como a Ordem Nacional do Mérito Científico na categoria Comendador, a Comenda de Inovação de Porto Alegre e o Título de Cidadão Emérito de Porto Alegre. Doutor Honoris Causa pela UFSM (Universidade Federal de Santa Maria).</p>



<p>É autor de diversos artigos científicos e livros como Perplexidades de um ano sem fim: EDIPUCRS, 2022; As cidades e o futuro: Bookman, 2022; Ecossistemas de Inovação: Metamodelo para orquestração Vol1: Perse, 2021; A aventura da transformação: Anprotec, 2017; Desenvolvimento Distribuído de Software: Campus/Elsevier, 2007; Fundamentos de Sistemas de Informação: Bookman, 2005; Sistemas de Informação: planejamento e alinhamento estratégico nas organizações: Bookman, 2003.</p>
