{"id":620,"date":"2026-04-07T02:43:25","date_gmt":"2026-04-07T02:43:25","guid":{"rendered":"https:\/\/anprotec.org.br\/conferencia2026\/?post_type=palestrantes&#038;p=620"},"modified":"2026-04-14T18:33:47","modified_gmt":"2026-04-14T18:33:47","slug":"hideraldo-almeida","status":"publish","type":"palestrantes","link":"https:\/\/anprotec.org.br\/conferencia2026\/palestrantes\/hideraldo-almeida\/","title":{"rendered":"Hideraldo Almeida"},"content":{"rendered":"\n<p>Mestre em Pol\u00edticas P\u00fablicas e Desenvolvimento pelo IPEA\/ESAF (2016), especialista em Gest\u00e3o Estrat\u00e9gica e Qualidade pela Universidade C\u00e2ndido Mendes &#8211; RJ (2011) e Bacharel em Ci\u00eancias Econ\u00f4micas pela AEUDF (1999). \u00c9 Diretor do Departamento de Apoio aos Ecossitemas de Inova\u00e7\u00e3o (DEPAI) da Secretaria de Desenvolvimento Tecnol\u00f3gico e Inova\u00e7\u00e3o (SETEC) do Minist\u00e9rio da Ci\u00eancia, Tecnologia e Inova\u00e7\u00e3o (MCTI). \u00c9 tamb\u00e9m Vice-presidente do IBRACHICS &#8211; Instituto Brasileiro de Cidades Humanas, Inteligentes, Criativas e Sustent\u00e1veis e Membro do Conselho Nacional de Ci\u00eancia e Tecnologia da Presid\u00eancia da Rep\u00fablica. Foi Diretor do Projeto PNUD BRA\/16\/008 na TERRACAP de 2016 a 2019 e Diretor da DINOV da BIOTIC S\/A de 2017 a 2019. \u00c9 tamb\u00e9m Analista em Ci\u00eancia e Tecnologia do MCTI onde atuou de 2009 a 2016 na Coordena\u00e7\u00e3o-Geral de Servi\u00e7os Tecnol\u00f3gicos e foi gestor financeiro da SETEC\/MCTI. Foi Coordenador de Capacita\u00e7\u00e3o Tecnol\u00f3gica, respons\u00e1vel pelo acompanhamento de v\u00e1rios projetos relacionados \u00e0 cria\u00e7\u00e3o e implanta\u00e7\u00e3o de Parques Tecnol\u00f3gicos e Incubadoras de Empresas. Exerceu o mandato de Diretor Presidente da Associa\u00e7\u00e3o Nacional dos Servidores do MCTI- ASCT &#8211; de 2010 a 2021.<\/p>\n","protected":false},"featured_media":1015,"template":"","area-palestrante":[11],"class_list":["post-620","palestrantes","type-palestrantes","status-publish","has-post-thumbnail","hentry","area-palestrante-plenaria"],"_links":{"self":[{"href":"https:\/\/anprotec.org.br\/conferencia2026\/wp-json\/wp\/v2\/palestrantes\/620","targetHints":{"allow":["GET"]}}],"collection":[{"href":"https:\/\/anprotec.org.br\/conferencia2026\/wp-json\/wp\/v2\/palestrantes"}],"about":[{"href":"https:\/\/anprotec.org.br\/conferencia2026\/wp-json\/wp\/v2\/types\/palestrantes"}],"wp:featuredmedia":[{"embeddable":true,"href":"https:\/\/anprotec.org.br\/conferencia2026\/wp-json\/wp\/v2\/media\/1015"}],"wp:attachment":[{"href":"https:\/\/anprotec.org.br\/conferencia2026\/wp-json\/wp\/v2\/media?parent=620"}],"wp:term":[{"taxonomy":"area-palestrante","embeddable":true,"href":"https:\/\/anprotec.org.br\/conferencia2026\/wp-json\/wp\/v2\/area-palestrante?post=620"}],"curies":[{"name":"wp","href":"https:\/\/api.w.org\/{rel}","templated":true}]}}

<p>Mestre em Políticas Públicas e Desenvolvimento pelo IPEA/ESAF (2016), especialista em Gestão Estratégica e Qualidade pela Universidade Cândido Mendes &#8211; RJ (2011) e Bacharel em Ciências Econômicas pela AEUDF (1999). É Diretor do Departamento de Apoio aos Ecossitemas de Inovação (DEPAI) da Secretaria de Desenvolvimento Tecnológico e Inovação (SETEC) do Ministério da Ciência, Tecnologia e Inovação (MCTI). É também Vice-presidente do IBRACHICS &#8211; Instituto Brasileiro de Cidades Humanas, Inteligentes, Criativas e Sustentáveis e Membro do Conselho Nacional de Ciência e Tecnologia da Presidência da República. Foi Diretor do Projeto PNUD BRA/16/008 na TERRACAP de 2016 a 2019 e Diretor da DINOV da BIOTIC S/A de 2017 a 2019. É também Analista em Ciência e Tecnologia do MCTI onde atuou de 2009 a 2016 na Coordenação-Geral de Serviços Tecnológicos e foi gestor financeiro da SETEC/MCTI. Foi Coordenador de Capacitação Tecnológica, responsável pelo acompanhamento de vários projetos relacionados à criação e implantação de Parques Tecnológicos e Incubadoras de Empresas. Exerceu o mandato de Diretor Presidente da Associação Nacional dos Servidores do MCTI- ASCT &#8211; de 2010 a 2021.</p>
