{"id":1064,"date":"2026-04-28T02:38:18","date_gmt":"2026-04-28T02:38:18","guid":{"rendered":"https:\/\/anprotec.org.br\/conferencia2026\/?post_type=palestrantes&#038;p=1064"},"modified":"2026-04-28T02:38:18","modified_gmt":"2026-04-28T02:38:18","slug":"paulo-renato-macedo-cabral","status":"publish","type":"palestrantes","link":"https:\/\/anprotec.org.br\/conferencia2026\/palestrantes\/paulo-renato-macedo-cabral\/","title":{"rendered":"Paulo Renato Macedo Cabral"},"content":{"rendered":"\n<p>Especialista em Mental Health e Gest\u00e3o da Qualidade de Vida no Trabalho pela Funda\u00e7\u00e3o Instituto de Administra\u00e7\u00e3o (FIA-USP) e graduado em Engenharia de Materiais e Metalurgia pela Universidade Federal de Minas Gerais (UFMG).<\/p>\n\n\n\n<p>Profissional com mais de 20 anos de experi\u00eancia nas \u00e1reas de Inova\u00e7\u00e3o e Empreendedorismo, com s\u00f3lida atua\u00e7\u00e3o em consultoria estrat\u00e9gica para grandes organiza\u00e7\u00f5es, universidades e governos. Possui trajet\u00f3ria consolidada em investimentos em empresas de tecnologia e no desenvolvimento de programas educacionais voltados \u00e0 forma\u00e7\u00e3o de novos empreendedores e startups.<\/p>\n\n\n\n<p>Ao longo de sua carreira, colaborou com empresas de grande porte, como Johnson &amp; Johnson, Natura, Petrobras, Fiat, Usiminas, Nestl\u00e9, Saint-Gobain, al\u00e9m do Governo de Minas Gerais, entre outras institui\u00e7\u00f5es.<\/p>\n\n\n\n<p>Foi s\u00f3cio-fundador das empresas de biotecnologia Ecovec e Rizoflora, ambas originadas a partir de pesquisas universit\u00e1rias e posteriormente adquiridas por multinacionais ap\u00f3s seu crescimento e consolida\u00e7\u00e3o no mercado.<\/p>\n\n\n\n<p>Atualmente, atua como Gerente de Inova\u00e7\u00e3o no Sebrae Nacional, liderando iniciativas estrat\u00e9gicas voltadas ao fortalecimento do ecossistema de inova\u00e7\u00e3o e ao desenvolvimento do empreendedorismo no Brasil&#8217;<\/p>\n","protected":false},"featured_media":1065,"template":"","area-palestrante":[14],"class_list":["post-1064","palestrantes","type-palestrantes","status-publish","has-post-thumbnail","hentry","area-palestrante-roda-conversa"],"_links":{"self":[{"href":"https:\/\/anprotec.org.br\/conferencia2026\/wp-json\/wp\/v2\/palestrantes\/1064","targetHints":{"allow":["GET"]}}],"collection":[{"href":"https:\/\/anprotec.org.br\/conferencia2026\/wp-json\/wp\/v2\/palestrantes"}],"about":[{"href":"https:\/\/anprotec.org.br\/conferencia2026\/wp-json\/wp\/v2\/types\/palestrantes"}],"wp:featuredmedia":[{"embeddable":true,"href":"https:\/\/anprotec.org.br\/conferencia2026\/wp-json\/wp\/v2\/media\/1065"}],"wp:attachment":[{"href":"https:\/\/anprotec.org.br\/conferencia2026\/wp-json\/wp\/v2\/media?parent=1064"}],"wp:term":[{"taxonomy":"area-palestrante","embeddable":true,"href":"https:\/\/anprotec.org.br\/conferencia2026\/wp-json\/wp\/v2\/area-palestrante?post=1064"}],"curies":[{"name":"wp","href":"https:\/\/api.w.org\/{rel}","templated":true}]}}

<p>Especialista em Mental Health e Gestão da Qualidade de Vida no Trabalho pela Fundação Instituto de Administração (FIA-USP) e graduado em Engenharia de Materiais e Metalurgia pela Universidade Federal de Minas Gerais (UFMG).</p>



<p>Profissional com mais de 20 anos de experiência nas áreas de Inovação e Empreendedorismo, com sólida atuação em consultoria estratégica para grandes organizações, universidades e governos. Possui trajetória consolidada em investimentos em empresas de tecnologia e no desenvolvimento de programas educacionais voltados à formação de novos empreendedores e startups.</p>



<p>Ao longo de sua carreira, colaborou com empresas de grande porte, como Johnson &amp; Johnson, Natura, Petrobras, Fiat, Usiminas, Nestlé, Saint-Gobain, além do Governo de Minas Gerais, entre outras instituições.</p>



<p>Foi sócio-fundador das empresas de biotecnologia Ecovec e Rizoflora, ambas originadas a partir de pesquisas universitárias e posteriormente adquiridas por multinacionais após seu crescimento e consolidação no mercado.</p>



<p>Atualmente, atua como Gerente de Inovação no Sebrae Nacional, liderando iniciativas estratégicas voltadas ao fortalecimento do ecossistema de inovação e ao desenvolvimento do empreendedorismo no Brasil&#8217;</p>
