{"id":1061,"date":"2026-04-28T02:00:16","date_gmt":"2026-04-28T02:00:16","guid":{"rendered":"https:\/\/anprotec.org.br\/conferencia2026\/?post_type=palestrantes&#038;p=1061"},"modified":"2026-04-28T02:00:16","modified_gmt":"2026-04-28T02:00:16","slug":"flavia-fiorin","status":"publish","type":"palestrantes","link":"https:\/\/anprotec.org.br\/conferencia2026\/palestrantes\/flavia-fiorin\/","title":{"rendered":"Fl\u00e1via Fiorin"},"content":{"rendered":"\n<p>Flavia Fiorin \u00e9 Diretora do TECNOPUC, Parque Cient\u00edfico e Tecnol\u00f3gico da PUCRS, no Brasil. Possui Mestrado em Administra\u00e7\u00e3o pela Universit\u00e9 de Poitiers (Fran\u00e7a) e pela Unisinos (Brasil), al\u00e9m de um MBA pela Funda\u00e7\u00e3o Get\u00falio Vargas (FGV). Arquiteta e Urbanista pela UFSM, tem mais de 15 anos de experi\u00eancia em gest\u00e3o de projetos de inova\u00e7\u00e3o, focando em empresas de base tecnol\u00f3gica. Sua pesquisa concentra-se em organiza\u00e7\u00f5es em rede, ambientes complexos e cidades responsivas.<br><\/p>\n","protected":false},"featured_media":1062,"template":"","area-palestrante":[15],"class_list":["post-1061","palestrantes","type-palestrantes","status-publish","has-post-thumbnail","hentry","area-palestrante-painel-speaker"],"_links":{"self":[{"href":"https:\/\/anprotec.org.br\/conferencia2026\/wp-json\/wp\/v2\/palestrantes\/1061","targetHints":{"allow":["GET"]}}],"collection":[{"href":"https:\/\/anprotec.org.br\/conferencia2026\/wp-json\/wp\/v2\/palestrantes"}],"about":[{"href":"https:\/\/anprotec.org.br\/conferencia2026\/wp-json\/wp\/v2\/types\/palestrantes"}],"wp:featuredmedia":[{"embeddable":true,"href":"https:\/\/anprotec.org.br\/conferencia2026\/wp-json\/wp\/v2\/media\/1062"}],"wp:attachment":[{"href":"https:\/\/anprotec.org.br\/conferencia2026\/wp-json\/wp\/v2\/media?parent=1061"}],"wp:term":[{"taxonomy":"area-palestrante","embeddable":true,"href":"https:\/\/anprotec.org.br\/conferencia2026\/wp-json\/wp\/v2\/area-palestrante?post=1061"}],"curies":[{"name":"wp","href":"https:\/\/api.w.org\/{rel}","templated":true}]}}

Flávia Fiorin

<p>Flavia Fiorin é Diretora do TECNOPUC, Parque Científico e Tecnológico da PUCRS, no Brasil. Possui Mestrado em Administração pela Université de Poitiers (França) e pela Unisinos (Brasil), além de um MBA pela Fundação Getúlio Vargas (FGV). Arquiteta e Urbanista pela UFSM, tem mais de 15 anos de experiência em gestão de projetos de inovação, focando em empresas de base tecnológica. Sua pesquisa concentra-se em organizações em rede, ambientes complexos e cidades responsivas.<br></p>
