{"id":3039,"date":"2024-11-30T14:55:39","date_gmt":"2024-11-30T14:55:39","guid":{"rendered":"https:\/\/anprotec.org.br\/conferencia2024\/?post_type=participantes&#038;p=3039"},"modified":"2024-11-30T14:55:40","modified_gmt":"2024-11-30T14:55:40","slug":"eduardo-capobianco","status":"publish","type":"participantes","link":"https:\/\/anprotec.org.br\/conferencia2024\/participantes\/eduardo-capobianco\/","title":{"rendered":"Eduardo Capobianco"},"content":{"rendered":"\n<p>Eduardo Capobianco May Zaidan \u00e9 um empreendedor reconhecido por sua capacidade de transformar desafios complexos em solu\u00e7\u00f5es inovadoras e impactantes. Fundador e Co-CEO do Grupo Futurum, possui s\u00f3lida forma\u00e7\u00e3o acad\u00eamica e vasta experi\u00eancia em neg\u00f3cios, tendo criado mais de 20 empresas em tr\u00eas continentes. Eduardo se destaca como l\u00edder em projetos que unem tecnologia, criatividade e efici\u00eancia operacional.Ao longo de sua trajet\u00f3ria, Eduardo liderou iniciativas estrat\u00e9gicas em diversos setores, contribuindo para a transforma\u00e7\u00e3o digital de empresas e para a implementa\u00e7\u00e3o de solu\u00e7\u00f5es que promovem impacto social positivo. Seu esp\u00edrito colaborativo e pensamento disruptivo fazem dele uma refer\u00eancia em inova\u00e7\u00e3o, destacando-se como palestrante em eventos nacionais e internacionais.<\/p>\n","protected":false},"featured_media":3012,"template":"","class_list":["post-3039","participantes","type-participantes","status-publish","has-post-thumbnail","hentry"],"_links":{"self":[{"href":"https:\/\/anprotec.org.br\/conferencia2024\/wp-json\/wp\/v2\/participantes\/3039","targetHints":{"allow":["GET"]}}],"collection":[{"href":"https:\/\/anprotec.org.br\/conferencia2024\/wp-json\/wp\/v2\/participantes"}],"about":[{"href":"https:\/\/anprotec.org.br\/conferencia2024\/wp-json\/wp\/v2\/types\/participantes"}],"wp:featuredmedia":[{"embeddable":true,"href":"https:\/\/anprotec.org.br\/conferencia2024\/wp-json\/wp\/v2\/media\/3012"}],"wp:attachment":[{"href":"https:\/\/anprotec.org.br\/conferencia2024\/wp-json\/wp\/v2\/media?parent=3039"}],"curies":[{"name":"wp","href":"https:\/\/api.w.org\/{rel}","templated":true}]}}

<p>Eduardo Capobianco May Zaidan é um empreendedor reconhecido por sua capacidade de transformar desafios complexos em soluções inovadoras e impactantes. Fundador e Co-CEO do Grupo Futurum, possui sólida formação acadêmica e vasta experiência em negócios, tendo criado mais de 20 empresas em três continentes. Eduardo se destaca como líder em projetos que unem tecnologia, criatividade e eficiência operacional.Ao longo de sua trajetória, Eduardo liderou iniciativas estratégicas em diversos setores, contribuindo para a transformação digital de empresas e para a implementação de soluções que promovem impacto social positivo. Seu espírito colaborativo e pensamento disruptivo fazem dele uma referência em inovação, destacando-se como palestrante em eventos nacionais e internacionais.</p>
