{"id":2972,"date":"2024-11-29T09:45:15","date_gmt":"2024-11-29T09:45:15","guid":{"rendered":"https:\/\/anprotec.org.br\/conferencia2024\/?post_type=participantes&#038;p=2972"},"modified":"2024-11-29T09:45:16","modified_gmt":"2024-11-29T09:45:16","slug":"rafael-viana-mendes","status":"publish","type":"participantes","link":"https:\/\/anprotec.org.br\/conferencia2024\/participantes\/rafael-viana-mendes\/","title":{"rendered":"Rafael Viana Mendes"},"content":{"rendered":"\n<p>Mini-curr\u00edculo: Engenheiro de Produ\u00e7\u00e3o, Head de Inova\u00e7\u00e3o no setor log\u00edstico, com experi\u00eancia em gest\u00e3o de projetos, certifica\u00e7\u00f5es ISO e patentes nacionais e internacionais, incluindo um monitor autodescontaminante. Empreendedor nos setores de turismo e ind\u00fastria, atua com solu\u00e7\u00f5es disruptivas e metodologias \u00e1geis no ecossistema de startups. Especialista em inova\u00e7\u00e3o, tecnologia e transforma\u00e7\u00e3o digital para neg\u00f3cios escal\u00e1veis.<\/p>\n","protected":false},"featured_media":2973,"template":"","class_list":["post-2972","participantes","type-participantes","status-publish","has-post-thumbnail","hentry"],"_links":{"self":[{"href":"https:\/\/anprotec.org.br\/conferencia2024\/wp-json\/wp\/v2\/participantes\/2972","targetHints":{"allow":["GET"]}}],"collection":[{"href":"https:\/\/anprotec.org.br\/conferencia2024\/wp-json\/wp\/v2\/participantes"}],"about":[{"href":"https:\/\/anprotec.org.br\/conferencia2024\/wp-json\/wp\/v2\/types\/participantes"}],"wp:featuredmedia":[{"embeddable":true,"href":"https:\/\/anprotec.org.br\/conferencia2024\/wp-json\/wp\/v2\/media\/2973"}],"wp:attachment":[{"href":"https:\/\/anprotec.org.br\/conferencia2024\/wp-json\/wp\/v2\/media?parent=2972"}],"curies":[{"name":"wp","href":"https:\/\/api.w.org\/{rel}","templated":true}]}}

<p>Mini-currículo: Engenheiro de Produção, Head de Inovação no setor logístico, com experiência em gestão de projetos, certificações ISO e patentes nacionais e internacionais, incluindo um monitor autodescontaminante. Empreendedor nos setores de turismo e indústria, atua com soluções disruptivas e metodologias ágeis no ecossistema de startups. Especialista em inovação, tecnologia e transformação digital para negócios escaláveis.</p>
