{"id":2450,"date":"2024-11-11T20:23:38","date_gmt":"2024-11-11T20:23:38","guid":{"rendered":"https:\/\/anprotec.org.br\/conferencia2024\/?post_type=participantes&#038;p=2450"},"modified":"2024-11-25T12:25:50","modified_gmt":"2024-11-25T12:25:50","slug":"marcelo-bregagnoli","status":"publish","type":"participantes","link":"https:\/\/anprotec.org.br\/conferencia2024\/participantes\/marcelo-bregagnoli\/","title":{"rendered":"Marcelo Bregagnoli"},"content":{"rendered":"\n<p>Licenciado em Ci\u00eancias Agr\u00edcolas pela Universidade Federal Rural do Rio de Janeiro e Doutor em Agronomia pela ESALQ\/USP. Ingressou como docente na ent\u00e3o Escola Agrot\u00e9cnica Federal de Muzambinho em 1996, hoje, Instituto Federal do Sul de Minas.<br><br>Possui 6 livros publicados e artigos de pesquisa nas \u00e1reas de ci\u00eancias agr\u00e1rias, educa\u00e7\u00e3o e meio ambiente, tendo coordenado e organizado diversos t\u00e9cnico-cient\u00edficos, como Olimp\u00edada Brasileira de Agropecu\u00e1ria que se encontra na sua 12a edi\u00e7\u00e3o.<br><br>Foi vice-presidente de Rela\u00e7\u00f5es Institucionais do CONIF e coordenador da C\u00e2mara de Educa\u00e7\u00e3o do Campo e de Assuntos Internacionais. Foi vice-presidente do F\u00f3rum da Institui\u00e7\u00f5es de Ensino Superior de Minas Gerais &#8211; FORIPES (2020) e conselheiro da ANATER, FIEMG e do Conselho Consultivo do INEP.<br><br>Em 2010 assumiu a Pr\u00f3-Reitoria de pesquisa, p\u00f3s-gradua\u00e7\u00e3o e inova\u00e7\u00e3o do Instituto Federal de Educa\u00e7\u00e3o, Ci\u00eancia e Tecnologia do Sul de Minas (IFSULDEMINAS), permanecendo na fun\u00e7\u00e3o at\u00e9 2014, quando foi eleito para o primeiro mandato como reitor da institui\u00e7\u00e3o at\u00e9 2018 e reeleito para o per\u00edodo de mais quatro anos at\u00e9 2022. No ano de 2023 assumiu a Diretoria de Desenvolvimento da Rede Federal de EPCT no Minist\u00e9rio da Educa\u00e7\u00e3o, no \u00e2mbito da Secretaria de Educa\u00e7\u00e3o Profissional e Tecnol\u00f3gica (SETEC), e atualmente ocupa o cargo de Secret\u00e1rio no mesmo \u00f3rg\u00e3o.<\/p>\n","protected":false},"featured_media":2606,"template":"","class_list":["post-2450","participantes","type-participantes","status-publish","has-post-thumbnail","hentry"],"_links":{"self":[{"href":"https:\/\/anprotec.org.br\/conferencia2024\/wp-json\/wp\/v2\/participantes\/2450","targetHints":{"allow":["GET"]}}],"collection":[{"href":"https:\/\/anprotec.org.br\/conferencia2024\/wp-json\/wp\/v2\/participantes"}],"about":[{"href":"https:\/\/anprotec.org.br\/conferencia2024\/wp-json\/wp\/v2\/types\/participantes"}],"wp:featuredmedia":[{"embeddable":true,"href":"https:\/\/anprotec.org.br\/conferencia2024\/wp-json\/wp\/v2\/media\/2606"}],"wp:attachment":[{"href":"https:\/\/anprotec.org.br\/conferencia2024\/wp-json\/wp\/v2\/media?parent=2450"}],"curies":[{"name":"wp","href":"https:\/\/api.w.org\/{rel}","templated":true}]}}

<p>Licenciado em Ciências Agrícolas pela Universidade Federal Rural do Rio de Janeiro e Doutor em Agronomia pela ESALQ/USP. Ingressou como docente na então Escola Agrotécnica Federal de Muzambinho em 1996, hoje, Instituto Federal do Sul de Minas.<br><br>Possui 6 livros publicados e artigos de pesquisa nas áreas de ciências agrárias, educação e meio ambiente, tendo coordenado e organizado diversos técnico-científicos, como Olimpíada Brasileira de Agropecuária que se encontra na sua 12a edição.<br><br>Foi vice-presidente de Relações Institucionais do CONIF e coordenador da Câmara de Educação do Campo e de Assuntos Internacionais. Foi vice-presidente do Fórum da Instituições de Ensino Superior de Minas Gerais &#8211; FORIPES (2020) e conselheiro da ANATER, FIEMG e do Conselho Consultivo do INEP.<br><br>Em 2010 assumiu a Pró-Reitoria de pesquisa, pós-graduação e inovação do Instituto Federal de Educação, Ciência e Tecnologia do Sul de Minas (IFSULDEMINAS), permanecendo na função até 2014, quando foi eleito para o primeiro mandato como reitor da instituição até 2018 e reeleito para o período de mais quatro anos até 2022. No ano de 2023 assumiu a Diretoria de Desenvolvimento da Rede Federal de EPCT no Ministério da Educação, no âmbito da Secretaria de Educação Profissional e Tecnológica (SETEC), e atualmente ocupa o cargo de Secretário no mesmo órgão.</p>
