{"id":2434,"date":"2024-11-11T19:35:38","date_gmt":"2024-11-11T19:35:38","guid":{"rendered":"https:\/\/anprotec.org.br\/conferencia2024\/?post_type=participantes&#038;p=2434"},"modified":"2024-11-21T20:36:23","modified_gmt":"2024-11-21T20:36:23","slug":"jeferson-cheriegate","status":"publish","type":"participantes","link":"https:\/\/anprotec.org.br\/conferencia2024\/participantes\/jeferson-cheriegate\/","title":{"rendered":"Jeferson Cheriegate"},"content":{"rendered":"\n<p>Engenheiro de Materiais pela Universidade Federal do Rio de Janeiro e diplomado em Administra\u00e7\u00e3o de Empresas pela Association of Business Executives, London. Tem MBA Executivo pela Funda\u00e7\u00e3o Dom Cabral.<\/p>\n\n\n\n<p>Conta mais de 20 anos de experi\u00eancia profissional desenvolvida nas ind\u00fastrias de bens de consumo, servi\u00e7os e governo, em companhias de diferentes portes e foco de atua\u00e7\u00e3o, como a Unilever, a Smollan e a Infra S.A.<br>Ao longo da carreira, elaborou e implementou diferentes estrat\u00e9gias e planos de neg\u00f3cios, formou times de alta performance, liderou startups, participou ativamente de processos de M&amp;As e conduziu processos de integra\u00e7\u00e3o.<\/p>\n\n\n\n<p>Desde 2022 \u00e9 o Presidente do PIT \u2013 Parque de Inova\u00e7\u00e3o S\u00e3o Jos\u00e9 dos Campos.<\/p>\n","protected":false},"featured_media":2581,"template":"","class_list":["post-2434","participantes","type-participantes","status-publish","has-post-thumbnail","hentry"],"_links":{"self":[{"href":"https:\/\/anprotec.org.br\/conferencia2024\/wp-json\/wp\/v2\/participantes\/2434","targetHints":{"allow":["GET"]}}],"collection":[{"href":"https:\/\/anprotec.org.br\/conferencia2024\/wp-json\/wp\/v2\/participantes"}],"about":[{"href":"https:\/\/anprotec.org.br\/conferencia2024\/wp-json\/wp\/v2\/types\/participantes"}],"wp:featuredmedia":[{"embeddable":true,"href":"https:\/\/anprotec.org.br\/conferencia2024\/wp-json\/wp\/v2\/media\/2581"}],"wp:attachment":[{"href":"https:\/\/anprotec.org.br\/conferencia2024\/wp-json\/wp\/v2\/media?parent=2434"}],"curies":[{"name":"wp","href":"https:\/\/api.w.org\/{rel}","templated":true}]}}

<p>Engenheiro de Materiais pela Universidade Federal do Rio de Janeiro e diplomado em Administração de Empresas pela Association of Business Executives, London. Tem MBA Executivo pela Fundação Dom Cabral.</p>



<p>Conta mais de 20 anos de experiência profissional desenvolvida nas indústrias de bens de consumo, serviços e governo, em companhias de diferentes portes e foco de atuação, como a Unilever, a Smollan e a Infra S.A.<br>Ao longo da carreira, elaborou e implementou diferentes estratégias e planos de negócios, formou times de alta performance, liderou startups, participou ativamente de processos de M&amp;As e conduziu processos de integração.</p>



<p>Desde 2022 é o Presidente do PIT – Parque de Inovação São José dos Campos.</p>
