{"id":2418,"date":"2024-11-11T19:06:27","date_gmt":"2024-11-11T19:06:27","guid":{"rendered":"https:\/\/anprotec.org.br\/conferencia2024\/?post_type=participantes&#038;p=2418"},"modified":"2024-11-21T19:55:12","modified_gmt":"2024-11-21T19:55:12","slug":"emilia-villani","status":"publish","type":"participantes","link":"https:\/\/anprotec.org.br\/conferencia2024\/participantes\/emilia-villani\/","title":{"rendered":"Emilia Villani"},"content":{"rendered":"\n<p>Possui gradua\u00e7\u00e3o em engenharia mecatr\u00f4nica pela Universidade de S\u00e3o Paulo (1997), mestrado (2000) e doutorado (2004) em engenharia mec\u00e2nica tamb\u00e9m pela Universidade de S\u00e3o Paulo. Desde 2005 \u00e9 professora do Instituto Tecnol\u00f3gico de Aeron\u00e1utica, atuando em engenharia mecatr\u00f4nica e sistemas aeroespaciais. Desenvolve pesquisas relacionadas a (1) especifica\u00e7\u00e3o, verifica\u00e7\u00e3o e valida\u00e7\u00e3o de sistemas embarcados para aplica\u00e7\u00f5es cr\u00edticas, (2) projeto de sistemas de automa\u00e7\u00e3o industrial, com \u00eanfase em aplica\u00e7\u00f5es rob\u00f3ticas, e (3) fatores humanos em aplica\u00e7\u00f5es aeron\u00e1uticas.<\/p>\n\n\n\n<p><\/p>\n","protected":false},"featured_media":2566,"template":"","class_list":["post-2418","participantes","type-participantes","status-publish","has-post-thumbnail","hentry"],"_links":{"self":[{"href":"https:\/\/anprotec.org.br\/conferencia2024\/wp-json\/wp\/v2\/participantes\/2418","targetHints":{"allow":["GET"]}}],"collection":[{"href":"https:\/\/anprotec.org.br\/conferencia2024\/wp-json\/wp\/v2\/participantes"}],"about":[{"href":"https:\/\/anprotec.org.br\/conferencia2024\/wp-json\/wp\/v2\/types\/participantes"}],"wp:featuredmedia":[{"embeddable":true,"href":"https:\/\/anprotec.org.br\/conferencia2024\/wp-json\/wp\/v2\/media\/2566"}],"wp:attachment":[{"href":"https:\/\/anprotec.org.br\/conferencia2024\/wp-json\/wp\/v2\/media?parent=2418"}],"curies":[{"name":"wp","href":"https:\/\/api.w.org\/{rel}","templated":true}]}}

<p>Possui graduação em engenharia mecatrônica pela Universidade de São Paulo (1997), mestrado (2000) e doutorado (2004) em engenharia mecânica também pela Universidade de São Paulo. Desde 2005 é professora do Instituto Tecnológico de Aeronáutica, atuando em engenharia mecatrônica e sistemas aeroespaciais. Desenvolve pesquisas relacionadas a (1) especificação, verificação e validação de sistemas embarcados para aplicações críticas, (2) projeto de sistemas de automação industrial, com ênfase em aplicações robóticas, e (3) fatores humanos em aplicações aeronáuticas.</p>



<p></p>
