{"id":2221,"date":"2024-10-08T16:37:56","date_gmt":"2024-10-08T16:37:56","guid":{"rendered":"https:\/\/anprotec.org.br\/conferencia2024\/?post_type=participantes&#038;p=2221"},"modified":"2024-12-01T22:15:23","modified_gmt":"2024-12-01T22:15:23","slug":"diana-azin","status":"publish","type":"participantes","link":"https:\/\/anprotec.org.br\/conferencia2024\/participantes\/diana-azin\/","title":{"rendered":"Diana Azin"},"content":{"rendered":"\n<p>Mestra em Propriedade Intelectual e Transfer\u00eancia de Tecnologia para Inova\u00e7\u00e3o &#8211; PROFNIT (2023). Especialista e em Direito P\u00fablico (2001) e em Direito Civil (2004). \u00c9 Procuradora Federal da Advocacia-Geral da Uni\u00e3o. Ocupou diversos cargos na Administra\u00e7\u00e3o P\u00fablica Federal, com destaque para os cargos de Secret\u00e1ria de Regula\u00e7\u00e3o e Supervis\u00e3o da Educa\u00e7\u00e3o Superior do Minist\u00e9rio da Educa\u00e7\u00e3o, Assessora Especial do Ministro da Educa\u00e7\u00e3o, Assessora Especial do Ministro da Educa\u00e7\u00e3o. Procuradora-Chefe da Procuradoria Federal junto ao Instituto Federal de Educa\u00e7\u00e3o, Ci\u00eancia e Tecnologia do Cear\u00e1 e Procuradora-Chefe da Procuradoria Federal junto ao Instituto Nacional do Seguro Social em Fortaleza. No \u00e2mbito da Procuradoria-Geral Federal, ocupa o cargo de Procuradora-Chefe da Procuradoria Federal junto \u00e0 SUFRAMA e coordena a C\u00e2mara Permanente de Ci\u00eancia, Tecnologia e Inova\u00e7\u00e3o (CP-CTI).<strong> <\/strong><em>(<\/em><a href=\"http:\/\/lattes.cnpq.br\/4635212116674992\"><em>http:\/\/lattes.cnpq.br\/4635212116674992<\/em><\/a><em>)<\/em><\/p>\n\n\n\n<p><\/p>\n","protected":false},"featured_media":2564,"template":"","class_list":["post-2221","participantes","type-participantes","status-publish","has-post-thumbnail","hentry"],"_links":{"self":[{"href":"https:\/\/anprotec.org.br\/conferencia2024\/wp-json\/wp\/v2\/participantes\/2221","targetHints":{"allow":["GET"]}}],"collection":[{"href":"https:\/\/anprotec.org.br\/conferencia2024\/wp-json\/wp\/v2\/participantes"}],"about":[{"href":"https:\/\/anprotec.org.br\/conferencia2024\/wp-json\/wp\/v2\/types\/participantes"}],"wp:featuredmedia":[{"embeddable":true,"href":"https:\/\/anprotec.org.br\/conferencia2024\/wp-json\/wp\/v2\/media\/2564"}],"wp:attachment":[{"href":"https:\/\/anprotec.org.br\/conferencia2024\/wp-json\/wp\/v2\/media?parent=2221"}],"curies":[{"name":"wp","href":"https:\/\/api.w.org\/{rel}","templated":true}]}}

<p>Mestra em Propriedade Intelectual e Transferência de Tecnologia para Inovação &#8211; PROFNIT (2023). Especialista e em Direito Público (2001) e em Direito Civil (2004). É Procuradora Federal da Advocacia-Geral da União. Ocupou diversos cargos na Administração Pública Federal, com destaque para os cargos de Secretária de Regulação e Supervisão da Educação Superior do Ministério da Educação, Assessora Especial do Ministro da Educação, Assessora Especial do Ministro da Educação. Procuradora-Chefe da Procuradoria Federal junto ao Instituto Federal de Educação, Ciência e Tecnologia do Ceará e Procuradora-Chefe da Procuradoria Federal junto ao Instituto Nacional do Seguro Social em Fortaleza. No âmbito da Procuradoria-Geral Federal, ocupa o cargo de Procuradora-Chefe da Procuradoria Federal junto à SUFRAMA e coordena a Câmara Permanente de Ciência, Tecnologia e Inovação (CP-CTI).<strong> </strong><em>(</em><a href="http://lattes.cnpq.br/4635212116674992"><em>http://lattes.cnpq.br/4635212116674992</em></a><em>)</em></p>



<p></p>
